{"id":7600,"date":"2019-04-05T08:51:24","date_gmt":"2019-04-05T07:51:24","guid":{"rendered":"https:\/\/www.maisquecuidar.com\/loja\/produto\/cadeira-de-rodas-kuschall-compact-attract\/"},"modified":"2026-02-25T10:58:20","modified_gmt":"2026-02-25T10:58:20","slug":"cadeira-de-rodas-kuschall-compact-attract","status":"publish","type":"product","link":"https:\/\/www.maisquecuidar.com\/loja\/mais-mobilidade\/cadeiras-de-rodas\/activas\/cadeira-de-rodas-kuschall-compact-attract","title":{"rendered":"Cadeira de rodas Kuschall Compact Attract Invacare"},"content":{"rendered":"<div class=\"innerShortcode\">\n<div class=\"innerContent\">\n<p><strong>Cadeira de rodas Kuschall Compact Attract<\/strong><\/p>\n<p>&nbsp;<\/p>\n<\/div>\n<p>Esta cadeira de rodas da Invacare vai de encontro das expectativas dos utilizadores que est\u00e3o \u00e0 procura de uma cadeira de rodas ativa fi\u00e1vel, com cruzeta de encartar, que oferece toda a ajustabilidade necess\u00e1ria para f\u00e1cil condu\u00e7\u00e3o e maneabilidade. Confort\u00e1vel, pr\u00e1tica e eficiente, a Kuschall Compact Attract \u00e9 fornecida com apoios de pernas rebat\u00edveis e remov\u00edveis, totalmente otimizada para transfer\u00eancias. As quatro cores mate fazem dela uma cadeira apelativa para todos.<\/p>\n<\/div>\n<h3>Caracter\u00edsticas em destaque:<\/h3>\n<ul>\n<li>Fi\u00e1vel: um design que nunca passa de moda e com a fiabilidade que marca Kuschall sempre privilegiou.<\/li>\n<li>Compacta: uma cadeira ideal para ser transportada, devido ao seu chassis compacto e encart\u00e1vel.<\/li>\n<li>\u00c2ngulo de Chassis 70\u00ba\/90\u00ba.<\/li>\n<li>Apoio de bra\u00e7os com almofada macia e protetores de roupa.<\/li>\n<li>Permite um acesso mais f\u00e1cil ao trav\u00e3o, sem aumentar a largura total da cadeira.<\/li>\n<\/ul>\n","protected":false},"excerpt":{"rendered":"<p>Cadeira de rodas manual ativa de liga leve com chassis de alum\u00ednio com sistema de encarte por cruzeta refor\u00e7ada.<\/p>\n","protected":false},"featured_media":17506,"template":"","meta":{"_acf_changed":false,"neve_meta_sidebar":"","neve_meta_container":"","neve_meta_enable_content_width":"off","neve_meta_content_width":100,"neve_meta_title_alignment":"","neve_meta_author_avatar":"","neve_post_elements_order":"","neve_meta_disable_header":"","neve_meta_disable_footer":"","neve_meta_disable_title":""},"product_brand":[],"product_cat":[418],"product_tag":[407,408,414,635,424],"class_list":{"0":"post-7600","1":"product","2":"type-product","3":"status-publish","4":"has-post-thumbnail","6":"product_cat-activas","7":"product_tag-cadeira-de-rodas","8":"product_tag-cadeira-de-rodas-manuais","9":"product_tag-cadeira-rodas-liga-leve","10":"product_tag-compact-attract","11":"product_tag-kuschall-compact","13":"first","14":"onbackorder","15":"taxable","16":"shipping-taxable","17":"purchasable","18":"product-type-simple"},"acf":[],"yoast_head":"<!-- This site is optimized with the Yoast SEO plugin v27.5 - https:\/\/yoast.com\/product\/yoast-seo-wordpress\/ -->\n<title>Cadeira de rodas Kuschall Compact Attract Invacare<\/title>\n<meta name=\"description\" content=\"Descubra a cadeira de rodas ativa Kuschall Compact Attract da Invacare com peso de transporte de 8,7 kg e homologada para utilizadores at\u00e9 130 kgs.\" \/>\n<meta name=\"robots\" content=\"index, follow, max-snippet:-1, max-image-preview:large, max-video-preview:-1\" \/>\n<link rel=\"canonical\" href=\"https:\/\/www.maisquecuidar.com\/loja\/mais-mobilidade\/cadeiras-de-rodas\/activas\/cadeira-de-rodas-kuschall-compact-attract\" \/>\n<meta property=\"og:locale\" content=\"pt_PT\" \/>\n<meta property=\"og:type\" content=\"article\" \/>\n<meta property=\"og:title\" content=\"Cadeira de rodas Kuschall Compact Attract Invacare\" \/>\n<meta property=\"og:description\" content=\"Descubra a cadeira de rodas ativa Kuschall Compact Attract da Invacare com peso de transporte de 8,7 kg e homologada para utilizadores at\u00e9 130 kgs.\" \/>\n<meta property=\"og:url\" content=\"https:\/\/www.maisquecuidar.com\/loja\/mais-mobilidade\/cadeiras-de-rodas\/activas\/cadeira-de-rodas-kuschall-compact-attract\" \/>\n<meta property=\"og:site_name\" content=\"Mais que Cuidar\" \/>\n<meta property=\"article:publisher\" content=\"https:\/\/www.facebook.com\/maisquecuidar.pt\" \/>\n<meta property=\"article:modified_time\" content=\"2026-02-25T10:58:20+00:00\" \/>\n<meta property=\"og:image\" content=\"https:\/\/img.maisquecuidar.com\/loja\/wp-content\/uploads\/2019\/04\/invacare-compact-atract-kuschall.png\" \/>\n\t<meta property=\"og:image:width\" content=\"1280\" \/>\n\t<meta property=\"og:image:height\" content=\"800\" \/>\n\t<meta property=\"og:image:type\" content=\"image\/png\" \/>\n<meta name=\"twitter:label1\" content=\"Tempo estimado de leitura\" \/>\n\t<meta name=\"twitter:data1\" content=\"1 minuto\" \/>\n<script type=\"application\/ld+json\" class=\"yoast-schema-graph\">{\"@context\":\"https:\\\/\\\/schema.org\",\"@graph\":[{\"@type\":\"WebPage\",\"@id\":\"https:\\\/\\\/www.maisquecuidar.com\\\/loja\\\/mais-mobilidade\\\/cadeiras-de-rodas\\\/activas\\\/cadeira-de-rodas-kuschall-compact-attract\",\"url\":\"https:\\\/\\\/www.maisquecuidar.com\\\/loja\\\/mais-mobilidade\\\/cadeiras-de-rodas\\\/activas\\\/cadeira-de-rodas-kuschall-compact-attract\",\"name\":\"Cadeira de rodas Kuschall Compact Attract Invacare\",\"isPartOf\":{\"@id\":\"https:\\\/\\\/www.maisquecuidar.com\\\/loja\\\/#website\"},\"primaryImageOfPage\":{\"@id\":\"https:\\\/\\\/www.maisquecuidar.com\\\/loja\\\/mais-mobilidade\\\/cadeiras-de-rodas\\\/activas\\\/cadeira-de-rodas-kuschall-compact-attract#primaryimage\"},\"image\":{\"@id\":\"https:\\\/\\\/www.maisquecuidar.com\\\/loja\\\/mais-mobilidade\\\/cadeiras-de-rodas\\\/activas\\\/cadeira-de-rodas-kuschall-compact-attract#primaryimage\"},\"thumbnailUrl\":\"https:\\\/\\\/img.maisquecuidar.com\\\/loja\\\/wp-content\\\/uploads\\\/2019\\\/04\\\/invacare-compact-atract-kuschall.png\",\"datePublished\":\"2019-04-05T07:51:24+00:00\",\"dateModified\":\"2026-02-25T10:58:20+00:00\",\"description\":\"Descubra a cadeira de rodas ativa Kuschall Compact Attract da Invacare com peso de transporte de 8,7 kg e homologada para utilizadores at\u00e9 130 kgs.\",\"breadcrumb\":{\"@id\":\"https:\\\/\\\/www.maisquecuidar.com\\\/loja\\\/mais-mobilidade\\\/cadeiras-de-rodas\\\/activas\\\/cadeira-de-rodas-kuschall-compact-attract#breadcrumb\"},\"inLanguage\":\"pt-PT\",\"potentialAction\":[{\"@type\":\"ReadAction\",\"target\":[\"https:\\\/\\\/www.maisquecuidar.com\\\/loja\\\/mais-mobilidade\\\/cadeiras-de-rodas\\\/activas\\\/cadeira-de-rodas-kuschall-compact-attract\"]}]},{\"@type\":\"ImageObject\",\"inLanguage\":\"pt-PT\",\"@id\":\"https:\\\/\\\/www.maisquecuidar.com\\\/loja\\\/mais-mobilidade\\\/cadeiras-de-rodas\\\/activas\\\/cadeira-de-rodas-kuschall-compact-attract#primaryimage\",\"url\":\"https:\\\/\\\/img.maisquecuidar.com\\\/loja\\\/wp-content\\\/uploads\\\/2019\\\/04\\\/invacare-compact-atract-kuschall.png\",\"contentUrl\":\"https:\\\/\\\/img.maisquecuidar.com\\\/loja\\\/wp-content\\\/uploads\\\/2019\\\/04\\\/invacare-compact-atract-kuschall.png\",\"width\":1280,\"height\":800,\"caption\":\"Cadeira de rodas de liga leve Kuschall Compact Attract\"},{\"@type\":\"BreadcrumbList\",\"@id\":\"https:\\\/\\\/www.maisquecuidar.com\\\/loja\\\/mais-mobilidade\\\/cadeiras-de-rodas\\\/activas\\\/cadeira-de-rodas-kuschall-compact-attract#breadcrumb\",\"itemListElement\":[{\"@type\":\"ListItem\",\"position\":1,\"name\":\"Home\",\"item\":\"https:\\\/\\\/www.maisquecuidar.com\\\/loja\\\/\"},{\"@type\":\"ListItem\",\"position\":2,\"name\":\"Loja Online de Ortopedia e Geriatria em Portugal\",\"item\":\"https:\\\/\\\/www.maisquecuidar.com\\\/loja\\\/loja\"},{\"@type\":\"ListItem\",\"position\":3,\"name\":\"Mais Mobilidade\",\"item\":\"https:\\\/\\\/www.maisquecuidar.com\\\/loja\\\/mais-mobilidade\"},{\"@type\":\"ListItem\",\"position\":4,\"name\":\"Cadeiras de Rodas\",\"item\":\"https:\\\/\\\/www.maisquecuidar.com\\\/loja\\\/mais-mobilidade\\\/cadeiras-de-rodas\"},{\"@type\":\"ListItem\",\"position\":5,\"name\":\"Cadeiras de Rodas Activas Ultra Leves\",\"item\":\"https:\\\/\\\/www.maisquecuidar.com\\\/loja\\\/mais-mobilidade\\\/cadeiras-de-rodas\\\/activas\"},{\"@type\":\"ListItem\",\"position\":6,\"name\":\"Cadeira de rodas Kuschall Compact Attract Invacare\"}]},{\"@type\":\"WebSite\",\"@id\":\"https:\\\/\\\/www.maisquecuidar.com\\\/loja\\\/#website\",\"url\":\"https:\\\/\\\/www.maisquecuidar.com\\\/loja\\\/\",\"name\":\"Mais que Cuidar\",\"description\":\"Sa\u00fade, Ortopedia e Geriatria\",\"publisher\":{\"@id\":\"https:\\\/\\\/www.maisquecuidar.com\\\/loja\\\/#organization\"},\"potentialAction\":[{\"@type\":\"SearchAction\",\"target\":{\"@type\":\"EntryPoint\",\"urlTemplate\":\"https:\\\/\\\/www.maisquecuidar.com\\\/loja\\\/?s={search_term_string}\"},\"query-input\":{\"@type\":\"PropertyValueSpecification\",\"valueRequired\":true,\"valueName\":\"search_term_string\"}}],\"inLanguage\":\"pt-PT\"},{\"@type\":\"Organization\",\"@id\":\"https:\\\/\\\/www.maisquecuidar.com\\\/loja\\\/#organization\",\"name\":\"Mais Que Cuidar\",\"url\":\"https:\\\/\\\/www.maisquecuidar.com\\\/loja\\\/\",\"logo\":{\"@type\":\"ImageObject\",\"inLanguage\":\"pt-PT\",\"@id\":\"https:\\\/\\\/www.maisquecuidar.com\\\/loja\\\/#\\\/schema\\\/logo\\\/image\\\/\",\"url\":\"https:\\\/\\\/img.maisquecuidar.com\\\/loja\\\/wp-content\\\/uploads\\\/2019\\\/08\\\/logo-mais-que-cuidar-retina.png\",\"contentUrl\":\"https:\\\/\\\/img.maisquecuidar.com\\\/loja\\\/wp-content\\\/uploads\\\/2019\\\/08\\\/logo-mais-que-cuidar-retina.png\",\"width\":565,\"height\":75,\"caption\":\"Mais Que Cuidar\"},\"image\":{\"@id\":\"https:\\\/\\\/www.maisquecuidar.com\\\/loja\\\/#\\\/schema\\\/logo\\\/image\\\/\"},\"sameAs\":[\"https:\\\/\\\/www.facebook.com\\\/maisquecuidar.pt\",\"https:\\\/\\\/www.instagram.com\\\/maisquecuidar\"]}]}<\/script>\n<!-- \/ Yoast SEO plugin. -->","yoast_head_json":{"title":"Cadeira de rodas Kuschall Compact Attract Invacare","description":"Descubra a cadeira de rodas ativa Kuschall Compact Attract da Invacare com peso de transporte de 8,7 kg e homologada para utilizadores at\u00e9 130 kgs.","robots":{"index":"index","follow":"follow","max-snippet":"max-snippet:-1","max-image-preview":"max-image-preview:large","max-video-preview":"max-video-preview:-1"},"canonical":"https:\/\/www.maisquecuidar.com\/loja\/mais-mobilidade\/cadeiras-de-rodas\/activas\/cadeira-de-rodas-kuschall-compact-attract","og_locale":"pt_PT","og_type":"article","og_title":"Cadeira de rodas Kuschall Compact Attract Invacare","og_description":"Descubra a cadeira de rodas ativa Kuschall Compact Attract da Invacare com peso de transporte de 8,7 kg e homologada para utilizadores at\u00e9 130 kgs.","og_url":"https:\/\/www.maisquecuidar.com\/loja\/mais-mobilidade\/cadeiras-de-rodas\/activas\/cadeira-de-rodas-kuschall-compact-attract","og_site_name":"Mais que Cuidar","article_publisher":"https:\/\/www.facebook.com\/maisquecuidar.pt","article_modified_time":"2026-02-25T10:58:20+00:00","og_image":[{"width":1280,"height":800,"url":"https:\/\/img.maisquecuidar.com\/loja\/wp-content\/uploads\/2019\/04\/invacare-compact-atract-kuschall.png","type":"image\/png"}],"twitter_misc":{"Tempo estimado de leitura":"1 minuto"},"schema":{"@context":"https:\/\/schema.org","@graph":[{"@type":"WebPage","@id":"https:\/\/www.maisquecuidar.com\/loja\/mais-mobilidade\/cadeiras-de-rodas\/activas\/cadeira-de-rodas-kuschall-compact-attract","url":"https:\/\/www.maisquecuidar.com\/loja\/mais-mobilidade\/cadeiras-de-rodas\/activas\/cadeira-de-rodas-kuschall-compact-attract","name":"Cadeira de rodas Kuschall Compact Attract Invacare","isPartOf":{"@id":"https:\/\/www.maisquecuidar.com\/loja\/#website"},"primaryImageOfPage":{"@id":"https:\/\/www.maisquecuidar.com\/loja\/mais-mobilidade\/cadeiras-de-rodas\/activas\/cadeira-de-rodas-kuschall-compact-attract#primaryimage"},"image":{"@id":"https:\/\/www.maisquecuidar.com\/loja\/mais-mobilidade\/cadeiras-de-rodas\/activas\/cadeira-de-rodas-kuschall-compact-attract#primaryimage"},"thumbnailUrl":"https:\/\/img.maisquecuidar.com\/loja\/wp-content\/uploads\/2019\/04\/invacare-compact-atract-kuschall.png","datePublished":"2019-04-05T07:51:24+00:00","dateModified":"2026-02-25T10:58:20+00:00","description":"Descubra a cadeira de rodas ativa Kuschall Compact Attract da Invacare com peso de transporte de 8,7 kg e homologada para utilizadores at\u00e9 130 kgs.","breadcrumb":{"@id":"https:\/\/www.maisquecuidar.com\/loja\/mais-mobilidade\/cadeiras-de-rodas\/activas\/cadeira-de-rodas-kuschall-compact-attract#breadcrumb"},"inLanguage":"pt-PT","potentialAction":[{"@type":"ReadAction","target":["https:\/\/www.maisquecuidar.com\/loja\/mais-mobilidade\/cadeiras-de-rodas\/activas\/cadeira-de-rodas-kuschall-compact-attract"]}]},{"@type":"ImageObject","inLanguage":"pt-PT","@id":"https:\/\/www.maisquecuidar.com\/loja\/mais-mobilidade\/cadeiras-de-rodas\/activas\/cadeira-de-rodas-kuschall-compact-attract#primaryimage","url":"https:\/\/img.maisquecuidar.com\/loja\/wp-content\/uploads\/2019\/04\/invacare-compact-atract-kuschall.png","contentUrl":"https:\/\/img.maisquecuidar.com\/loja\/wp-content\/uploads\/2019\/04\/invacare-compact-atract-kuschall.png","width":1280,"height":800,"caption":"Cadeira de rodas de liga leve Kuschall Compact Attract"},{"@type":"BreadcrumbList","@id":"https:\/\/www.maisquecuidar.com\/loja\/mais-mobilidade\/cadeiras-de-rodas\/activas\/cadeira-de-rodas-kuschall-compact-attract#breadcrumb","itemListElement":[{"@type":"ListItem","position":1,"name":"Home","item":"https:\/\/www.maisquecuidar.com\/loja\/"},{"@type":"ListItem","position":2,"name":"Loja Online de Ortopedia e Geriatria em Portugal","item":"https:\/\/www.maisquecuidar.com\/loja\/loja"},{"@type":"ListItem","position":3,"name":"Mais Mobilidade","item":"https:\/\/www.maisquecuidar.com\/loja\/mais-mobilidade"},{"@type":"ListItem","position":4,"name":"Cadeiras de Rodas","item":"https:\/\/www.maisquecuidar.com\/loja\/mais-mobilidade\/cadeiras-de-rodas"},{"@type":"ListItem","position":5,"name":"Cadeiras de Rodas Activas Ultra Leves","item":"https:\/\/www.maisquecuidar.com\/loja\/mais-mobilidade\/cadeiras-de-rodas\/activas"},{"@type":"ListItem","position":6,"name":"Cadeira de rodas Kuschall Compact Attract Invacare"}]},{"@type":"WebSite","@id":"https:\/\/www.maisquecuidar.com\/loja\/#website","url":"https:\/\/www.maisquecuidar.com\/loja\/","name":"Mais que Cuidar","description":"Sa\u00fade, Ortopedia e Geriatria","publisher":{"@id":"https:\/\/www.maisquecuidar.com\/loja\/#organization"},"potentialAction":[{"@type":"SearchAction","target":{"@type":"EntryPoint","urlTemplate":"https:\/\/www.maisquecuidar.com\/loja\/?s={search_term_string}"},"query-input":{"@type":"PropertyValueSpecification","valueRequired":true,"valueName":"search_term_string"}}],"inLanguage":"pt-PT"},{"@type":"Organization","@id":"https:\/\/www.maisquecuidar.com\/loja\/#organization","name":"Mais Que Cuidar","url":"https:\/\/www.maisquecuidar.com\/loja\/","logo":{"@type":"ImageObject","inLanguage":"pt-PT","@id":"https:\/\/www.maisquecuidar.com\/loja\/#\/schema\/logo\/image\/","url":"https:\/\/img.maisquecuidar.com\/loja\/wp-content\/uploads\/2019\/08\/logo-mais-que-cuidar-retina.png","contentUrl":"https:\/\/img.maisquecuidar.com\/loja\/wp-content\/uploads\/2019\/08\/logo-mais-que-cuidar-retina.png","width":565,"height":75,"caption":"Mais Que Cuidar"},"image":{"@id":"https:\/\/www.maisquecuidar.com\/loja\/#\/schema\/logo\/image\/"},"sameAs":["https:\/\/www.facebook.com\/maisquecuidar.pt","https:\/\/www.instagram.com\/maisquecuidar"]}]}},"_links":{"self":[{"href":"https:\/\/www.maisquecuidar.com\/loja\/wp-json\/wp\/v2\/product\/7600","targetHints":{"allow":["GET"]}}],"collection":[{"href":"https:\/\/www.maisquecuidar.com\/loja\/wp-json\/wp\/v2\/product"}],"about":[{"href":"https:\/\/www.maisquecuidar.com\/loja\/wp-json\/wp\/v2\/types\/product"}],"wp:featuredmedia":[{"embeddable":true,"href":"https:\/\/www.maisquecuidar.com\/loja\/wp-json\/wp\/v2\/media\/17506"}],"wp:attachment":[{"href":"https:\/\/www.maisquecuidar.com\/loja\/wp-json\/wp\/v2\/media?parent=7600"}],"wp:term":[{"taxonomy":"product_brand","embeddable":true,"href":"https:\/\/www.maisquecuidar.com\/loja\/wp-json\/wp\/v2\/product_brand?post=7600"},{"taxonomy":"product_cat","embeddable":true,"href":"https:\/\/www.maisquecuidar.com\/loja\/wp-json\/wp\/v2\/product_cat?post=7600"},{"taxonomy":"product_tag","embeddable":true,"href":"https:\/\/www.maisquecuidar.com\/loja\/wp-json\/wp\/v2\/product_tag?post=7600"}],"curies":[{"name":"wp","href":"https:\/\/api.w.org\/{rel}","templated":true}]}}