{"id":6970,"date":"2018-09-06T14:50:43","date_gmt":"2018-09-06T13:50:43","guid":{"rendered":"https:\/\/www.maisquecuidar.com\/loja\/produto\/jewett-tridimensional\/"},"modified":"2025-10-01T18:33:14","modified_gmt":"2025-10-01T17:33:14","slug":"colete-jewett-tridimensional","status":"publish","type":"product","link":"https:\/\/www.maisquecuidar.com\/loja\/produtos-ortopedicos-ortoteses\/coletes-jewett-ortopedicos\/colete-jewett-tridimensional","title":{"rendered":"Colete Jewett Tridimensional Orliman"},"content":{"rendered":"<p><strong>Colete Jewett Tridimensional Orliman<\/strong><\/p>\n<p>Composto por 3 pontos de apoio \u2013 suprap\u00fabico, dorsolombar e esternal.<\/p>\n<p>Com sistema de articula\u00e7\u00e3o e ajuste em altura e largura.<\/p>\n<p>Estrutura em liga leve de alum\u00ednio com um formato bastante est\u00e9tico e atual, com um sistema inovador de apoio peitoral tridimensional que consiste no movimento de 3 eixos basculantes, permitindo uma perfeita adapta\u00e7\u00e3o na zona do peito, conseguindo uma amplitude total el\u00e1stica, tornando muito mais c\u00f3modo a sua adapta\u00e7\u00e3o ao corpo do paciente, minimizando impactos dolorosos que podem influenciar a utiliza\u00e7\u00e3o da ort\u00f3tese no tratamento prescrito.<\/p>\n<p>O apoio p\u00e9lvico basculante permite uma posi\u00e7\u00e3o mais c\u00f3moda e pode ser fixa num angulo especifico.<\/p>\n<p>O sistema de fecho seguro e r\u00e1pido, composto por uma mola que evita que se abra involuntariamente.<\/p>\n<p>Todas as zonas superiores, est\u00e3o forradas com uma prote\u00e7\u00e3o acolchoada permitindo um conforto bastante elevado ao paciente.<\/p>\n<p><strong>Indica\u00e7\u00f5es:<\/strong><\/p>\n<p>\u22c5 Fraturas est\u00e1veis na zona vertebral da coluna dorsal e lombar.<\/p>\n<p>\u22c5 Dores vertebrais causadas por met\u00e1stases secund\u00e1rias.<\/p>\n<p>\u22c5 Espondiloartroses associadas a uma esclerose artr\u00edtica.<\/p>\n<p>\u22c5 Lumbalgias e dorsalgias cr\u00f3nicas.<\/p>\n<p>\u22c5 Imobiliza\u00e7\u00e3o dos discos intervertebrais ap\u00f3s uma cirurgia.<\/p>\n<p>\u22c5 Tratamento ort\u00f3tico ap\u00f3s uma cirurgia da fratura da coluna.<\/p>\n<p><strong>Efeitos:<\/strong><\/p>\n<p>\u22c5 Apoio lateral, esternal, suprap\u00fabico e dorsolombar posterior.<\/p>\n<p>\u22c5 Hiperextens\u00e3o da coluna vertebral atrav\u00e9s do sistema de 3 pontos de apoio.<\/p>\n<p>\u22c5 Descarga mec\u00e2nica na zona baixa tor\u00e1cica e lombar alta.<\/p>\n<p>\u22c5 Estabiliza\u00e7\u00e3o e limita\u00e7\u00e3o de movimentos na zona da coluna vertebral.<\/p>\n<p>\u22c5 Permite aliviar a dor.<\/p>\n<p>&nbsp;<\/p>\n","protected":false},"excerpt":{"rendered":"<p>Colete Jewett Tridimensional Orliman Composto por 3 pontos de apoio \u2013 suprap\u00fabico, dorsolombar e esternal. Com sistema de articula\u00e7\u00e3o e ajuste em altura e largura. Estrutura em liga leve de alum\u00ednio com um formato bastante est\u00e9tico e atual, com um sistema inovador de apoio peitoral tridimensional que consiste no movimento de 3 eixos basculantes, permitindo&hellip;&nbsp;<a href=\"https:\/\/www.maisquecuidar.com\/loja\/produtos-ortopedicos-ortoteses\/coletes-jewett-ortopedicos\/colete-jewett-tridimensional\" rel=\"bookmark\">Ler mais &raquo;<span class=\"screen-reader-text\">Colete Jewett Tridimensional Orliman<\/span><\/a><\/p>\n","protected":false},"featured_media":15046,"template":"","meta":{"_acf_changed":false,"neve_meta_sidebar":"","neve_meta_container":"","neve_meta_enable_content_width":"","neve_meta_content_width":0,"neve_meta_title_alignment":"","neve_meta_author_avatar":"","neve_post_elements_order":"","neve_meta_disable_header":"","neve_meta_disable_footer":"","neve_meta_disable_title":""},"product_brand":[],"product_cat":[554],"product_tag":[556,555],"class_list":{"0":"post-6970","1":"product","2":"type-product","3":"status-publish","4":"has-post-thumbnail","6":"product_cat-coletes-jewett-ortopedicos","7":"product_tag-colete-jewett","8":"product_tag-jewett","10":"first","11":"instock","12":"taxable","13":"shipping-taxable","14":"purchasable","15":"product-type-variable"},"acf":[],"yoast_head":"<!-- This site is optimized with the Yoast SEO plugin v27.4 - https:\/\/yoast.com\/product\/yoast-seo-wordpress\/ -->\n<title>Colete Jewett Tridimensional Orliman - Mais que Cuidar<\/title>\n<meta name=\"description\" content=\"Conhe\u00e7a as indica\u00e7\u00f5es e os efeitos do colete Jewett Tridimensional da Orliman. Agende uma visita da uma loja Mais que Cuidar.\" \/>\n<meta name=\"robots\" content=\"index, follow, max-snippet:-1, max-image-preview:large, max-video-preview:-1\" \/>\n<link rel=\"canonical\" href=\"https:\/\/www.maisquecuidar.com\/loja\/produtos-ortopedicos-ortoteses\/coletes-jewett-ortopedicos\/colete-jewett-tridimensional\" \/>\n<meta property=\"og:locale\" content=\"pt_PT\" \/>\n<meta property=\"og:type\" content=\"article\" \/>\n<meta property=\"og:title\" content=\"Colete Jewett Tridimensional Orliman - Mais que Cuidar\" \/>\n<meta property=\"og:description\" content=\"Conhe\u00e7a as indica\u00e7\u00f5es e os efeitos do colete Jewett Tridimensional da Orliman. Agende uma visita da uma loja Mais que Cuidar.\" \/>\n<meta property=\"og:url\" content=\"https:\/\/www.maisquecuidar.com\/loja\/produtos-ortopedicos-ortoteses\/coletes-jewett-ortopedicos\/colete-jewett-tridimensional\" \/>\n<meta property=\"og:site_name\" content=\"Mais que Cuidar\" \/>\n<meta property=\"article:publisher\" content=\"https:\/\/www.facebook.com\/maisquecuidar.pt\" \/>\n<meta property=\"article:modified_time\" content=\"2025-10-01T17:33:14+00:00\" \/>\n<meta property=\"og:image\" content=\"https:\/\/img.maisquecuidar.com\/loja\/wp-content\/uploads\/2018\/09\/colete-jewett-orliman.png\" \/>\n\t<meta property=\"og:image:width\" content=\"1280\" \/>\n\t<meta property=\"og:image:height\" content=\"800\" \/>\n\t<meta property=\"og:image:type\" content=\"image\/png\" \/>\n<meta name=\"twitter:label1\" content=\"Tempo estimado de leitura\" \/>\n\t<meta name=\"twitter:data1\" content=\"2 minutos\" \/>\n<script type=\"application\/ld+json\" class=\"yoast-schema-graph\">{\"@context\":\"https:\\\/\\\/schema.org\",\"@graph\":[{\"@type\":\"WebPage\",\"@id\":\"https:\\\/\\\/www.maisquecuidar.com\\\/loja\\\/produtos-ortopedicos-ortoteses\\\/coletes-jewett-ortopedicos\\\/colete-jewett-tridimensional\",\"url\":\"https:\\\/\\\/www.maisquecuidar.com\\\/loja\\\/produtos-ortopedicos-ortoteses\\\/coletes-jewett-ortopedicos\\\/colete-jewett-tridimensional\",\"name\":\"Colete Jewett Tridimensional Orliman - Mais que Cuidar\",\"isPartOf\":{\"@id\":\"https:\\\/\\\/www.maisquecuidar.com\\\/loja\\\/#website\"},\"primaryImageOfPage\":{\"@id\":\"https:\\\/\\\/www.maisquecuidar.com\\\/loja\\\/produtos-ortopedicos-ortoteses\\\/coletes-jewett-ortopedicos\\\/colete-jewett-tridimensional#primaryimage\"},\"image\":{\"@id\":\"https:\\\/\\\/www.maisquecuidar.com\\\/loja\\\/produtos-ortopedicos-ortoteses\\\/coletes-jewett-ortopedicos\\\/colete-jewett-tridimensional#primaryimage\"},\"thumbnailUrl\":\"https:\\\/\\\/img.maisquecuidar.com\\\/loja\\\/wp-content\\\/uploads\\\/2018\\\/09\\\/colete-jewett-orliman.png\",\"datePublished\":\"2018-09-06T13:50:43+00:00\",\"dateModified\":\"2025-10-01T17:33:14+00:00\",\"description\":\"Conhe\u00e7a as indica\u00e7\u00f5es e os efeitos do colete Jewett Tridimensional da Orliman. Agende uma visita da uma loja Mais que Cuidar.\",\"breadcrumb\":{\"@id\":\"https:\\\/\\\/www.maisquecuidar.com\\\/loja\\\/produtos-ortopedicos-ortoteses\\\/coletes-jewett-ortopedicos\\\/colete-jewett-tridimensional#breadcrumb\"},\"inLanguage\":\"pt-PT\",\"potentialAction\":[{\"@type\":\"ReadAction\",\"target\":[\"https:\\\/\\\/www.maisquecuidar.com\\\/loja\\\/produtos-ortopedicos-ortoteses\\\/coletes-jewett-ortopedicos\\\/colete-jewett-tridimensional\"]}]},{\"@type\":\"ImageObject\",\"inLanguage\":\"pt-PT\",\"@id\":\"https:\\\/\\\/www.maisquecuidar.com\\\/loja\\\/produtos-ortopedicos-ortoteses\\\/coletes-jewett-ortopedicos\\\/colete-jewett-tridimensional#primaryimage\",\"url\":\"https:\\\/\\\/img.maisquecuidar.com\\\/loja\\\/wp-content\\\/uploads\\\/2018\\\/09\\\/colete-jewett-orliman.png\",\"contentUrl\":\"https:\\\/\\\/img.maisquecuidar.com\\\/loja\\\/wp-content\\\/uploads\\\/2018\\\/09\\\/colete-jewett-orliman.png\",\"width\":1280,\"height\":800,\"caption\":\"Colete jewett tridimensional da Orliman\"},{\"@type\":\"BreadcrumbList\",\"@id\":\"https:\\\/\\\/www.maisquecuidar.com\\\/loja\\\/produtos-ortopedicos-ortoteses\\\/coletes-jewett-ortopedicos\\\/colete-jewett-tridimensional#breadcrumb\",\"itemListElement\":[{\"@type\":\"ListItem\",\"position\":1,\"name\":\"Home\",\"item\":\"https:\\\/\\\/www.maisquecuidar.com\\\/loja\\\/\"},{\"@type\":\"ListItem\",\"position\":2,\"name\":\"Loja Online de Ortopedia e Geriatria em Portugal\",\"item\":\"https:\\\/\\\/www.maisquecuidar.com\\\/loja\\\/loja\"},{\"@type\":\"ListItem\",\"position\":3,\"name\":\"Produtos Ortop\u00e9dicos - Ort\u00f3teses\",\"item\":\"https:\\\/\\\/www.maisquecuidar.com\\\/loja\\\/produtos-ortopedicos-ortoteses\"},{\"@type\":\"ListItem\",\"position\":4,\"name\":\"Coletes Jewett Ortop\u00e9dicos\",\"item\":\"https:\\\/\\\/www.maisquecuidar.com\\\/loja\\\/produtos-ortopedicos-ortoteses\\\/coletes-jewett-ortopedicos\"},{\"@type\":\"ListItem\",\"position\":5,\"name\":\"Colete Jewett Tridimensional Orliman\"}]},{\"@type\":\"WebSite\",\"@id\":\"https:\\\/\\\/www.maisquecuidar.com\\\/loja\\\/#website\",\"url\":\"https:\\\/\\\/www.maisquecuidar.com\\\/loja\\\/\",\"name\":\"Mais que Cuidar\",\"description\":\"Sa\u00fade, Ortopedia e Geriatria\",\"publisher\":{\"@id\":\"https:\\\/\\\/www.maisquecuidar.com\\\/loja\\\/#organization\"},\"potentialAction\":[{\"@type\":\"SearchAction\",\"target\":{\"@type\":\"EntryPoint\",\"urlTemplate\":\"https:\\\/\\\/www.maisquecuidar.com\\\/loja\\\/?s={search_term_string}\"},\"query-input\":{\"@type\":\"PropertyValueSpecification\",\"valueRequired\":true,\"valueName\":\"search_term_string\"}}],\"inLanguage\":\"pt-PT\"},{\"@type\":\"Organization\",\"@id\":\"https:\\\/\\\/www.maisquecuidar.com\\\/loja\\\/#organization\",\"name\":\"Mais Que Cuidar\",\"url\":\"https:\\\/\\\/www.maisquecuidar.com\\\/loja\\\/\",\"logo\":{\"@type\":\"ImageObject\",\"inLanguage\":\"pt-PT\",\"@id\":\"https:\\\/\\\/www.maisquecuidar.com\\\/loja\\\/#\\\/schema\\\/logo\\\/image\\\/\",\"url\":\"https:\\\/\\\/img.maisquecuidar.com\\\/loja\\\/wp-content\\\/uploads\\\/2019\\\/08\\\/logo-mais-que-cuidar-retina.png\",\"contentUrl\":\"https:\\\/\\\/img.maisquecuidar.com\\\/loja\\\/wp-content\\\/uploads\\\/2019\\\/08\\\/logo-mais-que-cuidar-retina.png\",\"width\":565,\"height\":75,\"caption\":\"Mais Que Cuidar\"},\"image\":{\"@id\":\"https:\\\/\\\/www.maisquecuidar.com\\\/loja\\\/#\\\/schema\\\/logo\\\/image\\\/\"},\"sameAs\":[\"https:\\\/\\\/www.facebook.com\\\/maisquecuidar.pt\",\"https:\\\/\\\/www.instagram.com\\\/maisquecuidar\"]}]}<\/script>\n<!-- \/ Yoast SEO plugin. -->","yoast_head_json":{"title":"Colete Jewett Tridimensional Orliman - Mais que Cuidar","description":"Conhe\u00e7a as indica\u00e7\u00f5es e os efeitos do colete Jewett Tridimensional da Orliman. Agende uma visita da uma loja Mais que Cuidar.","robots":{"index":"index","follow":"follow","max-snippet":"max-snippet:-1","max-image-preview":"max-image-preview:large","max-video-preview":"max-video-preview:-1"},"canonical":"https:\/\/www.maisquecuidar.com\/loja\/produtos-ortopedicos-ortoteses\/coletes-jewett-ortopedicos\/colete-jewett-tridimensional","og_locale":"pt_PT","og_type":"article","og_title":"Colete Jewett Tridimensional Orliman - Mais que Cuidar","og_description":"Conhe\u00e7a as indica\u00e7\u00f5es e os efeitos do colete Jewett Tridimensional da Orliman. Agende uma visita da uma loja Mais que Cuidar.","og_url":"https:\/\/www.maisquecuidar.com\/loja\/produtos-ortopedicos-ortoteses\/coletes-jewett-ortopedicos\/colete-jewett-tridimensional","og_site_name":"Mais que Cuidar","article_publisher":"https:\/\/www.facebook.com\/maisquecuidar.pt","article_modified_time":"2025-10-01T17:33:14+00:00","og_image":[{"width":1280,"height":800,"url":"https:\/\/img.maisquecuidar.com\/loja\/wp-content\/uploads\/2018\/09\/colete-jewett-orliman.png","type":"image\/png"}],"twitter_misc":{"Tempo estimado de leitura":"2 minutos"},"schema":{"@context":"https:\/\/schema.org","@graph":[{"@type":"WebPage","@id":"https:\/\/www.maisquecuidar.com\/loja\/produtos-ortopedicos-ortoteses\/coletes-jewett-ortopedicos\/colete-jewett-tridimensional","url":"https:\/\/www.maisquecuidar.com\/loja\/produtos-ortopedicos-ortoteses\/coletes-jewett-ortopedicos\/colete-jewett-tridimensional","name":"Colete Jewett Tridimensional Orliman - Mais que Cuidar","isPartOf":{"@id":"https:\/\/www.maisquecuidar.com\/loja\/#website"},"primaryImageOfPage":{"@id":"https:\/\/www.maisquecuidar.com\/loja\/produtos-ortopedicos-ortoteses\/coletes-jewett-ortopedicos\/colete-jewett-tridimensional#primaryimage"},"image":{"@id":"https:\/\/www.maisquecuidar.com\/loja\/produtos-ortopedicos-ortoteses\/coletes-jewett-ortopedicos\/colete-jewett-tridimensional#primaryimage"},"thumbnailUrl":"https:\/\/img.maisquecuidar.com\/loja\/wp-content\/uploads\/2018\/09\/colete-jewett-orliman.png","datePublished":"2018-09-06T13:50:43+00:00","dateModified":"2025-10-01T17:33:14+00:00","description":"Conhe\u00e7a as indica\u00e7\u00f5es e os efeitos do colete Jewett Tridimensional da Orliman. Agende uma visita da uma loja Mais que Cuidar.","breadcrumb":{"@id":"https:\/\/www.maisquecuidar.com\/loja\/produtos-ortopedicos-ortoteses\/coletes-jewett-ortopedicos\/colete-jewett-tridimensional#breadcrumb"},"inLanguage":"pt-PT","potentialAction":[{"@type":"ReadAction","target":["https:\/\/www.maisquecuidar.com\/loja\/produtos-ortopedicos-ortoteses\/coletes-jewett-ortopedicos\/colete-jewett-tridimensional"]}]},{"@type":"ImageObject","inLanguage":"pt-PT","@id":"https:\/\/www.maisquecuidar.com\/loja\/produtos-ortopedicos-ortoteses\/coletes-jewett-ortopedicos\/colete-jewett-tridimensional#primaryimage","url":"https:\/\/img.maisquecuidar.com\/loja\/wp-content\/uploads\/2018\/09\/colete-jewett-orliman.png","contentUrl":"https:\/\/img.maisquecuidar.com\/loja\/wp-content\/uploads\/2018\/09\/colete-jewett-orliman.png","width":1280,"height":800,"caption":"Colete jewett tridimensional da Orliman"},{"@type":"BreadcrumbList","@id":"https:\/\/www.maisquecuidar.com\/loja\/produtos-ortopedicos-ortoteses\/coletes-jewett-ortopedicos\/colete-jewett-tridimensional#breadcrumb","itemListElement":[{"@type":"ListItem","position":1,"name":"Home","item":"https:\/\/www.maisquecuidar.com\/loja\/"},{"@type":"ListItem","position":2,"name":"Loja Online de Ortopedia e Geriatria em Portugal","item":"https:\/\/www.maisquecuidar.com\/loja\/loja"},{"@type":"ListItem","position":3,"name":"Produtos Ortop\u00e9dicos - Ort\u00f3teses","item":"https:\/\/www.maisquecuidar.com\/loja\/produtos-ortopedicos-ortoteses"},{"@type":"ListItem","position":4,"name":"Coletes Jewett Ortop\u00e9dicos","item":"https:\/\/www.maisquecuidar.com\/loja\/produtos-ortopedicos-ortoteses\/coletes-jewett-ortopedicos"},{"@type":"ListItem","position":5,"name":"Colete Jewett Tridimensional Orliman"}]},{"@type":"WebSite","@id":"https:\/\/www.maisquecuidar.com\/loja\/#website","url":"https:\/\/www.maisquecuidar.com\/loja\/","name":"Mais que Cuidar","description":"Sa\u00fade, Ortopedia e Geriatria","publisher":{"@id":"https:\/\/www.maisquecuidar.com\/loja\/#organization"},"potentialAction":[{"@type":"SearchAction","target":{"@type":"EntryPoint","urlTemplate":"https:\/\/www.maisquecuidar.com\/loja\/?s={search_term_string}"},"query-input":{"@type":"PropertyValueSpecification","valueRequired":true,"valueName":"search_term_string"}}],"inLanguage":"pt-PT"},{"@type":"Organization","@id":"https:\/\/www.maisquecuidar.com\/loja\/#organization","name":"Mais Que Cuidar","url":"https:\/\/www.maisquecuidar.com\/loja\/","logo":{"@type":"ImageObject","inLanguage":"pt-PT","@id":"https:\/\/www.maisquecuidar.com\/loja\/#\/schema\/logo\/image\/","url":"https:\/\/img.maisquecuidar.com\/loja\/wp-content\/uploads\/2019\/08\/logo-mais-que-cuidar-retina.png","contentUrl":"https:\/\/img.maisquecuidar.com\/loja\/wp-content\/uploads\/2019\/08\/logo-mais-que-cuidar-retina.png","width":565,"height":75,"caption":"Mais Que Cuidar"},"image":{"@id":"https:\/\/www.maisquecuidar.com\/loja\/#\/schema\/logo\/image\/"},"sameAs":["https:\/\/www.facebook.com\/maisquecuidar.pt","https:\/\/www.instagram.com\/maisquecuidar"]}]}},"_links":{"self":[{"href":"https:\/\/www.maisquecuidar.com\/loja\/wp-json\/wp\/v2\/product\/6970","targetHints":{"allow":["GET"]}}],"collection":[{"href":"https:\/\/www.maisquecuidar.com\/loja\/wp-json\/wp\/v2\/product"}],"about":[{"href":"https:\/\/www.maisquecuidar.com\/loja\/wp-json\/wp\/v2\/types\/product"}],"wp:featuredmedia":[{"embeddable":true,"href":"https:\/\/www.maisquecuidar.com\/loja\/wp-json\/wp\/v2\/media\/15046"}],"wp:attachment":[{"href":"https:\/\/www.maisquecuidar.com\/loja\/wp-json\/wp\/v2\/media?parent=6970"}],"wp:term":[{"taxonomy":"product_brand","embeddable":true,"href":"https:\/\/www.maisquecuidar.com\/loja\/wp-json\/wp\/v2\/product_brand?post=6970"},{"taxonomy":"product_cat","embeddable":true,"href":"https:\/\/www.maisquecuidar.com\/loja\/wp-json\/wp\/v2\/product_cat?post=6970"},{"taxonomy":"product_tag","embeddable":true,"href":"https:\/\/www.maisquecuidar.com\/loja\/wp-json\/wp\/v2\/product_tag?post=6970"}],"curies":[{"name":"wp","href":"https:\/\/api.w.org\/{rel}","templated":true}]}}