{"id":5897,"date":"2017-02-28T19:41:43","date_gmt":"2017-02-28T19:41:43","guid":{"rendered":"https:\/\/www.maisquecuidar.com\/loja\/?post_type=product&#038;p=5897"},"modified":"2025-10-01T18:32:40","modified_gmt":"2025-10-01T17:32:40","slug":"luvas-em-latex","status":"publish","type":"product","link":"https:\/\/www.maisquecuidar.com\/loja\/produtos-saude\/materiais-proteccao\/luvas-em-latex","title":{"rendered":"Luvas de L\u00e1tex Descart\u00e1veis"},"content":{"rendered":"<p>As nossas luvas s\u00e3o 100% l\u00e1tex e s\u00e3o muito utilizadas na \u00e1rea da sa\u00fade e nos cuidados a pessoas doentes em casa ou numa institui\u00e7\u00e3o.<\/p>\n<p>Cumprem com a normativa de luvas de prote\u00e7\u00e3o m\u00e9dica (EN455) e utilizam-se ma prote\u00e7\u00e3o do paciente e do utilizador contra riscos biol\u00f3gicos e qu\u00edmicos baixos, e cumprem os requisitos para a verifica\u00e7\u00e3o da seguran\u00e7a microbiol\u00f3gica e de baixos riscos qu\u00edmicos (EN 374-2 e EN 374-3).<\/p>\n<p>S\u00e3o recomendadas para tarefas de curta dura\u00e7\u00e3o e com uma frequ\u00eancia de mudan\u00e7a elevada.<\/p>\n<div class=\"innerShortcode\">\n<div class=\"innerContent\">\n<p>&nbsp;<\/p>\n<\/div>\n<\/div>\n","protected":false},"excerpt":{"rendered":"<p>As nossas luvas s\u00e3o 100% l\u00e1tex e s\u00e3o muito utilizadas na \u00e1rea da sa\u00fade e nos cuidados a pessoas doentes em casa ou numa institui\u00e7\u00e3o. Cumprem com a normativa de luvas de prote\u00e7\u00e3o m\u00e9dica (EN455) e utilizam-se ma prote\u00e7\u00e3o do paciente e do utilizador contra riscos biol\u00f3gicos e qu\u00edmicos baixos, e cumprem os requisitos para&hellip;&nbsp;<a href=\"https:\/\/www.maisquecuidar.com\/loja\/produtos-saude\/materiais-proteccao\/luvas-em-latex\" rel=\"bookmark\">Ler mais &raquo;<span class=\"screen-reader-text\">Luvas de L\u00e1tex Descart\u00e1veis<\/span><\/a><\/p>\n","protected":false},"featured_media":14919,"template":"","meta":{"_acf_changed":false,"neve_meta_sidebar":"","neve_meta_container":"","neve_meta_enable_content_width":"","neve_meta_content_width":0,"neve_meta_title_alignment":"","neve_meta_author_avatar":"","neve_post_elements_order":"","neve_meta_disable_header":"","neve_meta_disable_footer":"","neve_meta_disable_title":""},"product_brand":[],"product_cat":[483,465],"product_tag":[526],"class_list":{"0":"post-5897","1":"product","2":"type-product","3":"status-publish","4":"has-post-thumbnail","6":"product_cat-materiais-proteccao","7":"product_cat-material-clinico","8":"product_tag-luvas-em-latex","10":"first","11":"instock","12":"taxable","13":"shipping-taxable","14":"purchasable","15":"product-type-variable"},"acf":[],"yoast_head":"<!-- This site is optimized with the Yoast SEO plugin v27.3 - https:\/\/yoast.com\/product\/yoast-seo-wordpress\/ -->\n<title>Luvas de L\u00e1tex Descart\u00e1veis - Mais que Cuidar<\/title>\n<meta name=\"description\" content=\"As luvas de l\u00e1tex descart\u00e1veis t\u00eam um uso na prote\u00e7\u00e3o do paciente e dos profissionais de sa\u00fade contra riscos biol\u00f3gicos e qu\u00edmicos baixos.\" \/>\n<meta name=\"robots\" content=\"index, follow, max-snippet:-1, max-image-preview:large, max-video-preview:-1\" \/>\n<link rel=\"canonical\" href=\"https:\/\/www.maisquecuidar.com\/loja\/produtos-saude\/materiais-proteccao\/luvas-em-latex\" \/>\n<meta property=\"og:locale\" content=\"pt_PT\" \/>\n<meta property=\"og:type\" content=\"article\" \/>\n<meta property=\"og:title\" content=\"Luvas de L\u00e1tex Descart\u00e1veis - Mais que Cuidar\" \/>\n<meta property=\"og:description\" content=\"As luvas de l\u00e1tex descart\u00e1veis t\u00eam um uso na prote\u00e7\u00e3o do paciente e dos profissionais de sa\u00fade contra riscos biol\u00f3gicos e qu\u00edmicos baixos.\" \/>\n<meta property=\"og:url\" content=\"https:\/\/www.maisquecuidar.com\/loja\/produtos-saude\/materiais-proteccao\/luvas-em-latex\" \/>\n<meta property=\"og:site_name\" content=\"Mais que Cuidar\" \/>\n<meta property=\"article:publisher\" content=\"https:\/\/www.facebook.com\/maisquecuidar.pt\" \/>\n<meta property=\"article:modified_time\" content=\"2025-10-01T17:32:40+00:00\" \/>\n<meta property=\"og:image\" content=\"https:\/\/img.maisquecuidar.com\/loja\/wp-content\/uploads\/2017\/02\/luvas-latex-descartaveis.png\" \/>\n\t<meta property=\"og:image:width\" content=\"1280\" \/>\n\t<meta property=\"og:image:height\" content=\"800\" \/>\n\t<meta property=\"og:image:type\" content=\"image\/png\" \/>\n<meta name=\"twitter:label1\" content=\"Tempo estimado de leitura\" \/>\n\t<meta name=\"twitter:data1\" content=\"1 minuto\" \/>\n<script type=\"application\/ld+json\" class=\"yoast-schema-graph\">{\"@context\":\"https:\\\/\\\/schema.org\",\"@graph\":[{\"@type\":\"WebPage\",\"@id\":\"https:\\\/\\\/www.maisquecuidar.com\\\/loja\\\/produtos-saude\\\/materiais-proteccao\\\/luvas-em-latex\",\"url\":\"https:\\\/\\\/www.maisquecuidar.com\\\/loja\\\/produtos-saude\\\/materiais-proteccao\\\/luvas-em-latex\",\"name\":\"Luvas de L\u00e1tex Descart\u00e1veis - Mais que Cuidar\",\"isPartOf\":{\"@id\":\"https:\\\/\\\/www.maisquecuidar.com\\\/loja\\\/#website\"},\"primaryImageOfPage\":{\"@id\":\"https:\\\/\\\/www.maisquecuidar.com\\\/loja\\\/produtos-saude\\\/materiais-proteccao\\\/luvas-em-latex#primaryimage\"},\"image\":{\"@id\":\"https:\\\/\\\/www.maisquecuidar.com\\\/loja\\\/produtos-saude\\\/materiais-proteccao\\\/luvas-em-latex#primaryimage\"},\"thumbnailUrl\":\"https:\\\/\\\/img.maisquecuidar.com\\\/loja\\\/wp-content\\\/uploads\\\/2017\\\/02\\\/luvas-latex-descartaveis.png\",\"datePublished\":\"2017-02-28T19:41:43+00:00\",\"dateModified\":\"2025-10-01T17:32:40+00:00\",\"description\":\"As luvas de l\u00e1tex descart\u00e1veis t\u00eam um uso na prote\u00e7\u00e3o do paciente e dos profissionais de sa\u00fade contra riscos biol\u00f3gicos e qu\u00edmicos baixos.\",\"breadcrumb\":{\"@id\":\"https:\\\/\\\/www.maisquecuidar.com\\\/loja\\\/produtos-saude\\\/materiais-proteccao\\\/luvas-em-latex#breadcrumb\"},\"inLanguage\":\"pt-PT\",\"potentialAction\":[{\"@type\":\"ReadAction\",\"target\":[\"https:\\\/\\\/www.maisquecuidar.com\\\/loja\\\/produtos-saude\\\/materiais-proteccao\\\/luvas-em-latex\"]}]},{\"@type\":\"ImageObject\",\"inLanguage\":\"pt-PT\",\"@id\":\"https:\\\/\\\/www.maisquecuidar.com\\\/loja\\\/produtos-saude\\\/materiais-proteccao\\\/luvas-em-latex#primaryimage\",\"url\":\"https:\\\/\\\/img.maisquecuidar.com\\\/loja\\\/wp-content\\\/uploads\\\/2017\\\/02\\\/luvas-latex-descartaveis.png\",\"contentUrl\":\"https:\\\/\\\/img.maisquecuidar.com\\\/loja\\\/wp-content\\\/uploads\\\/2017\\\/02\\\/luvas-latex-descartaveis.png\",\"width\":1280,\"height\":800,\"caption\":\"Luvas em l\u00e1tex descart\u00e1veis\"},{\"@type\":\"BreadcrumbList\",\"@id\":\"https:\\\/\\\/www.maisquecuidar.com\\\/loja\\\/produtos-saude\\\/materiais-proteccao\\\/luvas-em-latex#breadcrumb\",\"itemListElement\":[{\"@type\":\"ListItem\",\"position\":1,\"name\":\"Home\",\"item\":\"https:\\\/\\\/www.maisquecuidar.com\\\/loja\\\/\"},{\"@type\":\"ListItem\",\"position\":2,\"name\":\"Loja Online de Ortopedia e Geriatria em Portugal\",\"item\":\"https:\\\/\\\/www.maisquecuidar.com\\\/loja\\\/loja\"},{\"@type\":\"ListItem\",\"position\":3,\"name\":\"Produtos de Sa\u00fade\",\"item\":\"https:\\\/\\\/www.maisquecuidar.com\\\/loja\\\/produtos-saude\"},{\"@type\":\"ListItem\",\"position\":4,\"name\":\"Materiais de Protec\u00e7\u00e3o\",\"item\":\"https:\\\/\\\/www.maisquecuidar.com\\\/loja\\\/produtos-saude\\\/materiais-proteccao\"},{\"@type\":\"ListItem\",\"position\":5,\"name\":\"Luvas de L\u00e1tex Descart\u00e1veis\"}]},{\"@type\":\"WebSite\",\"@id\":\"https:\\\/\\\/www.maisquecuidar.com\\\/loja\\\/#website\",\"url\":\"https:\\\/\\\/www.maisquecuidar.com\\\/loja\\\/\",\"name\":\"Mais que Cuidar\",\"description\":\"Sa\u00fade, Ortopedia e Geriatria\",\"publisher\":{\"@id\":\"https:\\\/\\\/www.maisquecuidar.com\\\/loja\\\/#organization\"},\"potentialAction\":[{\"@type\":\"SearchAction\",\"target\":{\"@type\":\"EntryPoint\",\"urlTemplate\":\"https:\\\/\\\/www.maisquecuidar.com\\\/loja\\\/?s={search_term_string}\"},\"query-input\":{\"@type\":\"PropertyValueSpecification\",\"valueRequired\":true,\"valueName\":\"search_term_string\"}}],\"inLanguage\":\"pt-PT\"},{\"@type\":\"Organization\",\"@id\":\"https:\\\/\\\/www.maisquecuidar.com\\\/loja\\\/#organization\",\"name\":\"Mais Que Cuidar\",\"url\":\"https:\\\/\\\/www.maisquecuidar.com\\\/loja\\\/\",\"logo\":{\"@type\":\"ImageObject\",\"inLanguage\":\"pt-PT\",\"@id\":\"https:\\\/\\\/www.maisquecuidar.com\\\/loja\\\/#\\\/schema\\\/logo\\\/image\\\/\",\"url\":\"https:\\\/\\\/img.maisquecuidar.com\\\/loja\\\/wp-content\\\/uploads\\\/2019\\\/08\\\/logo-mais-que-cuidar-retina.png\",\"contentUrl\":\"https:\\\/\\\/img.maisquecuidar.com\\\/loja\\\/wp-content\\\/uploads\\\/2019\\\/08\\\/logo-mais-que-cuidar-retina.png\",\"width\":565,\"height\":75,\"caption\":\"Mais Que Cuidar\"},\"image\":{\"@id\":\"https:\\\/\\\/www.maisquecuidar.com\\\/loja\\\/#\\\/schema\\\/logo\\\/image\\\/\"},\"sameAs\":[\"https:\\\/\\\/www.facebook.com\\\/maisquecuidar.pt\",\"https:\\\/\\\/www.instagram.com\\\/maisquecuidar\"]}]}<\/script>\n<!-- \/ Yoast SEO plugin. -->","yoast_head_json":{"title":"Luvas de L\u00e1tex Descart\u00e1veis - Mais que Cuidar","description":"As luvas de l\u00e1tex descart\u00e1veis t\u00eam um uso na prote\u00e7\u00e3o do paciente e dos profissionais de sa\u00fade contra riscos biol\u00f3gicos e qu\u00edmicos baixos.","robots":{"index":"index","follow":"follow","max-snippet":"max-snippet:-1","max-image-preview":"max-image-preview:large","max-video-preview":"max-video-preview:-1"},"canonical":"https:\/\/www.maisquecuidar.com\/loja\/produtos-saude\/materiais-proteccao\/luvas-em-latex","og_locale":"pt_PT","og_type":"article","og_title":"Luvas de L\u00e1tex Descart\u00e1veis - Mais que Cuidar","og_description":"As luvas de l\u00e1tex descart\u00e1veis t\u00eam um uso na prote\u00e7\u00e3o do paciente e dos profissionais de sa\u00fade contra riscos biol\u00f3gicos e qu\u00edmicos baixos.","og_url":"https:\/\/www.maisquecuidar.com\/loja\/produtos-saude\/materiais-proteccao\/luvas-em-latex","og_site_name":"Mais que Cuidar","article_publisher":"https:\/\/www.facebook.com\/maisquecuidar.pt","article_modified_time":"2025-10-01T17:32:40+00:00","og_image":[{"width":1280,"height":800,"url":"https:\/\/img.maisquecuidar.com\/loja\/wp-content\/uploads\/2017\/02\/luvas-latex-descartaveis.png","type":"image\/png"}],"twitter_misc":{"Tempo estimado de leitura":"1 minuto"},"schema":{"@context":"https:\/\/schema.org","@graph":[{"@type":"WebPage","@id":"https:\/\/www.maisquecuidar.com\/loja\/produtos-saude\/materiais-proteccao\/luvas-em-latex","url":"https:\/\/www.maisquecuidar.com\/loja\/produtos-saude\/materiais-proteccao\/luvas-em-latex","name":"Luvas de L\u00e1tex Descart\u00e1veis - Mais que Cuidar","isPartOf":{"@id":"https:\/\/www.maisquecuidar.com\/loja\/#website"},"primaryImageOfPage":{"@id":"https:\/\/www.maisquecuidar.com\/loja\/produtos-saude\/materiais-proteccao\/luvas-em-latex#primaryimage"},"image":{"@id":"https:\/\/www.maisquecuidar.com\/loja\/produtos-saude\/materiais-proteccao\/luvas-em-latex#primaryimage"},"thumbnailUrl":"https:\/\/img.maisquecuidar.com\/loja\/wp-content\/uploads\/2017\/02\/luvas-latex-descartaveis.png","datePublished":"2017-02-28T19:41:43+00:00","dateModified":"2025-10-01T17:32:40+00:00","description":"As luvas de l\u00e1tex descart\u00e1veis t\u00eam um uso na prote\u00e7\u00e3o do paciente e dos profissionais de sa\u00fade contra riscos biol\u00f3gicos e qu\u00edmicos baixos.","breadcrumb":{"@id":"https:\/\/www.maisquecuidar.com\/loja\/produtos-saude\/materiais-proteccao\/luvas-em-latex#breadcrumb"},"inLanguage":"pt-PT","potentialAction":[{"@type":"ReadAction","target":["https:\/\/www.maisquecuidar.com\/loja\/produtos-saude\/materiais-proteccao\/luvas-em-latex"]}]},{"@type":"ImageObject","inLanguage":"pt-PT","@id":"https:\/\/www.maisquecuidar.com\/loja\/produtos-saude\/materiais-proteccao\/luvas-em-latex#primaryimage","url":"https:\/\/img.maisquecuidar.com\/loja\/wp-content\/uploads\/2017\/02\/luvas-latex-descartaveis.png","contentUrl":"https:\/\/img.maisquecuidar.com\/loja\/wp-content\/uploads\/2017\/02\/luvas-latex-descartaveis.png","width":1280,"height":800,"caption":"Luvas em l\u00e1tex descart\u00e1veis"},{"@type":"BreadcrumbList","@id":"https:\/\/www.maisquecuidar.com\/loja\/produtos-saude\/materiais-proteccao\/luvas-em-latex#breadcrumb","itemListElement":[{"@type":"ListItem","position":1,"name":"Home","item":"https:\/\/www.maisquecuidar.com\/loja\/"},{"@type":"ListItem","position":2,"name":"Loja Online de Ortopedia e Geriatria em Portugal","item":"https:\/\/www.maisquecuidar.com\/loja\/loja"},{"@type":"ListItem","position":3,"name":"Produtos de Sa\u00fade","item":"https:\/\/www.maisquecuidar.com\/loja\/produtos-saude"},{"@type":"ListItem","position":4,"name":"Materiais de Protec\u00e7\u00e3o","item":"https:\/\/www.maisquecuidar.com\/loja\/produtos-saude\/materiais-proteccao"},{"@type":"ListItem","position":5,"name":"Luvas de L\u00e1tex Descart\u00e1veis"}]},{"@type":"WebSite","@id":"https:\/\/www.maisquecuidar.com\/loja\/#website","url":"https:\/\/www.maisquecuidar.com\/loja\/","name":"Mais que Cuidar","description":"Sa\u00fade, Ortopedia e Geriatria","publisher":{"@id":"https:\/\/www.maisquecuidar.com\/loja\/#organization"},"potentialAction":[{"@type":"SearchAction","target":{"@type":"EntryPoint","urlTemplate":"https:\/\/www.maisquecuidar.com\/loja\/?s={search_term_string}"},"query-input":{"@type":"PropertyValueSpecification","valueRequired":true,"valueName":"search_term_string"}}],"inLanguage":"pt-PT"},{"@type":"Organization","@id":"https:\/\/www.maisquecuidar.com\/loja\/#organization","name":"Mais Que Cuidar","url":"https:\/\/www.maisquecuidar.com\/loja\/","logo":{"@type":"ImageObject","inLanguage":"pt-PT","@id":"https:\/\/www.maisquecuidar.com\/loja\/#\/schema\/logo\/image\/","url":"https:\/\/img.maisquecuidar.com\/loja\/wp-content\/uploads\/2019\/08\/logo-mais-que-cuidar-retina.png","contentUrl":"https:\/\/img.maisquecuidar.com\/loja\/wp-content\/uploads\/2019\/08\/logo-mais-que-cuidar-retina.png","width":565,"height":75,"caption":"Mais Que Cuidar"},"image":{"@id":"https:\/\/www.maisquecuidar.com\/loja\/#\/schema\/logo\/image\/"},"sameAs":["https:\/\/www.facebook.com\/maisquecuidar.pt","https:\/\/www.instagram.com\/maisquecuidar"]}]}},"_links":{"self":[{"href":"https:\/\/www.maisquecuidar.com\/loja\/wp-json\/wp\/v2\/product\/5897","targetHints":{"allow":["GET"]}}],"collection":[{"href":"https:\/\/www.maisquecuidar.com\/loja\/wp-json\/wp\/v2\/product"}],"about":[{"href":"https:\/\/www.maisquecuidar.com\/loja\/wp-json\/wp\/v2\/types\/product"}],"wp:featuredmedia":[{"embeddable":true,"href":"https:\/\/www.maisquecuidar.com\/loja\/wp-json\/wp\/v2\/media\/14919"}],"wp:attachment":[{"href":"https:\/\/www.maisquecuidar.com\/loja\/wp-json\/wp\/v2\/media?parent=5897"}],"wp:term":[{"taxonomy":"product_brand","embeddable":true,"href":"https:\/\/www.maisquecuidar.com\/loja\/wp-json\/wp\/v2\/product_brand?post=5897"},{"taxonomy":"product_cat","embeddable":true,"href":"https:\/\/www.maisquecuidar.com\/loja\/wp-json\/wp\/v2\/product_cat?post=5897"},{"taxonomy":"product_tag","embeddable":true,"href":"https:\/\/www.maisquecuidar.com\/loja\/wp-json\/wp\/v2\/product_tag?post=5897"}],"curies":[{"name":"wp","href":"https:\/\/api.w.org\/{rel}","templated":true}]}}