{"id":5867,"date":"2017-02-27T18:07:58","date_gmt":"2017-02-27T18:07:58","guid":{"rendered":"https:\/\/www.maisquecuidar.com\/loja\/?post_type=product&#038;p=5867"},"modified":"2026-05-12T21:03:17","modified_gmt":"2026-05-12T20:03:17","slug":"medidor-de-tensao-arterial-de-braco-omron-m2","status":"publish","type":"product","link":"https:\/\/www.maisquecuidar.com\/loja\/produtos-saude\/medidores-tensao-arterial\/medidor-de-tensao-arterial-de-braco-omron-m2","title":{"rendered":"Medidor de Tens\u00e3o Arterial de Bra\u00e7o Omron M2"},"content":{"rendered":"<p><strong>Medidor de Tens\u00e3o Arterial de Bra\u00e7o Omron M2<\/strong><\/p>\n<p>Como todos os medidores de tens\u00e3o arterial totalmente autom\u00e1ticos da gama M da OMRON, este tensi\u00f3metro possui a tecnologia Intellisense para proporcionar avalia\u00e7\u00f5es e leituras de tens\u00e3o arterial r\u00e1pidas, precisas e confort\u00e1veis. O OMRON M2 \u00e9 fornecido de s\u00e9rie com uma bra\u00e7adeira de 22-32 cm. Est\u00e1 dispon\u00edvel como acess\u00f3rio uma bra\u00e7adeira grande.<\/p>\n<h3>Funcionalidades<\/h3>\n<ul>\n<li><strong>Tecnologia Intellisense:<\/strong> esta tecnologia exclusiva da OMRON assegura menos desconforto causado pela insufla\u00e7\u00e3o excessiva da bra\u00e7adeira.<\/li>\n<li>Este medidor de tens\u00e3o arterial ajuda a verificar de forma f\u00e1cil e r\u00e1pida a press\u00e3o arterial com apenas um toque.<\/li>\n<li>A bra\u00e7adeira inclu\u00edda adapta-se a bra\u00e7os com 22-32 cm de circunfer\u00eancia.<\/li>\n<\/ul>\n<h3>Conte\u00fado da caixa<\/h3>\n<ul>\n<li>Medidor de tens\u00e3o arterial M2<\/li>\n<li>Bra\u00e7adeira<\/li>\n<li>Manual de Instru\u00e7\u00f5es<\/li>\n<li>Pilhas e estojo de arruma\u00e7\u00e3o<\/li>\n<\/ul>\n<h3>Garantia<\/h3>\n<p>Este tensi\u00f3metro \u00e9 garantido pela OMRON por um per\u00edodo de 3 anos ap\u00f3s a data da compra.<\/p>\n","protected":false},"excerpt":{"rendered":"<p>PROMO\u00c7\u00c3O V\u00c1LIDA DE 13 a 19 DE MAIO DE 2026<\/p>\n","protected":false},"featured_media":14914,"template":"","meta":{"_acf_changed":false,"neve_meta_sidebar":"","neve_meta_container":"","neve_meta_enable_content_width":"off","neve_meta_content_width":100,"neve_meta_title_alignment":"","neve_meta_author_avatar":"","neve_post_elements_order":"","neve_meta_disable_header":"","neve_meta_disable_footer":"","neve_meta_disable_title":""},"product_brand":[],"product_cat":[478],"product_tag":[488],"class_list":{"0":"post-5867","1":"product","2":"type-product","3":"status-publish","4":"has-post-thumbnail","6":"product_cat-medidores-tensao-arterial","7":"product_tag-medidor-de-tensao-arterial","9":"first","10":"instock","11":"sale","12":"taxable","13":"shipping-taxable","14":"purchasable","15":"product-type-simple"},"acf":[],"yoast_head":"<!-- This site is optimized with the Yoast SEO plugin v27.5 - https:\/\/yoast.com\/product\/yoast-seo-wordpress\/ -->\n<title>Medidor de Tens\u00e3o Arterial de Bra\u00e7o Omron M2 - Mais que Cuidar<\/title>\n<meta name=\"description\" content=\"Descubra as caracteristicas e o pre\u00e7o do medidor de tens\u00e3o arterial de bra\u00e7o M2 da Omron para ajudar a controlar e monitorizar a sua press\u00e3o arterial.\" \/>\n<meta name=\"robots\" content=\"index, follow, max-snippet:-1, max-image-preview:large, max-video-preview:-1\" \/>\n<link rel=\"canonical\" href=\"https:\/\/www.maisquecuidar.com\/loja\/produtos-saude\/medidores-tensao-arterial\/medidor-de-tensao-arterial-de-braco-omron-m2\" \/>\n<meta property=\"og:locale\" content=\"pt_PT\" \/>\n<meta property=\"og:type\" content=\"article\" \/>\n<meta property=\"og:title\" content=\"Medidor de Tens\u00e3o Arterial de Bra\u00e7o Omron M2 - Mais que Cuidar\" \/>\n<meta property=\"og:description\" content=\"Descubra as caracteristicas e o pre\u00e7o do medidor de tens\u00e3o arterial de bra\u00e7o M2 da Omron para ajudar a controlar e monitorizar a sua press\u00e3o arterial.\" \/>\n<meta property=\"og:url\" content=\"https:\/\/www.maisquecuidar.com\/loja\/produtos-saude\/medidores-tensao-arterial\/medidor-de-tensao-arterial-de-braco-omron-m2\" \/>\n<meta property=\"og:site_name\" content=\"Mais que Cuidar\" \/>\n<meta property=\"article:publisher\" content=\"https:\/\/www.facebook.com\/maisquecuidar.pt\" \/>\n<meta property=\"article:modified_time\" content=\"2026-05-12T20:03:17+00:00\" \/>\n<meta property=\"og:image\" content=\"https:\/\/img.maisquecuidar.com\/loja\/wp-content\/uploads\/2017\/02\/medidor-tensao-arterial-m2-omron.png\" \/>\n\t<meta property=\"og:image:width\" content=\"1280\" \/>\n\t<meta property=\"og:image:height\" content=\"800\" \/>\n\t<meta property=\"og:image:type\" content=\"image\/png\" \/>\n<meta name=\"twitter:label1\" content=\"Tempo estimado de leitura\" \/>\n\t<meta name=\"twitter:data1\" content=\"1 minuto\" \/>\n<script type=\"application\/ld+json\" class=\"yoast-schema-graph\">{\"@context\":\"https:\\\/\\\/schema.org\",\"@graph\":[{\"@type\":\"WebPage\",\"@id\":\"https:\\\/\\\/www.maisquecuidar.com\\\/loja\\\/produtos-saude\\\/medidores-tensao-arterial\\\/medidor-de-tensao-arterial-de-braco-omron-m2\",\"url\":\"https:\\\/\\\/www.maisquecuidar.com\\\/loja\\\/produtos-saude\\\/medidores-tensao-arterial\\\/medidor-de-tensao-arterial-de-braco-omron-m2\",\"name\":\"Medidor de Tens\u00e3o Arterial de Bra\u00e7o Omron M2 - Mais que Cuidar\",\"isPartOf\":{\"@id\":\"https:\\\/\\\/www.maisquecuidar.com\\\/loja\\\/#website\"},\"primaryImageOfPage\":{\"@id\":\"https:\\\/\\\/www.maisquecuidar.com\\\/loja\\\/produtos-saude\\\/medidores-tensao-arterial\\\/medidor-de-tensao-arterial-de-braco-omron-m2#primaryimage\"},\"image\":{\"@id\":\"https:\\\/\\\/www.maisquecuidar.com\\\/loja\\\/produtos-saude\\\/medidores-tensao-arterial\\\/medidor-de-tensao-arterial-de-braco-omron-m2#primaryimage\"},\"thumbnailUrl\":\"https:\\\/\\\/img.maisquecuidar.com\\\/loja\\\/wp-content\\\/uploads\\\/2017\\\/02\\\/medidor-tensao-arterial-m2-omron.png\",\"datePublished\":\"2017-02-27T18:07:58+00:00\",\"dateModified\":\"2026-05-12T20:03:17+00:00\",\"description\":\"Descubra as caracteristicas e o pre\u00e7o do medidor de tens\u00e3o arterial de bra\u00e7o M2 da Omron para ajudar a controlar e monitorizar a sua press\u00e3o arterial.\",\"breadcrumb\":{\"@id\":\"https:\\\/\\\/www.maisquecuidar.com\\\/loja\\\/produtos-saude\\\/medidores-tensao-arterial\\\/medidor-de-tensao-arterial-de-braco-omron-m2#breadcrumb\"},\"inLanguage\":\"pt-PT\",\"potentialAction\":[{\"@type\":\"ReadAction\",\"target\":[\"https:\\\/\\\/www.maisquecuidar.com\\\/loja\\\/produtos-saude\\\/medidores-tensao-arterial\\\/medidor-de-tensao-arterial-de-braco-omron-m2\"]}]},{\"@type\":\"ImageObject\",\"inLanguage\":\"pt-PT\",\"@id\":\"https:\\\/\\\/www.maisquecuidar.com\\\/loja\\\/produtos-saude\\\/medidores-tensao-arterial\\\/medidor-de-tensao-arterial-de-braco-omron-m2#primaryimage\",\"url\":\"https:\\\/\\\/img.maisquecuidar.com\\\/loja\\\/wp-content\\\/uploads\\\/2017\\\/02\\\/medidor-tensao-arterial-m2-omron.png\",\"contentUrl\":\"https:\\\/\\\/img.maisquecuidar.com\\\/loja\\\/wp-content\\\/uploads\\\/2017\\\/02\\\/medidor-tensao-arterial-m2-omron.png\",\"width\":1280,\"height\":800,\"caption\":\"Medidor de tens\u00e3o arterial de bra\u00e7o M2 da Omron\"},{\"@type\":\"BreadcrumbList\",\"@id\":\"https:\\\/\\\/www.maisquecuidar.com\\\/loja\\\/produtos-saude\\\/medidores-tensao-arterial\\\/medidor-de-tensao-arterial-de-braco-omron-m2#breadcrumb\",\"itemListElement\":[{\"@type\":\"ListItem\",\"position\":1,\"name\":\"Home\",\"item\":\"https:\\\/\\\/www.maisquecuidar.com\\\/loja\\\/\"},{\"@type\":\"ListItem\",\"position\":2,\"name\":\"Loja Online de Ortopedia e Geriatria em Portugal\",\"item\":\"https:\\\/\\\/www.maisquecuidar.com\\\/loja\\\/loja\"},{\"@type\":\"ListItem\",\"position\":3,\"name\":\"Produtos de Sa\u00fade\",\"item\":\"https:\\\/\\\/www.maisquecuidar.com\\\/loja\\\/produtos-saude\"},{\"@type\":\"ListItem\",\"position\":4,\"name\":\"Medidores de Tens\u00e3o Arterial\",\"item\":\"https:\\\/\\\/www.maisquecuidar.com\\\/loja\\\/produtos-saude\\\/medidores-tensao-arterial\"},{\"@type\":\"ListItem\",\"position\":5,\"name\":\"Medidor de Tens\u00e3o Arterial de Bra\u00e7o Omron M2\"}]},{\"@type\":\"WebSite\",\"@id\":\"https:\\\/\\\/www.maisquecuidar.com\\\/loja\\\/#website\",\"url\":\"https:\\\/\\\/www.maisquecuidar.com\\\/loja\\\/\",\"name\":\"Mais que Cuidar\",\"description\":\"Sa\u00fade, Ortopedia e Geriatria\",\"publisher\":{\"@id\":\"https:\\\/\\\/www.maisquecuidar.com\\\/loja\\\/#organization\"},\"potentialAction\":[{\"@type\":\"SearchAction\",\"target\":{\"@type\":\"EntryPoint\",\"urlTemplate\":\"https:\\\/\\\/www.maisquecuidar.com\\\/loja\\\/?s={search_term_string}\"},\"query-input\":{\"@type\":\"PropertyValueSpecification\",\"valueRequired\":true,\"valueName\":\"search_term_string\"}}],\"inLanguage\":\"pt-PT\"},{\"@type\":\"Organization\",\"@id\":\"https:\\\/\\\/www.maisquecuidar.com\\\/loja\\\/#organization\",\"name\":\"Mais Que Cuidar\",\"url\":\"https:\\\/\\\/www.maisquecuidar.com\\\/loja\\\/\",\"logo\":{\"@type\":\"ImageObject\",\"inLanguage\":\"pt-PT\",\"@id\":\"https:\\\/\\\/www.maisquecuidar.com\\\/loja\\\/#\\\/schema\\\/logo\\\/image\\\/\",\"url\":\"https:\\\/\\\/img.maisquecuidar.com\\\/loja\\\/wp-content\\\/uploads\\\/2019\\\/08\\\/logo-mais-que-cuidar-retina.png\",\"contentUrl\":\"https:\\\/\\\/img.maisquecuidar.com\\\/loja\\\/wp-content\\\/uploads\\\/2019\\\/08\\\/logo-mais-que-cuidar-retina.png\",\"width\":565,\"height\":75,\"caption\":\"Mais Que Cuidar\"},\"image\":{\"@id\":\"https:\\\/\\\/www.maisquecuidar.com\\\/loja\\\/#\\\/schema\\\/logo\\\/image\\\/\"},\"sameAs\":[\"https:\\\/\\\/www.facebook.com\\\/maisquecuidar.pt\",\"https:\\\/\\\/www.instagram.com\\\/maisquecuidar\"]}]}<\/script>\n<!-- \/ Yoast SEO plugin. -->","yoast_head_json":{"title":"Medidor de Tens\u00e3o Arterial de Bra\u00e7o Omron M2 - Mais que Cuidar","description":"Descubra as caracteristicas e o pre\u00e7o do medidor de tens\u00e3o arterial de bra\u00e7o M2 da Omron para ajudar a controlar e monitorizar a sua press\u00e3o arterial.","robots":{"index":"index","follow":"follow","max-snippet":"max-snippet:-1","max-image-preview":"max-image-preview:large","max-video-preview":"max-video-preview:-1"},"canonical":"https:\/\/www.maisquecuidar.com\/loja\/produtos-saude\/medidores-tensao-arterial\/medidor-de-tensao-arterial-de-braco-omron-m2","og_locale":"pt_PT","og_type":"article","og_title":"Medidor de Tens\u00e3o Arterial de Bra\u00e7o Omron M2 - Mais que Cuidar","og_description":"Descubra as caracteristicas e o pre\u00e7o do medidor de tens\u00e3o arterial de bra\u00e7o M2 da Omron para ajudar a controlar e monitorizar a sua press\u00e3o arterial.","og_url":"https:\/\/www.maisquecuidar.com\/loja\/produtos-saude\/medidores-tensao-arterial\/medidor-de-tensao-arterial-de-braco-omron-m2","og_site_name":"Mais que Cuidar","article_publisher":"https:\/\/www.facebook.com\/maisquecuidar.pt","article_modified_time":"2026-05-12T20:03:17+00:00","og_image":[{"width":1280,"height":800,"url":"https:\/\/img.maisquecuidar.com\/loja\/wp-content\/uploads\/2017\/02\/medidor-tensao-arterial-m2-omron.png","type":"image\/png"}],"twitter_misc":{"Tempo estimado de leitura":"1 minuto"},"schema":{"@context":"https:\/\/schema.org","@graph":[{"@type":"WebPage","@id":"https:\/\/www.maisquecuidar.com\/loja\/produtos-saude\/medidores-tensao-arterial\/medidor-de-tensao-arterial-de-braco-omron-m2","url":"https:\/\/www.maisquecuidar.com\/loja\/produtos-saude\/medidores-tensao-arterial\/medidor-de-tensao-arterial-de-braco-omron-m2","name":"Medidor de Tens\u00e3o Arterial de Bra\u00e7o Omron M2 - Mais que Cuidar","isPartOf":{"@id":"https:\/\/www.maisquecuidar.com\/loja\/#website"},"primaryImageOfPage":{"@id":"https:\/\/www.maisquecuidar.com\/loja\/produtos-saude\/medidores-tensao-arterial\/medidor-de-tensao-arterial-de-braco-omron-m2#primaryimage"},"image":{"@id":"https:\/\/www.maisquecuidar.com\/loja\/produtos-saude\/medidores-tensao-arterial\/medidor-de-tensao-arterial-de-braco-omron-m2#primaryimage"},"thumbnailUrl":"https:\/\/img.maisquecuidar.com\/loja\/wp-content\/uploads\/2017\/02\/medidor-tensao-arterial-m2-omron.png","datePublished":"2017-02-27T18:07:58+00:00","dateModified":"2026-05-12T20:03:17+00:00","description":"Descubra as caracteristicas e o pre\u00e7o do medidor de tens\u00e3o arterial de bra\u00e7o M2 da Omron para ajudar a controlar e monitorizar a sua press\u00e3o arterial.","breadcrumb":{"@id":"https:\/\/www.maisquecuidar.com\/loja\/produtos-saude\/medidores-tensao-arterial\/medidor-de-tensao-arterial-de-braco-omron-m2#breadcrumb"},"inLanguage":"pt-PT","potentialAction":[{"@type":"ReadAction","target":["https:\/\/www.maisquecuidar.com\/loja\/produtos-saude\/medidores-tensao-arterial\/medidor-de-tensao-arterial-de-braco-omron-m2"]}]},{"@type":"ImageObject","inLanguage":"pt-PT","@id":"https:\/\/www.maisquecuidar.com\/loja\/produtos-saude\/medidores-tensao-arterial\/medidor-de-tensao-arterial-de-braco-omron-m2#primaryimage","url":"https:\/\/img.maisquecuidar.com\/loja\/wp-content\/uploads\/2017\/02\/medidor-tensao-arterial-m2-omron.png","contentUrl":"https:\/\/img.maisquecuidar.com\/loja\/wp-content\/uploads\/2017\/02\/medidor-tensao-arterial-m2-omron.png","width":1280,"height":800,"caption":"Medidor de tens\u00e3o arterial de bra\u00e7o M2 da Omron"},{"@type":"BreadcrumbList","@id":"https:\/\/www.maisquecuidar.com\/loja\/produtos-saude\/medidores-tensao-arterial\/medidor-de-tensao-arterial-de-braco-omron-m2#breadcrumb","itemListElement":[{"@type":"ListItem","position":1,"name":"Home","item":"https:\/\/www.maisquecuidar.com\/loja\/"},{"@type":"ListItem","position":2,"name":"Loja Online de Ortopedia e Geriatria em Portugal","item":"https:\/\/www.maisquecuidar.com\/loja\/loja"},{"@type":"ListItem","position":3,"name":"Produtos de Sa\u00fade","item":"https:\/\/www.maisquecuidar.com\/loja\/produtos-saude"},{"@type":"ListItem","position":4,"name":"Medidores de Tens\u00e3o Arterial","item":"https:\/\/www.maisquecuidar.com\/loja\/produtos-saude\/medidores-tensao-arterial"},{"@type":"ListItem","position":5,"name":"Medidor de Tens\u00e3o Arterial de Bra\u00e7o Omron M2"}]},{"@type":"WebSite","@id":"https:\/\/www.maisquecuidar.com\/loja\/#website","url":"https:\/\/www.maisquecuidar.com\/loja\/","name":"Mais que Cuidar","description":"Sa\u00fade, Ortopedia e Geriatria","publisher":{"@id":"https:\/\/www.maisquecuidar.com\/loja\/#organization"},"potentialAction":[{"@type":"SearchAction","target":{"@type":"EntryPoint","urlTemplate":"https:\/\/www.maisquecuidar.com\/loja\/?s={search_term_string}"},"query-input":{"@type":"PropertyValueSpecification","valueRequired":true,"valueName":"search_term_string"}}],"inLanguage":"pt-PT"},{"@type":"Organization","@id":"https:\/\/www.maisquecuidar.com\/loja\/#organization","name":"Mais Que Cuidar","url":"https:\/\/www.maisquecuidar.com\/loja\/","logo":{"@type":"ImageObject","inLanguage":"pt-PT","@id":"https:\/\/www.maisquecuidar.com\/loja\/#\/schema\/logo\/image\/","url":"https:\/\/img.maisquecuidar.com\/loja\/wp-content\/uploads\/2019\/08\/logo-mais-que-cuidar-retina.png","contentUrl":"https:\/\/img.maisquecuidar.com\/loja\/wp-content\/uploads\/2019\/08\/logo-mais-que-cuidar-retina.png","width":565,"height":75,"caption":"Mais Que Cuidar"},"image":{"@id":"https:\/\/www.maisquecuidar.com\/loja\/#\/schema\/logo\/image\/"},"sameAs":["https:\/\/www.facebook.com\/maisquecuidar.pt","https:\/\/www.instagram.com\/maisquecuidar"]}]}},"_links":{"self":[{"href":"https:\/\/www.maisquecuidar.com\/loja\/wp-json\/wp\/v2\/product\/5867","targetHints":{"allow":["GET"]}}],"collection":[{"href":"https:\/\/www.maisquecuidar.com\/loja\/wp-json\/wp\/v2\/product"}],"about":[{"href":"https:\/\/www.maisquecuidar.com\/loja\/wp-json\/wp\/v2\/types\/product"}],"wp:featuredmedia":[{"embeddable":true,"href":"https:\/\/www.maisquecuidar.com\/loja\/wp-json\/wp\/v2\/media\/14914"}],"wp:attachment":[{"href":"https:\/\/www.maisquecuidar.com\/loja\/wp-json\/wp\/v2\/media?parent=5867"}],"wp:term":[{"taxonomy":"product_brand","embeddable":true,"href":"https:\/\/www.maisquecuidar.com\/loja\/wp-json\/wp\/v2\/product_brand?post=5867"},{"taxonomy":"product_cat","embeddable":true,"href":"https:\/\/www.maisquecuidar.com\/loja\/wp-json\/wp\/v2\/product_cat?post=5867"},{"taxonomy":"product_tag","embeddable":true,"href":"https:\/\/www.maisquecuidar.com\/loja\/wp-json\/wp\/v2\/product_tag?post=5867"}],"curies":[{"name":"wp","href":"https:\/\/api.w.org\/{rel}","templated":true}]}}