{"id":5051,"date":"2017-01-25T12:18:32","date_gmt":"2017-01-25T12:18:32","guid":{"rendered":"https:\/\/www.maisquecuidar.com\/loja\/?post_type=product&#038;p=5051"},"modified":"2025-10-01T18:31:31","modified_gmt":"2025-10-01T17:31:31","slug":"mini-bike-electrica-sport","status":"publish","type":"product","link":"https:\/\/www.maisquecuidar.com\/loja\/ajudas-uteis\/pedaleiras\/mini-bike-electrica-sport","title":{"rendered":"Pedaleira Mini Bike El\u00e9ctrica Sport BH"},"content":{"rendered":"<ul>\n<li>A pedaleira Mini Bike El\u00e9ctrica Sport \u00e9 uma pr\u00e1tica op\u00e7\u00e3o para exercitar e recuperar facilmente os m\u00fasculos das pernas e bra\u00e7os.<\/li>\n<li>Disp\u00f5e de m\u00faltiplas op\u00e7\u00f5es que se ajustam \u00e0s necessidades de diferentes tipos de utilizadores: permite pedalar assistido com motor ou &#8220;manual&#8221; para a frente a para tr\u00e1s.<\/li>\n<li>Melhore a sua sa\u00fade e o seu bem estar todos os dias em casa e sem esfor\u00e7o, enquanto est\u00e1 comodamente sentado. A Mini Bike El\u00e9ctrica Sport desenvolvida pela Tecnovita by BH est\u00e1 recomendada para todos os membros da fam\u00edlia, especialmente para os mais idosos porque em compara\u00e7\u00e3o com outros exerc\u00edcios como correr ou passear, n\u00e3o exige nenhum esfor\u00e7o e n\u00e3o prejudica as articula\u00e7\u00f5es. Al\u00e9m disso, os seus pedais ergon\u00f3micos tamb\u00e9m\u00a0 permite a sua utiliza\u00e7\u00e3o para as m\u00e3os.<\/li>\n<\/ul>\n<h2>Benef\u00edcios<\/h2>\n<ul>\n<li>Com apenas uns minutos di\u00e1rios de exerc\u00edcio, vai come\u00e7ar a notar bem-estar ja que activa imediatamente a circula\u00e7\u00e3o do sangue contribuindo para a melhoria da sa\u00fade e a tonifica\u00e7\u00e3o dos principais m\u00fasculos do corpo.<\/li>\n<li>100% passiva: A Mini Bike El\u00e9trica Sport proporciona um exerc\u00edcio saud\u00e1vel que n\u00e3o exige nenhum esfor\u00e7o e n\u00e3o sobrecarrega as articula\u00e7\u00f5es.<\/li>\n<li>El\u00e9ctrica: Permite a realiza\u00e7\u00e3o de exerc\u00edcio a pessoas com mobilidade reduzida. Tamb\u00e9m \u00e9 poss\u00edvel a sua utiliza\u00e7\u00e3o sem motor, no modo manual.<\/li>\n<li>P\u00e9s e m\u00e3os: \u00c9 um exerc\u00edcio para um treino flex\u00edvel e progressivo para tonificar os m\u00fasculos dos bra\u00e7os e das pernas.<\/li>\n<li>Monitor EasyStart: Para um treino ao ritmo do utilizador devido ao ajuste da velocidade. O ecr\u00e3 retro-iluminado LCD indica o tempo, dist\u00e2ncia e calorias queimadas.<\/li>\n<li>Eco Friendly: Consome 25% menos de energia.<\/li>\n<li>Velocidade ajust\u00e1vel: at\u00e9 6 km\/hora.<\/li>\n<li>Pode pedalar para tr\u00e1s e para a frente.<\/li>\n<\/ul>\n","protected":false},"excerpt":{"rendered":"<p>A pedaleira Mini Bike El\u00e9ctrica Sport \u00e9 uma pr\u00e1tica op\u00e7\u00e3o para exercitar e recuperar facilmente os m\u00fasculos das pernas e bra\u00e7os. Disp\u00f5e de m\u00faltiplas op\u00e7\u00f5es que se ajustam \u00e0s necessidades de diferentes tipos de utilizadores: permite pedalar assistido com motor ou &#8220;manual&#8221; para a frente a para tr\u00e1s. Melhore a sua sa\u00fade e o seu&hellip;&nbsp;<a href=\"https:\/\/www.maisquecuidar.com\/loja\/ajudas-uteis\/pedaleiras\/mini-bike-electrica-sport\" rel=\"bookmark\">Ler mais &raquo;<span class=\"screen-reader-text\">Pedaleira Mini Bike El\u00e9ctrica Sport BH<\/span><\/a><\/p>\n","protected":false},"featured_media":14787,"template":"","meta":{"_acf_changed":false,"neve_meta_sidebar":"","neve_meta_container":"","neve_meta_enable_content_width":"","neve_meta_content_width":0,"neve_meta_title_alignment":"","neve_meta_author_avatar":"","neve_post_elements_order":"","neve_meta_disable_header":"","neve_meta_disable_footer":"","neve_meta_disable_title":""},"product_brand":[],"product_cat":[740],"product_tag":[453],"class_list":{"0":"post-5051","1":"product","2":"type-product","3":"status-publish","4":"has-post-thumbnail","6":"product_cat-pedaleiras","7":"product_tag-pedaleira-de-recuperacao","9":"first","10":"instock","11":"taxable","12":"shipping-taxable","13":"purchasable","14":"product-type-simple"},"acf":[],"yoast_head":"<!-- This site is optimized with the Yoast SEO plugin v27.5 - https:\/\/yoast.com\/product\/yoast-seo-wordpress\/ -->\n<title>Pedaleira Mini Bike El\u00e9ctrica Sport BH - Mais que Cuidar<\/title>\n<meta name=\"description\" content=\"Descubra as caracter\u00edsticas da Mini Bike El\u00e9ctrica Sport da BH que permite a realiza\u00e7\u00e3o de exerc\u00edcio a pessoas com mobilidade reduzida. Confira o pre\u00e7o.\" \/>\n<meta name=\"robots\" content=\"index, follow, max-snippet:-1, max-image-preview:large, max-video-preview:-1\" \/>\n<link rel=\"canonical\" href=\"https:\/\/www.maisquecuidar.com\/loja\/ajudas-uteis\/pedaleiras\/mini-bike-electrica-sport\" \/>\n<meta property=\"og:locale\" content=\"pt_PT\" \/>\n<meta property=\"og:type\" content=\"article\" \/>\n<meta property=\"og:title\" content=\"Pedaleira Mini Bike El\u00e9ctrica Sport BH - Mais que Cuidar\" \/>\n<meta property=\"og:description\" content=\"Descubra as caracter\u00edsticas da Mini Bike El\u00e9ctrica Sport da BH que permite a realiza\u00e7\u00e3o de exerc\u00edcio a pessoas com mobilidade reduzida. Confira o pre\u00e7o.\" \/>\n<meta property=\"og:url\" content=\"https:\/\/www.maisquecuidar.com\/loja\/ajudas-uteis\/pedaleiras\/mini-bike-electrica-sport\" \/>\n<meta property=\"og:site_name\" content=\"Mais que Cuidar\" \/>\n<meta property=\"article:publisher\" content=\"https:\/\/www.facebook.com\/maisquecuidar.pt\" \/>\n<meta property=\"article:modified_time\" content=\"2025-10-01T17:31:31+00:00\" \/>\n<meta property=\"og:image\" content=\"https:\/\/img.maisquecuidar.com\/loja\/wp-content\/uploads\/2017\/01\/mini-bike-electrica-sport.jpg\" \/>\n\t<meta property=\"og:image:width\" content=\"1280\" \/>\n\t<meta property=\"og:image:height\" content=\"800\" \/>\n\t<meta property=\"og:image:type\" content=\"image\/jpeg\" \/>\n<meta name=\"twitter:label1\" content=\"Tempo estimado de leitura\" \/>\n\t<meta name=\"twitter:data1\" content=\"2 minutos\" \/>\n<script type=\"application\/ld+json\" class=\"yoast-schema-graph\">{\"@context\":\"https:\\\/\\\/schema.org\",\"@graph\":[{\"@type\":\"WebPage\",\"@id\":\"https:\\\/\\\/www.maisquecuidar.com\\\/loja\\\/ajudas-uteis\\\/pedaleiras\\\/mini-bike-electrica-sport\",\"url\":\"https:\\\/\\\/www.maisquecuidar.com\\\/loja\\\/ajudas-uteis\\\/pedaleiras\\\/mini-bike-electrica-sport\",\"name\":\"Pedaleira Mini Bike El\u00e9ctrica Sport BH - Mais que Cuidar\",\"isPartOf\":{\"@id\":\"https:\\\/\\\/www.maisquecuidar.com\\\/loja\\\/#website\"},\"primaryImageOfPage\":{\"@id\":\"https:\\\/\\\/www.maisquecuidar.com\\\/loja\\\/ajudas-uteis\\\/pedaleiras\\\/mini-bike-electrica-sport#primaryimage\"},\"image\":{\"@id\":\"https:\\\/\\\/www.maisquecuidar.com\\\/loja\\\/ajudas-uteis\\\/pedaleiras\\\/mini-bike-electrica-sport#primaryimage\"},\"thumbnailUrl\":\"https:\\\/\\\/img.maisquecuidar.com\\\/loja\\\/wp-content\\\/uploads\\\/2017\\\/01\\\/mini-bike-electrica-sport.jpg\",\"datePublished\":\"2017-01-25T12:18:32+00:00\",\"dateModified\":\"2025-10-01T17:31:31+00:00\",\"description\":\"Descubra as caracter\u00edsticas da Mini Bike El\u00e9ctrica Sport da BH que permite a realiza\u00e7\u00e3o de exerc\u00edcio a pessoas com mobilidade reduzida. Confira o pre\u00e7o.\",\"breadcrumb\":{\"@id\":\"https:\\\/\\\/www.maisquecuidar.com\\\/loja\\\/ajudas-uteis\\\/pedaleiras\\\/mini-bike-electrica-sport#breadcrumb\"},\"inLanguage\":\"pt-PT\",\"potentialAction\":[{\"@type\":\"ReadAction\",\"target\":[\"https:\\\/\\\/www.maisquecuidar.com\\\/loja\\\/ajudas-uteis\\\/pedaleiras\\\/mini-bike-electrica-sport\"]}]},{\"@type\":\"ImageObject\",\"inLanguage\":\"pt-PT\",\"@id\":\"https:\\\/\\\/www.maisquecuidar.com\\\/loja\\\/ajudas-uteis\\\/pedaleiras\\\/mini-bike-electrica-sport#primaryimage\",\"url\":\"https:\\\/\\\/img.maisquecuidar.com\\\/loja\\\/wp-content\\\/uploads\\\/2017\\\/01\\\/mini-bike-electrica-sport.jpg\",\"contentUrl\":\"https:\\\/\\\/img.maisquecuidar.com\\\/loja\\\/wp-content\\\/uploads\\\/2017\\\/01\\\/mini-bike-electrica-sport.jpg\",\"width\":1280,\"height\":800,\"caption\":\"Mini Bike el\u00e9trica sport\"},{\"@type\":\"BreadcrumbList\",\"@id\":\"https:\\\/\\\/www.maisquecuidar.com\\\/loja\\\/ajudas-uteis\\\/pedaleiras\\\/mini-bike-electrica-sport#breadcrumb\",\"itemListElement\":[{\"@type\":\"ListItem\",\"position\":1,\"name\":\"Home\",\"item\":\"https:\\\/\\\/www.maisquecuidar.com\\\/loja\\\/\"},{\"@type\":\"ListItem\",\"position\":2,\"name\":\"Loja Online de Ortopedia e Geriatria em Portugal\",\"item\":\"https:\\\/\\\/www.maisquecuidar.com\\\/loja\\\/loja\"},{\"@type\":\"ListItem\",\"position\":3,\"name\":\"Ajudas \u00fateis di\u00e1rias\",\"item\":\"https:\\\/\\\/www.maisquecuidar.com\\\/loja\\\/ajudas-uteis\"},{\"@type\":\"ListItem\",\"position\":4,\"name\":\"Pedaleiras\",\"item\":\"https:\\\/\\\/www.maisquecuidar.com\\\/loja\\\/ajudas-uteis\\\/pedaleiras\"},{\"@type\":\"ListItem\",\"position\":5,\"name\":\"Pedaleira Mini Bike El\u00e9ctrica Sport BH\"}]},{\"@type\":\"WebSite\",\"@id\":\"https:\\\/\\\/www.maisquecuidar.com\\\/loja\\\/#website\",\"url\":\"https:\\\/\\\/www.maisquecuidar.com\\\/loja\\\/\",\"name\":\"Mais que Cuidar\",\"description\":\"Sa\u00fade, Ortopedia e Geriatria\",\"publisher\":{\"@id\":\"https:\\\/\\\/www.maisquecuidar.com\\\/loja\\\/#organization\"},\"potentialAction\":[{\"@type\":\"SearchAction\",\"target\":{\"@type\":\"EntryPoint\",\"urlTemplate\":\"https:\\\/\\\/www.maisquecuidar.com\\\/loja\\\/?s={search_term_string}\"},\"query-input\":{\"@type\":\"PropertyValueSpecification\",\"valueRequired\":true,\"valueName\":\"search_term_string\"}}],\"inLanguage\":\"pt-PT\"},{\"@type\":\"Organization\",\"@id\":\"https:\\\/\\\/www.maisquecuidar.com\\\/loja\\\/#organization\",\"name\":\"Mais Que Cuidar\",\"url\":\"https:\\\/\\\/www.maisquecuidar.com\\\/loja\\\/\",\"logo\":{\"@type\":\"ImageObject\",\"inLanguage\":\"pt-PT\",\"@id\":\"https:\\\/\\\/www.maisquecuidar.com\\\/loja\\\/#\\\/schema\\\/logo\\\/image\\\/\",\"url\":\"https:\\\/\\\/img.maisquecuidar.com\\\/loja\\\/wp-content\\\/uploads\\\/2019\\\/08\\\/logo-mais-que-cuidar-retina.png\",\"contentUrl\":\"https:\\\/\\\/img.maisquecuidar.com\\\/loja\\\/wp-content\\\/uploads\\\/2019\\\/08\\\/logo-mais-que-cuidar-retina.png\",\"width\":565,\"height\":75,\"caption\":\"Mais Que Cuidar\"},\"image\":{\"@id\":\"https:\\\/\\\/www.maisquecuidar.com\\\/loja\\\/#\\\/schema\\\/logo\\\/image\\\/\"},\"sameAs\":[\"https:\\\/\\\/www.facebook.com\\\/maisquecuidar.pt\",\"https:\\\/\\\/www.instagram.com\\\/maisquecuidar\"]}]}<\/script>\n<!-- \/ Yoast SEO plugin. -->","yoast_head_json":{"title":"Pedaleira Mini Bike El\u00e9ctrica Sport BH - Mais que Cuidar","description":"Descubra as caracter\u00edsticas da Mini Bike El\u00e9ctrica Sport da BH que permite a realiza\u00e7\u00e3o de exerc\u00edcio a pessoas com mobilidade reduzida. Confira o pre\u00e7o.","robots":{"index":"index","follow":"follow","max-snippet":"max-snippet:-1","max-image-preview":"max-image-preview:large","max-video-preview":"max-video-preview:-1"},"canonical":"https:\/\/www.maisquecuidar.com\/loja\/ajudas-uteis\/pedaleiras\/mini-bike-electrica-sport","og_locale":"pt_PT","og_type":"article","og_title":"Pedaleira Mini Bike El\u00e9ctrica Sport BH - Mais que Cuidar","og_description":"Descubra as caracter\u00edsticas da Mini Bike El\u00e9ctrica Sport da BH que permite a realiza\u00e7\u00e3o de exerc\u00edcio a pessoas com mobilidade reduzida. Confira o pre\u00e7o.","og_url":"https:\/\/www.maisquecuidar.com\/loja\/ajudas-uteis\/pedaleiras\/mini-bike-electrica-sport","og_site_name":"Mais que Cuidar","article_publisher":"https:\/\/www.facebook.com\/maisquecuidar.pt","article_modified_time":"2025-10-01T17:31:31+00:00","og_image":[{"width":1280,"height":800,"url":"https:\/\/img.maisquecuidar.com\/loja\/wp-content\/uploads\/2017\/01\/mini-bike-electrica-sport.jpg","type":"image\/jpeg"}],"twitter_misc":{"Tempo estimado de leitura":"2 minutos"},"schema":{"@context":"https:\/\/schema.org","@graph":[{"@type":"WebPage","@id":"https:\/\/www.maisquecuidar.com\/loja\/ajudas-uteis\/pedaleiras\/mini-bike-electrica-sport","url":"https:\/\/www.maisquecuidar.com\/loja\/ajudas-uteis\/pedaleiras\/mini-bike-electrica-sport","name":"Pedaleira Mini Bike El\u00e9ctrica Sport BH - Mais que Cuidar","isPartOf":{"@id":"https:\/\/www.maisquecuidar.com\/loja\/#website"},"primaryImageOfPage":{"@id":"https:\/\/www.maisquecuidar.com\/loja\/ajudas-uteis\/pedaleiras\/mini-bike-electrica-sport#primaryimage"},"image":{"@id":"https:\/\/www.maisquecuidar.com\/loja\/ajudas-uteis\/pedaleiras\/mini-bike-electrica-sport#primaryimage"},"thumbnailUrl":"https:\/\/img.maisquecuidar.com\/loja\/wp-content\/uploads\/2017\/01\/mini-bike-electrica-sport.jpg","datePublished":"2017-01-25T12:18:32+00:00","dateModified":"2025-10-01T17:31:31+00:00","description":"Descubra as caracter\u00edsticas da Mini Bike El\u00e9ctrica Sport da BH que permite a realiza\u00e7\u00e3o de exerc\u00edcio a pessoas com mobilidade reduzida. Confira o pre\u00e7o.","breadcrumb":{"@id":"https:\/\/www.maisquecuidar.com\/loja\/ajudas-uteis\/pedaleiras\/mini-bike-electrica-sport#breadcrumb"},"inLanguage":"pt-PT","potentialAction":[{"@type":"ReadAction","target":["https:\/\/www.maisquecuidar.com\/loja\/ajudas-uteis\/pedaleiras\/mini-bike-electrica-sport"]}]},{"@type":"ImageObject","inLanguage":"pt-PT","@id":"https:\/\/www.maisquecuidar.com\/loja\/ajudas-uteis\/pedaleiras\/mini-bike-electrica-sport#primaryimage","url":"https:\/\/img.maisquecuidar.com\/loja\/wp-content\/uploads\/2017\/01\/mini-bike-electrica-sport.jpg","contentUrl":"https:\/\/img.maisquecuidar.com\/loja\/wp-content\/uploads\/2017\/01\/mini-bike-electrica-sport.jpg","width":1280,"height":800,"caption":"Mini Bike el\u00e9trica sport"},{"@type":"BreadcrumbList","@id":"https:\/\/www.maisquecuidar.com\/loja\/ajudas-uteis\/pedaleiras\/mini-bike-electrica-sport#breadcrumb","itemListElement":[{"@type":"ListItem","position":1,"name":"Home","item":"https:\/\/www.maisquecuidar.com\/loja\/"},{"@type":"ListItem","position":2,"name":"Loja Online de Ortopedia e Geriatria em Portugal","item":"https:\/\/www.maisquecuidar.com\/loja\/loja"},{"@type":"ListItem","position":3,"name":"Ajudas \u00fateis di\u00e1rias","item":"https:\/\/www.maisquecuidar.com\/loja\/ajudas-uteis"},{"@type":"ListItem","position":4,"name":"Pedaleiras","item":"https:\/\/www.maisquecuidar.com\/loja\/ajudas-uteis\/pedaleiras"},{"@type":"ListItem","position":5,"name":"Pedaleira Mini Bike El\u00e9ctrica Sport BH"}]},{"@type":"WebSite","@id":"https:\/\/www.maisquecuidar.com\/loja\/#website","url":"https:\/\/www.maisquecuidar.com\/loja\/","name":"Mais que Cuidar","description":"Sa\u00fade, Ortopedia e Geriatria","publisher":{"@id":"https:\/\/www.maisquecuidar.com\/loja\/#organization"},"potentialAction":[{"@type":"SearchAction","target":{"@type":"EntryPoint","urlTemplate":"https:\/\/www.maisquecuidar.com\/loja\/?s={search_term_string}"},"query-input":{"@type":"PropertyValueSpecification","valueRequired":true,"valueName":"search_term_string"}}],"inLanguage":"pt-PT"},{"@type":"Organization","@id":"https:\/\/www.maisquecuidar.com\/loja\/#organization","name":"Mais Que Cuidar","url":"https:\/\/www.maisquecuidar.com\/loja\/","logo":{"@type":"ImageObject","inLanguage":"pt-PT","@id":"https:\/\/www.maisquecuidar.com\/loja\/#\/schema\/logo\/image\/","url":"https:\/\/img.maisquecuidar.com\/loja\/wp-content\/uploads\/2019\/08\/logo-mais-que-cuidar-retina.png","contentUrl":"https:\/\/img.maisquecuidar.com\/loja\/wp-content\/uploads\/2019\/08\/logo-mais-que-cuidar-retina.png","width":565,"height":75,"caption":"Mais Que Cuidar"},"image":{"@id":"https:\/\/www.maisquecuidar.com\/loja\/#\/schema\/logo\/image\/"},"sameAs":["https:\/\/www.facebook.com\/maisquecuidar.pt","https:\/\/www.instagram.com\/maisquecuidar"]}]}},"_links":{"self":[{"href":"https:\/\/www.maisquecuidar.com\/loja\/wp-json\/wp\/v2\/product\/5051","targetHints":{"allow":["GET"]}}],"collection":[{"href":"https:\/\/www.maisquecuidar.com\/loja\/wp-json\/wp\/v2\/product"}],"about":[{"href":"https:\/\/www.maisquecuidar.com\/loja\/wp-json\/wp\/v2\/types\/product"}],"wp:featuredmedia":[{"embeddable":true,"href":"https:\/\/www.maisquecuidar.com\/loja\/wp-json\/wp\/v2\/media\/14787"}],"wp:attachment":[{"href":"https:\/\/www.maisquecuidar.com\/loja\/wp-json\/wp\/v2\/media?parent=5051"}],"wp:term":[{"taxonomy":"product_brand","embeddable":true,"href":"https:\/\/www.maisquecuidar.com\/loja\/wp-json\/wp\/v2\/product_brand?post=5051"},{"taxonomy":"product_cat","embeddable":true,"href":"https:\/\/www.maisquecuidar.com\/loja\/wp-json\/wp\/v2\/product_cat?post=5051"},{"taxonomy":"product_tag","embeddable":true,"href":"https:\/\/www.maisquecuidar.com\/loja\/wp-json\/wp\/v2\/product_tag?post=5051"}],"curies":[{"name":"wp","href":"https:\/\/api.w.org\/{rel}","templated":true}]}}