{"id":4809,"date":"2017-01-18T14:57:54","date_gmt":"2017-01-18T14:57:54","guid":{"rendered":"https:\/\/www.maisquecuidar.com\/loja\/?post_type=product&#038;p=4809"},"modified":"2026-03-18T11:40:05","modified_gmt":"2026-03-18T11:40:05","slug":"scooter-mini-compacta-colibri-2","status":"publish","type":"product","link":"https:\/\/www.maisquecuidar.com\/loja\/mais-mobilidade\/scooters-mobilidade\/scooter-mini-compacta-colibri-2","title":{"rendered":"Scooter de Mobilidade Mini Compacta Colibri 18 Ah Invacare"},"content":{"rendered":"<p><strong>Scooter de Mobilidade Mini Compacta Colibri 18 Ah Invacare<\/strong><\/p>\n<p>\u00c9 colorida, repleta de estilo e desenhada para todos os que valorizam um estilo de vida independente. Esta vers\u00e3o est\u00e1 mais preparada para o exterior, <strong>tem maior capacidade de baterias, rodas traseiras maiores e maior autonomia<\/strong>.<\/p>\n<p>O sistema patenteado Invacare LiteLock, \u00fanico no mercado, permite que a scooter de mobilidade Colibri seja desmontada f\u00e1cil e rapidamente sem recurso a ferramentas. Desta forma, o transporte na mala do carro \u00e9 facilitado bem como a arruma\u00e7\u00e3o.<\/p>\n<p>Os apoio de bra\u00e7os desta scooter el\u00e9trica s\u00e3o rebat\u00edveis e regul\u00e1veis em largura. O assento \u00e9 girat\u00f3rio para facilitar as transfer\u00eancias e macio para dar o conforto necess\u00e1rio \u00e0 condu\u00e7\u00e3o. Para um conforto extra est\u00e1 dispon\u00edvel como op\u00e7\u00e3o um kit de suspens\u00e3o de assento.<\/p>\n<p>A manobrabilidade desta scooter \u00e9 excecional devido \u00e0s dimens\u00f5es reduzidas e por isso \u00e9 ideal para andar dentro de casa ou pequenas dist\u00e2ncias at\u00e9 ao supermercado ou ao shopping.<\/p>\n<p>Pode personalizar a scooter Colibri ao seu gosto pessoal com a escolha de quatro cores das carenagens que podem ser facilmente trocadas oferecendo uma grande possibilidade de personaliza\u00e7\u00e3o.<\/p>\n<h3>Em destaque:<\/h3>\n<ul>\n<li><strong>Desmontagem f\u00e1cil e r\u00e1pida<\/strong>: n\u00e3o pense, fa\u00e7a! Em menos de um minuto pode desmontar a scooter Colibri para transporte.<\/li>\n<li><strong>Rodas e baterias de maiores dimens\u00f5es<\/strong>: esta vers\u00e3o est\u00e1 mais preparada para outdoor, perfeita para viagens mais longas e circular em terrenos mais irregulares. Tem 2 baterias de 18 Ah.<\/li>\n<li><strong>Conforto aumentado<\/strong>: a unidade de assento macia providencia o conforto necess\u00e1rio para a condu\u00e7\u00e3o.<\/li>\n<\/ul>\n","protected":false},"excerpt":{"rendered":"<p><span data-sheets-value=\"{&quot;1&quot;:2,&quot;2&quot;:&quot;Premio de vendas e aluguer &quot;}\" data-sheets-userformat=\"{&quot;2&quot;:6723,&quot;3&quot;:{&quot;1&quot;:0},&quot;4&quot;:{&quot;1&quot;:2,&quot;2&quot;:16777215},&quot;9&quot;:0,&quot;12&quot;:0,&quot;14&quot;:{&quot;1&quot;:2,&quot;2&quot;:0},&quot;15&quot;:&quot;Arial&quot;}\">PROMO\u00c7\u00c3O V\u00c1LIDA DE 05 a 11 DE FEVEREIRO DE 2025<\/span><\/p>\n","protected":false},"featured_media":15271,"template":"","meta":{"_acf_changed":false,"neve_meta_sidebar":"","neve_meta_container":"","neve_meta_enable_content_width":"off","neve_meta_content_width":100,"neve_meta_title_alignment":"","neve_meta_author_avatar":"","neve_post_elements_order":"","neve_meta_disable_header":"","neve_meta_disable_footer":"","neve_meta_disable_title":""},"product_brand":[],"product_cat":[88],"product_tag":[433],"class_list":{"0":"post-4809","1":"product","2":"type-product","3":"status-publish","4":"has-post-thumbnail","6":"product_cat-scooters-mobilidade","7":"product_tag-scooter-de-mobilidade","9":"first","10":"instock","11":"taxable","12":"shipping-taxable","13":"purchasable","14":"product-type-variable"},"acf":[],"yoast_head":"<!-- This site is optimized with the Yoast SEO plugin v27.4 - https:\/\/yoast.com\/product\/yoast-seo-wordpress\/ -->\n<title>Scooter de Mobilidade Mini Compacta Colibri 18 Ah Invacare<\/title>\n<meta name=\"description\" content=\"Confira o pre\u00e7o e as caracter\u00edsticas da scooter de mobilidade Colibri 18 Ah da Invacare. Marque um test drive gratuito na Mais que Cuidar.\" \/>\n<meta name=\"robots\" content=\"index, follow, max-snippet:-1, max-image-preview:large, max-video-preview:-1\" \/>\n<link rel=\"canonical\" href=\"https:\/\/www.maisquecuidar.com\/loja\/mais-mobilidade\/scooters-mobilidade\/scooter-mini-compacta-colibri-2\" \/>\n<meta property=\"og:locale\" content=\"pt_PT\" \/>\n<meta property=\"og:type\" content=\"article\" \/>\n<meta property=\"og:title\" content=\"Scooter de Mobilidade Mini Compacta Colibri 18 Ah Invacare\" \/>\n<meta property=\"og:description\" content=\"Confira o pre\u00e7o e as caracter\u00edsticas da scooter de mobilidade Colibri 18 Ah da Invacare. Marque um test drive gratuito na Mais que Cuidar.\" \/>\n<meta property=\"og:url\" content=\"https:\/\/www.maisquecuidar.com\/loja\/mais-mobilidade\/scooters-mobilidade\/scooter-mini-compacta-colibri-2\" \/>\n<meta property=\"og:site_name\" content=\"Mais que Cuidar\" \/>\n<meta property=\"article:publisher\" content=\"https:\/\/www.facebook.com\/maisquecuidar.pt\" \/>\n<meta property=\"article:modified_time\" content=\"2026-03-18T11:40:05+00:00\" \/>\n<meta property=\"og:image\" content=\"https:\/\/img.maisquecuidar.com\/loja\/wp-content\/uploads\/2017\/01\/scooter-mobilidade-colibri-18ah.png\" \/>\n\t<meta property=\"og:image:width\" content=\"1280\" \/>\n\t<meta property=\"og:image:height\" content=\"800\" \/>\n\t<meta property=\"og:image:type\" content=\"image\/png\" \/>\n<meta name=\"twitter:label1\" content=\"Tempo estimado de leitura\" \/>\n\t<meta name=\"twitter:data1\" content=\"2 minutos\" \/>\n<script type=\"application\/ld+json\" class=\"yoast-schema-graph\">{\"@context\":\"https:\\\/\\\/schema.org\",\"@graph\":[{\"@type\":\"WebPage\",\"@id\":\"https:\\\/\\\/www.maisquecuidar.com\\\/loja\\\/mais-mobilidade\\\/scooters-mobilidade\\\/scooter-mini-compacta-colibri-2\",\"url\":\"https:\\\/\\\/www.maisquecuidar.com\\\/loja\\\/mais-mobilidade\\\/scooters-mobilidade\\\/scooter-mini-compacta-colibri-2\",\"name\":\"Scooter de Mobilidade Mini Compacta Colibri 18 Ah Invacare\",\"isPartOf\":{\"@id\":\"https:\\\/\\\/www.maisquecuidar.com\\\/loja\\\/#website\"},\"primaryImageOfPage\":{\"@id\":\"https:\\\/\\\/www.maisquecuidar.com\\\/loja\\\/mais-mobilidade\\\/scooters-mobilidade\\\/scooter-mini-compacta-colibri-2#primaryimage\"},\"image\":{\"@id\":\"https:\\\/\\\/www.maisquecuidar.com\\\/loja\\\/mais-mobilidade\\\/scooters-mobilidade\\\/scooter-mini-compacta-colibri-2#primaryimage\"},\"thumbnailUrl\":\"https:\\\/\\\/img.maisquecuidar.com\\\/loja\\\/wp-content\\\/uploads\\\/2017\\\/01\\\/scooter-mobilidade-colibri-18ah.png\",\"datePublished\":\"2017-01-18T14:57:54+00:00\",\"dateModified\":\"2026-03-18T11:40:05+00:00\",\"description\":\"Confira o pre\u00e7o e as caracter\u00edsticas da scooter de mobilidade Colibri 18 Ah da Invacare. Marque um test drive gratuito na Mais que Cuidar.\",\"breadcrumb\":{\"@id\":\"https:\\\/\\\/www.maisquecuidar.com\\\/loja\\\/mais-mobilidade\\\/scooters-mobilidade\\\/scooter-mini-compacta-colibri-2#breadcrumb\"},\"inLanguage\":\"pt-PT\",\"potentialAction\":[{\"@type\":\"ReadAction\",\"target\":[\"https:\\\/\\\/www.maisquecuidar.com\\\/loja\\\/mais-mobilidade\\\/scooters-mobilidade\\\/scooter-mini-compacta-colibri-2\"]}]},{\"@type\":\"ImageObject\",\"inLanguage\":\"pt-PT\",\"@id\":\"https:\\\/\\\/www.maisquecuidar.com\\\/loja\\\/mais-mobilidade\\\/scooters-mobilidade\\\/scooter-mini-compacta-colibri-2#primaryimage\",\"url\":\"https:\\\/\\\/img.maisquecuidar.com\\\/loja\\\/wp-content\\\/uploads\\\/2017\\\/01\\\/scooter-mobilidade-colibri-18ah.png\",\"contentUrl\":\"https:\\\/\\\/img.maisquecuidar.com\\\/loja\\\/wp-content\\\/uploads\\\/2017\\\/01\\\/scooter-mobilidade-colibri-18ah.png\",\"width\":1280,\"height\":800,\"caption\":\"Scooter de mobilidade colibri de 18 Ah\"},{\"@type\":\"BreadcrumbList\",\"@id\":\"https:\\\/\\\/www.maisquecuidar.com\\\/loja\\\/mais-mobilidade\\\/scooters-mobilidade\\\/scooter-mini-compacta-colibri-2#breadcrumb\",\"itemListElement\":[{\"@type\":\"ListItem\",\"position\":1,\"name\":\"Home\",\"item\":\"https:\\\/\\\/www.maisquecuidar.com\\\/loja\\\/\"},{\"@type\":\"ListItem\",\"position\":2,\"name\":\"Loja Online de Ortopedia e Geriatria em Portugal\",\"item\":\"https:\\\/\\\/www.maisquecuidar.com\\\/loja\\\/loja\"},{\"@type\":\"ListItem\",\"position\":3,\"name\":\"Mais Mobilidade\",\"item\":\"https:\\\/\\\/www.maisquecuidar.com\\\/loja\\\/mais-mobilidade\"},{\"@type\":\"ListItem\",\"position\":4,\"name\":\"Scooters de Mobilidade El\u00e9tricas\",\"item\":\"https:\\\/\\\/www.maisquecuidar.com\\\/loja\\\/mais-mobilidade\\\/scooters-mobilidade\"},{\"@type\":\"ListItem\",\"position\":5,\"name\":\"Scooter de Mobilidade Mini Compacta Colibri 18 Ah Invacare\"}]},{\"@type\":\"WebSite\",\"@id\":\"https:\\\/\\\/www.maisquecuidar.com\\\/loja\\\/#website\",\"url\":\"https:\\\/\\\/www.maisquecuidar.com\\\/loja\\\/\",\"name\":\"Mais que Cuidar\",\"description\":\"Sa\u00fade, Ortopedia e Geriatria\",\"publisher\":{\"@id\":\"https:\\\/\\\/www.maisquecuidar.com\\\/loja\\\/#organization\"},\"potentialAction\":[{\"@type\":\"SearchAction\",\"target\":{\"@type\":\"EntryPoint\",\"urlTemplate\":\"https:\\\/\\\/www.maisquecuidar.com\\\/loja\\\/?s={search_term_string}\"},\"query-input\":{\"@type\":\"PropertyValueSpecification\",\"valueRequired\":true,\"valueName\":\"search_term_string\"}}],\"inLanguage\":\"pt-PT\"},{\"@type\":\"Organization\",\"@id\":\"https:\\\/\\\/www.maisquecuidar.com\\\/loja\\\/#organization\",\"name\":\"Mais Que Cuidar\",\"url\":\"https:\\\/\\\/www.maisquecuidar.com\\\/loja\\\/\",\"logo\":{\"@type\":\"ImageObject\",\"inLanguage\":\"pt-PT\",\"@id\":\"https:\\\/\\\/www.maisquecuidar.com\\\/loja\\\/#\\\/schema\\\/logo\\\/image\\\/\",\"url\":\"https:\\\/\\\/img.maisquecuidar.com\\\/loja\\\/wp-content\\\/uploads\\\/2019\\\/08\\\/logo-mais-que-cuidar-retina.png\",\"contentUrl\":\"https:\\\/\\\/img.maisquecuidar.com\\\/loja\\\/wp-content\\\/uploads\\\/2019\\\/08\\\/logo-mais-que-cuidar-retina.png\",\"width\":565,\"height\":75,\"caption\":\"Mais Que Cuidar\"},\"image\":{\"@id\":\"https:\\\/\\\/www.maisquecuidar.com\\\/loja\\\/#\\\/schema\\\/logo\\\/image\\\/\"},\"sameAs\":[\"https:\\\/\\\/www.facebook.com\\\/maisquecuidar.pt\",\"https:\\\/\\\/www.instagram.com\\\/maisquecuidar\"]}]}<\/script>\n<!-- \/ Yoast SEO plugin. -->","yoast_head_json":{"title":"Scooter de Mobilidade Mini Compacta Colibri 18 Ah Invacare","description":"Confira o pre\u00e7o e as caracter\u00edsticas da scooter de mobilidade Colibri 18 Ah da Invacare. Marque um test drive gratuito na Mais que Cuidar.","robots":{"index":"index","follow":"follow","max-snippet":"max-snippet:-1","max-image-preview":"max-image-preview:large","max-video-preview":"max-video-preview:-1"},"canonical":"https:\/\/www.maisquecuidar.com\/loja\/mais-mobilidade\/scooters-mobilidade\/scooter-mini-compacta-colibri-2","og_locale":"pt_PT","og_type":"article","og_title":"Scooter de Mobilidade Mini Compacta Colibri 18 Ah Invacare","og_description":"Confira o pre\u00e7o e as caracter\u00edsticas da scooter de mobilidade Colibri 18 Ah da Invacare. Marque um test drive gratuito na Mais que Cuidar.","og_url":"https:\/\/www.maisquecuidar.com\/loja\/mais-mobilidade\/scooters-mobilidade\/scooter-mini-compacta-colibri-2","og_site_name":"Mais que Cuidar","article_publisher":"https:\/\/www.facebook.com\/maisquecuidar.pt","article_modified_time":"2026-03-18T11:40:05+00:00","og_image":[{"width":1280,"height":800,"url":"https:\/\/img.maisquecuidar.com\/loja\/wp-content\/uploads\/2017\/01\/scooter-mobilidade-colibri-18ah.png","type":"image\/png"}],"twitter_misc":{"Tempo estimado de leitura":"2 minutos"},"schema":{"@context":"https:\/\/schema.org","@graph":[{"@type":"WebPage","@id":"https:\/\/www.maisquecuidar.com\/loja\/mais-mobilidade\/scooters-mobilidade\/scooter-mini-compacta-colibri-2","url":"https:\/\/www.maisquecuidar.com\/loja\/mais-mobilidade\/scooters-mobilidade\/scooter-mini-compacta-colibri-2","name":"Scooter de Mobilidade Mini Compacta Colibri 18 Ah Invacare","isPartOf":{"@id":"https:\/\/www.maisquecuidar.com\/loja\/#website"},"primaryImageOfPage":{"@id":"https:\/\/www.maisquecuidar.com\/loja\/mais-mobilidade\/scooters-mobilidade\/scooter-mini-compacta-colibri-2#primaryimage"},"image":{"@id":"https:\/\/www.maisquecuidar.com\/loja\/mais-mobilidade\/scooters-mobilidade\/scooter-mini-compacta-colibri-2#primaryimage"},"thumbnailUrl":"https:\/\/img.maisquecuidar.com\/loja\/wp-content\/uploads\/2017\/01\/scooter-mobilidade-colibri-18ah.png","datePublished":"2017-01-18T14:57:54+00:00","dateModified":"2026-03-18T11:40:05+00:00","description":"Confira o pre\u00e7o e as caracter\u00edsticas da scooter de mobilidade Colibri 18 Ah da Invacare. Marque um test drive gratuito na Mais que Cuidar.","breadcrumb":{"@id":"https:\/\/www.maisquecuidar.com\/loja\/mais-mobilidade\/scooters-mobilidade\/scooter-mini-compacta-colibri-2#breadcrumb"},"inLanguage":"pt-PT","potentialAction":[{"@type":"ReadAction","target":["https:\/\/www.maisquecuidar.com\/loja\/mais-mobilidade\/scooters-mobilidade\/scooter-mini-compacta-colibri-2"]}]},{"@type":"ImageObject","inLanguage":"pt-PT","@id":"https:\/\/www.maisquecuidar.com\/loja\/mais-mobilidade\/scooters-mobilidade\/scooter-mini-compacta-colibri-2#primaryimage","url":"https:\/\/img.maisquecuidar.com\/loja\/wp-content\/uploads\/2017\/01\/scooter-mobilidade-colibri-18ah.png","contentUrl":"https:\/\/img.maisquecuidar.com\/loja\/wp-content\/uploads\/2017\/01\/scooter-mobilidade-colibri-18ah.png","width":1280,"height":800,"caption":"Scooter de mobilidade colibri de 18 Ah"},{"@type":"BreadcrumbList","@id":"https:\/\/www.maisquecuidar.com\/loja\/mais-mobilidade\/scooters-mobilidade\/scooter-mini-compacta-colibri-2#breadcrumb","itemListElement":[{"@type":"ListItem","position":1,"name":"Home","item":"https:\/\/www.maisquecuidar.com\/loja\/"},{"@type":"ListItem","position":2,"name":"Loja Online de Ortopedia e Geriatria em Portugal","item":"https:\/\/www.maisquecuidar.com\/loja\/loja"},{"@type":"ListItem","position":3,"name":"Mais Mobilidade","item":"https:\/\/www.maisquecuidar.com\/loja\/mais-mobilidade"},{"@type":"ListItem","position":4,"name":"Scooters de Mobilidade El\u00e9tricas","item":"https:\/\/www.maisquecuidar.com\/loja\/mais-mobilidade\/scooters-mobilidade"},{"@type":"ListItem","position":5,"name":"Scooter de Mobilidade Mini Compacta Colibri 18 Ah Invacare"}]},{"@type":"WebSite","@id":"https:\/\/www.maisquecuidar.com\/loja\/#website","url":"https:\/\/www.maisquecuidar.com\/loja\/","name":"Mais que Cuidar","description":"Sa\u00fade, Ortopedia e Geriatria","publisher":{"@id":"https:\/\/www.maisquecuidar.com\/loja\/#organization"},"potentialAction":[{"@type":"SearchAction","target":{"@type":"EntryPoint","urlTemplate":"https:\/\/www.maisquecuidar.com\/loja\/?s={search_term_string}"},"query-input":{"@type":"PropertyValueSpecification","valueRequired":true,"valueName":"search_term_string"}}],"inLanguage":"pt-PT"},{"@type":"Organization","@id":"https:\/\/www.maisquecuidar.com\/loja\/#organization","name":"Mais Que Cuidar","url":"https:\/\/www.maisquecuidar.com\/loja\/","logo":{"@type":"ImageObject","inLanguage":"pt-PT","@id":"https:\/\/www.maisquecuidar.com\/loja\/#\/schema\/logo\/image\/","url":"https:\/\/img.maisquecuidar.com\/loja\/wp-content\/uploads\/2019\/08\/logo-mais-que-cuidar-retina.png","contentUrl":"https:\/\/img.maisquecuidar.com\/loja\/wp-content\/uploads\/2019\/08\/logo-mais-que-cuidar-retina.png","width":565,"height":75,"caption":"Mais Que Cuidar"},"image":{"@id":"https:\/\/www.maisquecuidar.com\/loja\/#\/schema\/logo\/image\/"},"sameAs":["https:\/\/www.facebook.com\/maisquecuidar.pt","https:\/\/www.instagram.com\/maisquecuidar"]}]}},"_links":{"self":[{"href":"https:\/\/www.maisquecuidar.com\/loja\/wp-json\/wp\/v2\/product\/4809","targetHints":{"allow":["GET"]}}],"collection":[{"href":"https:\/\/www.maisquecuidar.com\/loja\/wp-json\/wp\/v2\/product"}],"about":[{"href":"https:\/\/www.maisquecuidar.com\/loja\/wp-json\/wp\/v2\/types\/product"}],"wp:featuredmedia":[{"embeddable":true,"href":"https:\/\/www.maisquecuidar.com\/loja\/wp-json\/wp\/v2\/media\/15271"}],"wp:attachment":[{"href":"https:\/\/www.maisquecuidar.com\/loja\/wp-json\/wp\/v2\/media?parent=4809"}],"wp:term":[{"taxonomy":"product_brand","embeddable":true,"href":"https:\/\/www.maisquecuidar.com\/loja\/wp-json\/wp\/v2\/product_brand?post=4809"},{"taxonomy":"product_cat","embeddable":true,"href":"https:\/\/www.maisquecuidar.com\/loja\/wp-json\/wp\/v2\/product_cat?post=4809"},{"taxonomy":"product_tag","embeddable":true,"href":"https:\/\/www.maisquecuidar.com\/loja\/wp-json\/wp\/v2\/product_tag?post=4809"}],"curies":[{"name":"wp","href":"https:\/\/api.w.org\/{rel}","templated":true}]}}