{"id":4802,"date":"2017-01-18T14:16:57","date_gmt":"2017-01-18T14:16:57","guid":{"rendered":"https:\/\/www.maisquecuidar.com\/loja\/?post_type=product&#038;p=4802"},"modified":"2026-03-18T11:29:42","modified_gmt":"2026-03-18T11:29:42","slug":"scooter-mini-compacta-colibri-1","status":"publish","type":"product","link":"https:\/\/www.maisquecuidar.com\/loja\/mais-mobilidade\/scooters-mobilidade\/scooter-mini-compacta-colibri-1","title":{"rendered":"Scooter de Mobilidade Mini Compacta Colibri Invacare"},"content":{"rendered":"<p><strong>Scooter de Mobilidade Mini Compacta Colibri Invacare<\/strong><\/p>\n<p>Uma divertida scooter desenhada para ser leve e f\u00e1cil de transportar.<\/p>\n<p>Dispon\u00edvel em v\u00e1rias cores para complementar o seu estilo e melhorar a sua independ\u00eancia.<\/p>\n<p>A bateria de 12 Ah pode ser carregada integrada na scooter ou ser removida e carregada externamente.<\/p>\n<h3>Em destaque:<\/h3>\n<ul>\n<li><strong>F\u00e1cil de transportar<\/strong>: sistema Litelock inovador e patenteado. Pode ser facilmente desmontada sem ferramentas e de forma r\u00e1pida e sem esfor\u00e7o para transporte.<\/li>\n<li><strong>Maior conforto<\/strong>: assento girat\u00f3rio macio e almofadado desenhado para uma condu\u00e7\u00e3o confort\u00e1vel. Kit de suspens\u00e3o opcional de \u00abencaixe f\u00e1cil\u00bb para ainda mais conforto.<\/li>\n<li><strong>Cor das carenagens<\/strong>: troque os pain\u00e9is de cores facilmente, sem necessidade de ferramentas usando apenas o mecanismo de encaixe. Escolha o estilo e cor que combine com o seu gosto pessoal.<\/li>\n<li><strong>Dispon\u00edvel para venda e aluguer:<\/strong> para informa\u00e7\u00f5es sobre o servi\u00e7o de aluguer <a href=\"https:\/\/www.maisquecuidar.com\/aluguer\/scooters\/scooter-mini\" target=\"_blank\" rel=\"noopener\">clique aqui<\/a>.<\/li>\n<\/ul>\n","protected":false},"excerpt":{"rendered":"<p>Uma pequena scooter com muita personalidade!<\/p>\n<p>Dispon\u00edvel para venda e aluguer<\/p>\n","protected":false},"featured_media":15273,"template":"","meta":{"_acf_changed":false,"neve_meta_sidebar":"","neve_meta_container":"","neve_meta_enable_content_width":"off","neve_meta_content_width":100,"neve_meta_title_alignment":"","neve_meta_author_avatar":"","neve_post_elements_order":"","neve_meta_disable_header":"","neve_meta_disable_footer":"","neve_meta_disable_title":""},"product_brand":[],"product_cat":[88],"product_tag":[433],"class_list":{"0":"post-4802","1":"product","2":"type-product","3":"status-publish","4":"has-post-thumbnail","6":"product_cat-scooters-mobilidade","7":"product_tag-scooter-de-mobilidade","9":"first","10":"instock","11":"taxable","12":"shipping-taxable","13":"purchasable","14":"product-type-variable"},"acf":[],"yoast_head":"<!-- This site is optimized with the Yoast SEO plugin v27.4 - https:\/\/yoast.com\/product\/yoast-seo-wordpress\/ -->\n<title>Scooter de Mobilidade Mini Compacta Colibri Invacare<\/title>\n<meta name=\"description\" content=\"Descubra as caracter\u00edsticas e o pre\u00e7o da scooter de mobilidade Colibri da Invacare. Marque um test drive gratuito numa loja Mais que Cuidar.\" \/>\n<meta name=\"robots\" content=\"index, follow, max-snippet:-1, max-image-preview:large, max-video-preview:-1\" \/>\n<link rel=\"canonical\" href=\"https:\/\/www.maisquecuidar.com\/loja\/mais-mobilidade\/scooters-mobilidade\/scooter-mini-compacta-colibri-1\" \/>\n<meta property=\"og:locale\" content=\"pt_PT\" \/>\n<meta property=\"og:type\" content=\"article\" \/>\n<meta property=\"og:title\" content=\"Scooter de Mobilidade Mini Compacta Colibri Invacare\" \/>\n<meta property=\"og:description\" content=\"Descubra as caracter\u00edsticas e o pre\u00e7o da scooter de mobilidade Colibri da Invacare. Marque um test drive gratuito numa loja Mais que Cuidar.\" \/>\n<meta property=\"og:url\" content=\"https:\/\/www.maisquecuidar.com\/loja\/mais-mobilidade\/scooters-mobilidade\/scooter-mini-compacta-colibri-1\" \/>\n<meta property=\"og:site_name\" content=\"Mais que Cuidar\" \/>\n<meta property=\"article:publisher\" content=\"https:\/\/www.facebook.com\/maisquecuidar.pt\" \/>\n<meta property=\"article:modified_time\" content=\"2026-03-18T11:29:42+00:00\" \/>\n<meta property=\"og:image\" content=\"https:\/\/img.maisquecuidar.com\/loja\/wp-content\/uploads\/2017\/01\/scooter-mobilidade-colibri-invacare.png\" \/>\n\t<meta property=\"og:image:width\" content=\"1280\" \/>\n\t<meta property=\"og:image:height\" content=\"800\" \/>\n\t<meta property=\"og:image:type\" content=\"image\/png\" \/>\n<meta name=\"twitter:label1\" content=\"Tempo estimado de leitura\" \/>\n\t<meta name=\"twitter:data1\" content=\"1 minuto\" \/>\n<script type=\"application\/ld+json\" class=\"yoast-schema-graph\">{\"@context\":\"https:\\\/\\\/schema.org\",\"@graph\":[{\"@type\":\"WebPage\",\"@id\":\"https:\\\/\\\/www.maisquecuidar.com\\\/loja\\\/mais-mobilidade\\\/scooters-mobilidade\\\/scooter-mini-compacta-colibri-1\",\"url\":\"https:\\\/\\\/www.maisquecuidar.com\\\/loja\\\/mais-mobilidade\\\/scooters-mobilidade\\\/scooter-mini-compacta-colibri-1\",\"name\":\"Scooter de Mobilidade Mini Compacta Colibri Invacare\",\"isPartOf\":{\"@id\":\"https:\\\/\\\/www.maisquecuidar.com\\\/loja\\\/#website\"},\"primaryImageOfPage\":{\"@id\":\"https:\\\/\\\/www.maisquecuidar.com\\\/loja\\\/mais-mobilidade\\\/scooters-mobilidade\\\/scooter-mini-compacta-colibri-1#primaryimage\"},\"image\":{\"@id\":\"https:\\\/\\\/www.maisquecuidar.com\\\/loja\\\/mais-mobilidade\\\/scooters-mobilidade\\\/scooter-mini-compacta-colibri-1#primaryimage\"},\"thumbnailUrl\":\"https:\\\/\\\/img.maisquecuidar.com\\\/loja\\\/wp-content\\\/uploads\\\/2017\\\/01\\\/scooter-mobilidade-colibri-invacare.png\",\"datePublished\":\"2017-01-18T14:16:57+00:00\",\"dateModified\":\"2026-03-18T11:29:42+00:00\",\"description\":\"Descubra as caracter\u00edsticas e o pre\u00e7o da scooter de mobilidade Colibri da Invacare. Marque um test drive gratuito numa loja Mais que Cuidar.\",\"breadcrumb\":{\"@id\":\"https:\\\/\\\/www.maisquecuidar.com\\\/loja\\\/mais-mobilidade\\\/scooters-mobilidade\\\/scooter-mini-compacta-colibri-1#breadcrumb\"},\"inLanguage\":\"pt-PT\",\"potentialAction\":[{\"@type\":\"ReadAction\",\"target\":[\"https:\\\/\\\/www.maisquecuidar.com\\\/loja\\\/mais-mobilidade\\\/scooters-mobilidade\\\/scooter-mini-compacta-colibri-1\"]}]},{\"@type\":\"ImageObject\",\"inLanguage\":\"pt-PT\",\"@id\":\"https:\\\/\\\/www.maisquecuidar.com\\\/loja\\\/mais-mobilidade\\\/scooters-mobilidade\\\/scooter-mini-compacta-colibri-1#primaryimage\",\"url\":\"https:\\\/\\\/img.maisquecuidar.com\\\/loja\\\/wp-content\\\/uploads\\\/2017\\\/01\\\/scooter-mobilidade-colibri-invacare.png\",\"contentUrl\":\"https:\\\/\\\/img.maisquecuidar.com\\\/loja\\\/wp-content\\\/uploads\\\/2017\\\/01\\\/scooter-mobilidade-colibri-invacare.png\",\"width\":1280,\"height\":800,\"caption\":\"Scooter de mobilidade el\u00e9ctrica Colibri da Invacare\"},{\"@type\":\"BreadcrumbList\",\"@id\":\"https:\\\/\\\/www.maisquecuidar.com\\\/loja\\\/mais-mobilidade\\\/scooters-mobilidade\\\/scooter-mini-compacta-colibri-1#breadcrumb\",\"itemListElement\":[{\"@type\":\"ListItem\",\"position\":1,\"name\":\"Home\",\"item\":\"https:\\\/\\\/www.maisquecuidar.com\\\/loja\\\/\"},{\"@type\":\"ListItem\",\"position\":2,\"name\":\"Loja Online de Ortopedia e Geriatria em Portugal\",\"item\":\"https:\\\/\\\/www.maisquecuidar.com\\\/loja\\\/loja\"},{\"@type\":\"ListItem\",\"position\":3,\"name\":\"Mais Mobilidade\",\"item\":\"https:\\\/\\\/www.maisquecuidar.com\\\/loja\\\/mais-mobilidade\"},{\"@type\":\"ListItem\",\"position\":4,\"name\":\"Scooters de Mobilidade El\u00e9tricas\",\"item\":\"https:\\\/\\\/www.maisquecuidar.com\\\/loja\\\/mais-mobilidade\\\/scooters-mobilidade\"},{\"@type\":\"ListItem\",\"position\":5,\"name\":\"Scooter de Mobilidade Mini Compacta Colibri Invacare\"}]},{\"@type\":\"WebSite\",\"@id\":\"https:\\\/\\\/www.maisquecuidar.com\\\/loja\\\/#website\",\"url\":\"https:\\\/\\\/www.maisquecuidar.com\\\/loja\\\/\",\"name\":\"Mais que Cuidar\",\"description\":\"Sa\u00fade, Ortopedia e Geriatria\",\"publisher\":{\"@id\":\"https:\\\/\\\/www.maisquecuidar.com\\\/loja\\\/#organization\"},\"potentialAction\":[{\"@type\":\"SearchAction\",\"target\":{\"@type\":\"EntryPoint\",\"urlTemplate\":\"https:\\\/\\\/www.maisquecuidar.com\\\/loja\\\/?s={search_term_string}\"},\"query-input\":{\"@type\":\"PropertyValueSpecification\",\"valueRequired\":true,\"valueName\":\"search_term_string\"}}],\"inLanguage\":\"pt-PT\"},{\"@type\":\"Organization\",\"@id\":\"https:\\\/\\\/www.maisquecuidar.com\\\/loja\\\/#organization\",\"name\":\"Mais Que Cuidar\",\"url\":\"https:\\\/\\\/www.maisquecuidar.com\\\/loja\\\/\",\"logo\":{\"@type\":\"ImageObject\",\"inLanguage\":\"pt-PT\",\"@id\":\"https:\\\/\\\/www.maisquecuidar.com\\\/loja\\\/#\\\/schema\\\/logo\\\/image\\\/\",\"url\":\"https:\\\/\\\/img.maisquecuidar.com\\\/loja\\\/wp-content\\\/uploads\\\/2019\\\/08\\\/logo-mais-que-cuidar-retina.png\",\"contentUrl\":\"https:\\\/\\\/img.maisquecuidar.com\\\/loja\\\/wp-content\\\/uploads\\\/2019\\\/08\\\/logo-mais-que-cuidar-retina.png\",\"width\":565,\"height\":75,\"caption\":\"Mais Que Cuidar\"},\"image\":{\"@id\":\"https:\\\/\\\/www.maisquecuidar.com\\\/loja\\\/#\\\/schema\\\/logo\\\/image\\\/\"},\"sameAs\":[\"https:\\\/\\\/www.facebook.com\\\/maisquecuidar.pt\",\"https:\\\/\\\/www.instagram.com\\\/maisquecuidar\"]}]}<\/script>\n<!-- \/ Yoast SEO plugin. -->","yoast_head_json":{"title":"Scooter de Mobilidade Mini Compacta Colibri Invacare","description":"Descubra as caracter\u00edsticas e o pre\u00e7o da scooter de mobilidade Colibri da Invacare. Marque um test drive gratuito numa loja Mais que Cuidar.","robots":{"index":"index","follow":"follow","max-snippet":"max-snippet:-1","max-image-preview":"max-image-preview:large","max-video-preview":"max-video-preview:-1"},"canonical":"https:\/\/www.maisquecuidar.com\/loja\/mais-mobilidade\/scooters-mobilidade\/scooter-mini-compacta-colibri-1","og_locale":"pt_PT","og_type":"article","og_title":"Scooter de Mobilidade Mini Compacta Colibri Invacare","og_description":"Descubra as caracter\u00edsticas e o pre\u00e7o da scooter de mobilidade Colibri da Invacare. Marque um test drive gratuito numa loja Mais que Cuidar.","og_url":"https:\/\/www.maisquecuidar.com\/loja\/mais-mobilidade\/scooters-mobilidade\/scooter-mini-compacta-colibri-1","og_site_name":"Mais que Cuidar","article_publisher":"https:\/\/www.facebook.com\/maisquecuidar.pt","article_modified_time":"2026-03-18T11:29:42+00:00","og_image":[{"width":1280,"height":800,"url":"https:\/\/img.maisquecuidar.com\/loja\/wp-content\/uploads\/2017\/01\/scooter-mobilidade-colibri-invacare.png","type":"image\/png"}],"twitter_misc":{"Tempo estimado de leitura":"1 minuto"},"schema":{"@context":"https:\/\/schema.org","@graph":[{"@type":"WebPage","@id":"https:\/\/www.maisquecuidar.com\/loja\/mais-mobilidade\/scooters-mobilidade\/scooter-mini-compacta-colibri-1","url":"https:\/\/www.maisquecuidar.com\/loja\/mais-mobilidade\/scooters-mobilidade\/scooter-mini-compacta-colibri-1","name":"Scooter de Mobilidade Mini Compacta Colibri Invacare","isPartOf":{"@id":"https:\/\/www.maisquecuidar.com\/loja\/#website"},"primaryImageOfPage":{"@id":"https:\/\/www.maisquecuidar.com\/loja\/mais-mobilidade\/scooters-mobilidade\/scooter-mini-compacta-colibri-1#primaryimage"},"image":{"@id":"https:\/\/www.maisquecuidar.com\/loja\/mais-mobilidade\/scooters-mobilidade\/scooter-mini-compacta-colibri-1#primaryimage"},"thumbnailUrl":"https:\/\/img.maisquecuidar.com\/loja\/wp-content\/uploads\/2017\/01\/scooter-mobilidade-colibri-invacare.png","datePublished":"2017-01-18T14:16:57+00:00","dateModified":"2026-03-18T11:29:42+00:00","description":"Descubra as caracter\u00edsticas e o pre\u00e7o da scooter de mobilidade Colibri da Invacare. Marque um test drive gratuito numa loja Mais que Cuidar.","breadcrumb":{"@id":"https:\/\/www.maisquecuidar.com\/loja\/mais-mobilidade\/scooters-mobilidade\/scooter-mini-compacta-colibri-1#breadcrumb"},"inLanguage":"pt-PT","potentialAction":[{"@type":"ReadAction","target":["https:\/\/www.maisquecuidar.com\/loja\/mais-mobilidade\/scooters-mobilidade\/scooter-mini-compacta-colibri-1"]}]},{"@type":"ImageObject","inLanguage":"pt-PT","@id":"https:\/\/www.maisquecuidar.com\/loja\/mais-mobilidade\/scooters-mobilidade\/scooter-mini-compacta-colibri-1#primaryimage","url":"https:\/\/img.maisquecuidar.com\/loja\/wp-content\/uploads\/2017\/01\/scooter-mobilidade-colibri-invacare.png","contentUrl":"https:\/\/img.maisquecuidar.com\/loja\/wp-content\/uploads\/2017\/01\/scooter-mobilidade-colibri-invacare.png","width":1280,"height":800,"caption":"Scooter de mobilidade el\u00e9ctrica Colibri da Invacare"},{"@type":"BreadcrumbList","@id":"https:\/\/www.maisquecuidar.com\/loja\/mais-mobilidade\/scooters-mobilidade\/scooter-mini-compacta-colibri-1#breadcrumb","itemListElement":[{"@type":"ListItem","position":1,"name":"Home","item":"https:\/\/www.maisquecuidar.com\/loja\/"},{"@type":"ListItem","position":2,"name":"Loja Online de Ortopedia e Geriatria em Portugal","item":"https:\/\/www.maisquecuidar.com\/loja\/loja"},{"@type":"ListItem","position":3,"name":"Mais Mobilidade","item":"https:\/\/www.maisquecuidar.com\/loja\/mais-mobilidade"},{"@type":"ListItem","position":4,"name":"Scooters de Mobilidade El\u00e9tricas","item":"https:\/\/www.maisquecuidar.com\/loja\/mais-mobilidade\/scooters-mobilidade"},{"@type":"ListItem","position":5,"name":"Scooter de Mobilidade Mini Compacta Colibri Invacare"}]},{"@type":"WebSite","@id":"https:\/\/www.maisquecuidar.com\/loja\/#website","url":"https:\/\/www.maisquecuidar.com\/loja\/","name":"Mais que Cuidar","description":"Sa\u00fade, Ortopedia e Geriatria","publisher":{"@id":"https:\/\/www.maisquecuidar.com\/loja\/#organization"},"potentialAction":[{"@type":"SearchAction","target":{"@type":"EntryPoint","urlTemplate":"https:\/\/www.maisquecuidar.com\/loja\/?s={search_term_string}"},"query-input":{"@type":"PropertyValueSpecification","valueRequired":true,"valueName":"search_term_string"}}],"inLanguage":"pt-PT"},{"@type":"Organization","@id":"https:\/\/www.maisquecuidar.com\/loja\/#organization","name":"Mais Que Cuidar","url":"https:\/\/www.maisquecuidar.com\/loja\/","logo":{"@type":"ImageObject","inLanguage":"pt-PT","@id":"https:\/\/www.maisquecuidar.com\/loja\/#\/schema\/logo\/image\/","url":"https:\/\/img.maisquecuidar.com\/loja\/wp-content\/uploads\/2019\/08\/logo-mais-que-cuidar-retina.png","contentUrl":"https:\/\/img.maisquecuidar.com\/loja\/wp-content\/uploads\/2019\/08\/logo-mais-que-cuidar-retina.png","width":565,"height":75,"caption":"Mais Que Cuidar"},"image":{"@id":"https:\/\/www.maisquecuidar.com\/loja\/#\/schema\/logo\/image\/"},"sameAs":["https:\/\/www.facebook.com\/maisquecuidar.pt","https:\/\/www.instagram.com\/maisquecuidar"]}]}},"_links":{"self":[{"href":"https:\/\/www.maisquecuidar.com\/loja\/wp-json\/wp\/v2\/product\/4802","targetHints":{"allow":["GET"]}}],"collection":[{"href":"https:\/\/www.maisquecuidar.com\/loja\/wp-json\/wp\/v2\/product"}],"about":[{"href":"https:\/\/www.maisquecuidar.com\/loja\/wp-json\/wp\/v2\/types\/product"}],"wp:featuredmedia":[{"embeddable":true,"href":"https:\/\/www.maisquecuidar.com\/loja\/wp-json\/wp\/v2\/media\/15273"}],"wp:attachment":[{"href":"https:\/\/www.maisquecuidar.com\/loja\/wp-json\/wp\/v2\/media?parent=4802"}],"wp:term":[{"taxonomy":"product_brand","embeddable":true,"href":"https:\/\/www.maisquecuidar.com\/loja\/wp-json\/wp\/v2\/product_brand?post=4802"},{"taxonomy":"product_cat","embeddable":true,"href":"https:\/\/www.maisquecuidar.com\/loja\/wp-json\/wp\/v2\/product_cat?post=4802"},{"taxonomy":"product_tag","embeddable":true,"href":"https:\/\/www.maisquecuidar.com\/loja\/wp-json\/wp\/v2\/product_tag?post=4802"}],"curies":[{"name":"wp","href":"https:\/\/api.w.org\/{rel}","templated":true}]}}