{"id":4433,"date":"2016-12-27T17:34:55","date_gmt":"2016-12-27T17:34:55","guid":{"rendered":"https:\/\/www.maisquecuidar.com\/loja\/?post_type=product&#038;p=4433"},"modified":"2025-09-15T20:06:53","modified_gmt":"2025-09-15T19:06:53","slug":"apoio-antiescaras-para-calcanhar","status":"publish","type":"product","link":"https:\/\/www.maisquecuidar.com\/loja\/quarto-conforto-bem-estar\/material-anti-escaras-cama\/apoio-antiescaras-para-calcanhar","title":{"rendered":"Apoio Anti-Escaras para Calcanhar Systam"},"content":{"rendered":"<p><strong>Apoio Anti-Escaras para Calcanhar Systam<\/strong><\/p>\n<p>Fabricado em espuma viscoel\u00e1stica macia pela Systam. A zona do calcanhar \u00e9 c\u00f4ncava para proporcionar <strong>uma prote\u00e7\u00e3o efetiva contra efeitos de fric\u00e7\u00e3o<\/strong>. O tend\u00e3o de Aquiles \u00e9 protegido por suportes laterais que pressionam diretamente para as regi\u00f5es retromaleolares consideradas como sendo de menor risco.<\/p>\n<p>Os lados da sec\u00e7\u00e3o do ante-p\u00e9 s\u00e3o c\u00f4ncavos para distribuir a press\u00e3o pelas zonas circundantes menos sujeitas \u00e0 forma\u00e7\u00e3o de escaras. Este apoio anti-escaras permite que o calcanhar seja envolvido pela espuma de mem\u00f3ria, que combinada com a sua forma arredondada, <strong>reduz picos de press\u00e3o.<\/strong><\/p>\n<p>Indicado para utilizadores com mobilidade normal ou com alguma limita\u00e7\u00e3o, bem como, utilizadores sujeitos a um movimento constante dos membros inferiores.<\/p>\n<p><strong>Caracter\u00edsticas em destaque:<\/strong><\/p>\n<ul>\n<li><strong>Capa imperme\u00e1vel e remov\u00edvel:<\/strong> capa integral bi-el\u00e1stica f\u00e1cil de limpar e desinfetar. Ajuda a reduzir os efeitos de fric\u00e7\u00e3o e cisalhamento.<\/li>\n<li><strong>Materiais de qualidade:<\/strong> fabricada em espuma viscoel\u00e1stica com efeito mem\u00f3ria.<\/li>\n<li><strong>Adapt\u00e1vel:<\/strong> gra\u00e7as ao seu material em viscoel\u00e1stico, este apoio \u00e9 moldado \u00e0 parte inferior da perna e p\u00e9 com precis\u00e3o. O p\u00e9 fica bem posicionado e ajuda a aliviar a press\u00e3o e a fric\u00e7\u00e3o no calcanhar.<\/li>\n<\/ul>\n<p><strong>Cuidados a ter na limpeza do apoio anti-escaras<\/strong><\/p>\n<p><img decoding=\"async\" class=\"alignnone  wp-image-16112 lazyload\" data-src=\"https:\/\/img.maisquecuidar.com\/loja\/wp-content\/uploads\/2016\/12\/Limpeza.png\" alt=\"Limpeza almofada de posicionamento da Systam\" width=\"210\" height=\"137\" src=\"data:image\/svg+xml;base64,PHN2ZyB3aWR0aD0iMSIgaGVpZ2h0PSIxIiB4bWxucz0iaHR0cDovL3d3dy53My5vcmcvMjAwMC9zdmciPjwvc3ZnPg==\" style=\"--smush-placeholder-width: 210px; --smush-placeholder-aspect-ratio: 210\/137;\" \/><\/p>\n","protected":false},"excerpt":{"rendered":"<p>Suporte integral para calc\u00e2neo<\/p>\n<p>&nbsp;<\/p>\n","protected":false},"featured_media":16130,"template":"","meta":{"_acf_changed":false,"neve_meta_sidebar":"","neve_meta_container":"","neve_meta_enable_content_width":"","neve_meta_content_width":0,"neve_meta_title_alignment":"","neve_meta_author_avatar":"","neve_post_elements_order":"","neve_meta_disable_header":"","neve_meta_disable_footer":"","neve_meta_disable_title":""},"product_brand":[],"product_cat":[71],"product_tag":[363],"class_list":{"0":"post-4433","1":"product","2":"type-product","3":"status-publish","4":"has-post-thumbnail","6":"product_cat-material-anti-escaras-cama","7":"product_tag-apoio-anti-escaras-para-calcanhar","9":"first","10":"instock","11":"taxable","12":"shipping-taxable","13":"purchasable","14":"product-type-simple"},"acf":[],"yoast_head":"<!-- This site is optimized with the Yoast SEO plugin v27.3 - https:\/\/yoast.com\/product\/yoast-seo-wordpress\/ -->\n<title>Apoio Anti-Escaras para Calcanhar Systam - Mais que Cuidar<\/title>\n<meta name=\"description\" content=\"Apoio anti-escaras para calcanhar fabricado em viscoel\u00e1stico pela marca Systam. Indicado para utilizadores com mobilidade normal ou com alguma limita\u00e7\u00e3o.\" \/>\n<meta name=\"robots\" content=\"index, follow, max-snippet:-1, max-image-preview:large, max-video-preview:-1\" \/>\n<link rel=\"canonical\" href=\"https:\/\/www.maisquecuidar.com\/loja\/quarto-conforto-bem-estar\/material-anti-escaras-cama\/apoio-antiescaras-para-calcanhar\" \/>\n<meta property=\"og:locale\" content=\"pt_PT\" \/>\n<meta property=\"og:type\" content=\"article\" \/>\n<meta property=\"og:title\" content=\"Apoio Anti-Escaras para Calcanhar Systam - Mais que Cuidar\" \/>\n<meta property=\"og:description\" content=\"Apoio anti-escaras para calcanhar fabricado em viscoel\u00e1stico pela marca Systam. Indicado para utilizadores com mobilidade normal ou com alguma limita\u00e7\u00e3o.\" \/>\n<meta property=\"og:url\" content=\"https:\/\/www.maisquecuidar.com\/loja\/quarto-conforto-bem-estar\/material-anti-escaras-cama\/apoio-antiescaras-para-calcanhar\" \/>\n<meta property=\"og:site_name\" content=\"Mais que Cuidar\" \/>\n<meta property=\"article:publisher\" content=\"https:\/\/www.facebook.com\/maisquecuidar.pt\" \/>\n<meta property=\"article:modified_time\" content=\"2025-09-15T19:06:53+00:00\" \/>\n<meta property=\"og:image\" content=\"https:\/\/img.maisquecuidar.com\/loja\/wp-content\/uploads\/2016\/12\/Apoio-anti-escaras-calcanhar.png\" \/>\n\t<meta property=\"og:image:width\" content=\"1280\" \/>\n\t<meta property=\"og:image:height\" content=\"800\" \/>\n\t<meta property=\"og:image:type\" content=\"image\/png\" \/>\n<meta name=\"twitter:label1\" content=\"Tempo estimado de leitura\" \/>\n\t<meta name=\"twitter:data1\" content=\"2 minutos\" \/>\n<script type=\"application\/ld+json\" class=\"yoast-schema-graph\">{\"@context\":\"https:\\\/\\\/schema.org\",\"@graph\":[{\"@type\":\"WebPage\",\"@id\":\"https:\\\/\\\/www.maisquecuidar.com\\\/loja\\\/quarto-conforto-bem-estar\\\/material-anti-escaras-cama\\\/apoio-antiescaras-para-calcanhar\",\"url\":\"https:\\\/\\\/www.maisquecuidar.com\\\/loja\\\/quarto-conforto-bem-estar\\\/material-anti-escaras-cama\\\/apoio-antiescaras-para-calcanhar\",\"name\":\"Apoio Anti-Escaras para Calcanhar Systam - Mais que Cuidar\",\"isPartOf\":{\"@id\":\"https:\\\/\\\/www.maisquecuidar.com\\\/loja\\\/#website\"},\"primaryImageOfPage\":{\"@id\":\"https:\\\/\\\/www.maisquecuidar.com\\\/loja\\\/quarto-conforto-bem-estar\\\/material-anti-escaras-cama\\\/apoio-antiescaras-para-calcanhar#primaryimage\"},\"image\":{\"@id\":\"https:\\\/\\\/www.maisquecuidar.com\\\/loja\\\/quarto-conforto-bem-estar\\\/material-anti-escaras-cama\\\/apoio-antiescaras-para-calcanhar#primaryimage\"},\"thumbnailUrl\":\"https:\\\/\\\/img.maisquecuidar.com\\\/loja\\\/wp-content\\\/uploads\\\/2016\\\/12\\\/Apoio-anti-escaras-calcanhar.png\",\"datePublished\":\"2016-12-27T17:34:55+00:00\",\"dateModified\":\"2025-09-15T19:06:53+00:00\",\"description\":\"Apoio anti-escaras para calcanhar fabricado em viscoel\u00e1stico pela marca Systam. Indicado para utilizadores com mobilidade normal ou com alguma limita\u00e7\u00e3o.\",\"breadcrumb\":{\"@id\":\"https:\\\/\\\/www.maisquecuidar.com\\\/loja\\\/quarto-conforto-bem-estar\\\/material-anti-escaras-cama\\\/apoio-antiescaras-para-calcanhar#breadcrumb\"},\"inLanguage\":\"pt-PT\",\"potentialAction\":[{\"@type\":\"ReadAction\",\"target\":[\"https:\\\/\\\/www.maisquecuidar.com\\\/loja\\\/quarto-conforto-bem-estar\\\/material-anti-escaras-cama\\\/apoio-antiescaras-para-calcanhar\"]}]},{\"@type\":\"ImageObject\",\"inLanguage\":\"pt-PT\",\"@id\":\"https:\\\/\\\/www.maisquecuidar.com\\\/loja\\\/quarto-conforto-bem-estar\\\/material-anti-escaras-cama\\\/apoio-antiescaras-para-calcanhar#primaryimage\",\"url\":\"https:\\\/\\\/img.maisquecuidar.com\\\/loja\\\/wp-content\\\/uploads\\\/2016\\\/12\\\/Apoio-anti-escaras-calcanhar.png\",\"contentUrl\":\"https:\\\/\\\/img.maisquecuidar.com\\\/loja\\\/wp-content\\\/uploads\\\/2016\\\/12\\\/Apoio-anti-escaras-calcanhar.png\",\"width\":1280,\"height\":800,\"caption\":\"Apoio anti-escaras para calcanhar da Systam\"},{\"@type\":\"BreadcrumbList\",\"@id\":\"https:\\\/\\\/www.maisquecuidar.com\\\/loja\\\/quarto-conforto-bem-estar\\\/material-anti-escaras-cama\\\/apoio-antiescaras-para-calcanhar#breadcrumb\",\"itemListElement\":[{\"@type\":\"ListItem\",\"position\":1,\"name\":\"Home\",\"item\":\"https:\\\/\\\/www.maisquecuidar.com\\\/loja\\\/\"},{\"@type\":\"ListItem\",\"position\":2,\"name\":\"Loja Online de Ortopedia e Geriatria em Portugal\",\"item\":\"https:\\\/\\\/www.maisquecuidar.com\\\/loja\\\/loja\"},{\"@type\":\"ListItem\",\"position\":3,\"name\":\"Quarto, Conforto e Bem Estar\",\"item\":\"https:\\\/\\\/www.maisquecuidar.com\\\/loja\\\/quarto-conforto-bem-estar\"},{\"@type\":\"ListItem\",\"position\":4,\"name\":\"Material Anti-Escaras para Posicionamento na Cama\",\"item\":\"https:\\\/\\\/www.maisquecuidar.com\\\/loja\\\/quarto-conforto-bem-estar\\\/material-anti-escaras-cama\"},{\"@type\":\"ListItem\",\"position\":5,\"name\":\"Apoio Anti-Escaras para Calcanhar Systam\"}]},{\"@type\":\"WebSite\",\"@id\":\"https:\\\/\\\/www.maisquecuidar.com\\\/loja\\\/#website\",\"url\":\"https:\\\/\\\/www.maisquecuidar.com\\\/loja\\\/\",\"name\":\"Mais que Cuidar\",\"description\":\"Sa\u00fade, Ortopedia e Geriatria\",\"publisher\":{\"@id\":\"https:\\\/\\\/www.maisquecuidar.com\\\/loja\\\/#organization\"},\"potentialAction\":[{\"@type\":\"SearchAction\",\"target\":{\"@type\":\"EntryPoint\",\"urlTemplate\":\"https:\\\/\\\/www.maisquecuidar.com\\\/loja\\\/?s={search_term_string}\"},\"query-input\":{\"@type\":\"PropertyValueSpecification\",\"valueRequired\":true,\"valueName\":\"search_term_string\"}}],\"inLanguage\":\"pt-PT\"},{\"@type\":\"Organization\",\"@id\":\"https:\\\/\\\/www.maisquecuidar.com\\\/loja\\\/#organization\",\"name\":\"Mais Que Cuidar\",\"url\":\"https:\\\/\\\/www.maisquecuidar.com\\\/loja\\\/\",\"logo\":{\"@type\":\"ImageObject\",\"inLanguage\":\"pt-PT\",\"@id\":\"https:\\\/\\\/www.maisquecuidar.com\\\/loja\\\/#\\\/schema\\\/logo\\\/image\\\/\",\"url\":\"https:\\\/\\\/img.maisquecuidar.com\\\/loja\\\/wp-content\\\/uploads\\\/2019\\\/08\\\/logo-mais-que-cuidar-retina.png\",\"contentUrl\":\"https:\\\/\\\/img.maisquecuidar.com\\\/loja\\\/wp-content\\\/uploads\\\/2019\\\/08\\\/logo-mais-que-cuidar-retina.png\",\"width\":565,\"height\":75,\"caption\":\"Mais Que Cuidar\"},\"image\":{\"@id\":\"https:\\\/\\\/www.maisquecuidar.com\\\/loja\\\/#\\\/schema\\\/logo\\\/image\\\/\"},\"sameAs\":[\"https:\\\/\\\/www.facebook.com\\\/maisquecuidar.pt\",\"https:\\\/\\\/www.instagram.com\\\/maisquecuidar\"]}]}<\/script>\n<!-- \/ Yoast SEO plugin. -->","yoast_head_json":{"title":"Apoio Anti-Escaras para Calcanhar Systam - Mais que Cuidar","description":"Apoio anti-escaras para calcanhar fabricado em viscoel\u00e1stico pela marca Systam. Indicado para utilizadores com mobilidade normal ou com alguma limita\u00e7\u00e3o.","robots":{"index":"index","follow":"follow","max-snippet":"max-snippet:-1","max-image-preview":"max-image-preview:large","max-video-preview":"max-video-preview:-1"},"canonical":"https:\/\/www.maisquecuidar.com\/loja\/quarto-conforto-bem-estar\/material-anti-escaras-cama\/apoio-antiescaras-para-calcanhar","og_locale":"pt_PT","og_type":"article","og_title":"Apoio Anti-Escaras para Calcanhar Systam - Mais que Cuidar","og_description":"Apoio anti-escaras para calcanhar fabricado em viscoel\u00e1stico pela marca Systam. Indicado para utilizadores com mobilidade normal ou com alguma limita\u00e7\u00e3o.","og_url":"https:\/\/www.maisquecuidar.com\/loja\/quarto-conforto-bem-estar\/material-anti-escaras-cama\/apoio-antiescaras-para-calcanhar","og_site_name":"Mais que Cuidar","article_publisher":"https:\/\/www.facebook.com\/maisquecuidar.pt","article_modified_time":"2025-09-15T19:06:53+00:00","og_image":[{"width":1280,"height":800,"url":"https:\/\/img.maisquecuidar.com\/loja\/wp-content\/uploads\/2016\/12\/Apoio-anti-escaras-calcanhar.png","type":"image\/png"}],"twitter_misc":{"Tempo estimado de leitura":"2 minutos"},"schema":{"@context":"https:\/\/schema.org","@graph":[{"@type":"WebPage","@id":"https:\/\/www.maisquecuidar.com\/loja\/quarto-conforto-bem-estar\/material-anti-escaras-cama\/apoio-antiescaras-para-calcanhar","url":"https:\/\/www.maisquecuidar.com\/loja\/quarto-conforto-bem-estar\/material-anti-escaras-cama\/apoio-antiescaras-para-calcanhar","name":"Apoio Anti-Escaras para Calcanhar Systam - Mais que Cuidar","isPartOf":{"@id":"https:\/\/www.maisquecuidar.com\/loja\/#website"},"primaryImageOfPage":{"@id":"https:\/\/www.maisquecuidar.com\/loja\/quarto-conforto-bem-estar\/material-anti-escaras-cama\/apoio-antiescaras-para-calcanhar#primaryimage"},"image":{"@id":"https:\/\/www.maisquecuidar.com\/loja\/quarto-conforto-bem-estar\/material-anti-escaras-cama\/apoio-antiescaras-para-calcanhar#primaryimage"},"thumbnailUrl":"https:\/\/img.maisquecuidar.com\/loja\/wp-content\/uploads\/2016\/12\/Apoio-anti-escaras-calcanhar.png","datePublished":"2016-12-27T17:34:55+00:00","dateModified":"2025-09-15T19:06:53+00:00","description":"Apoio anti-escaras para calcanhar fabricado em viscoel\u00e1stico pela marca Systam. Indicado para utilizadores com mobilidade normal ou com alguma limita\u00e7\u00e3o.","breadcrumb":{"@id":"https:\/\/www.maisquecuidar.com\/loja\/quarto-conforto-bem-estar\/material-anti-escaras-cama\/apoio-antiescaras-para-calcanhar#breadcrumb"},"inLanguage":"pt-PT","potentialAction":[{"@type":"ReadAction","target":["https:\/\/www.maisquecuidar.com\/loja\/quarto-conforto-bem-estar\/material-anti-escaras-cama\/apoio-antiescaras-para-calcanhar"]}]},{"@type":"ImageObject","inLanguage":"pt-PT","@id":"https:\/\/www.maisquecuidar.com\/loja\/quarto-conforto-bem-estar\/material-anti-escaras-cama\/apoio-antiescaras-para-calcanhar#primaryimage","url":"https:\/\/img.maisquecuidar.com\/loja\/wp-content\/uploads\/2016\/12\/Apoio-anti-escaras-calcanhar.png","contentUrl":"https:\/\/img.maisquecuidar.com\/loja\/wp-content\/uploads\/2016\/12\/Apoio-anti-escaras-calcanhar.png","width":1280,"height":800,"caption":"Apoio anti-escaras para calcanhar da Systam"},{"@type":"BreadcrumbList","@id":"https:\/\/www.maisquecuidar.com\/loja\/quarto-conforto-bem-estar\/material-anti-escaras-cama\/apoio-antiescaras-para-calcanhar#breadcrumb","itemListElement":[{"@type":"ListItem","position":1,"name":"Home","item":"https:\/\/www.maisquecuidar.com\/loja\/"},{"@type":"ListItem","position":2,"name":"Loja Online de Ortopedia e Geriatria em Portugal","item":"https:\/\/www.maisquecuidar.com\/loja\/loja"},{"@type":"ListItem","position":3,"name":"Quarto, Conforto e Bem Estar","item":"https:\/\/www.maisquecuidar.com\/loja\/quarto-conforto-bem-estar"},{"@type":"ListItem","position":4,"name":"Material Anti-Escaras para Posicionamento na Cama","item":"https:\/\/www.maisquecuidar.com\/loja\/quarto-conforto-bem-estar\/material-anti-escaras-cama"},{"@type":"ListItem","position":5,"name":"Apoio Anti-Escaras para Calcanhar Systam"}]},{"@type":"WebSite","@id":"https:\/\/www.maisquecuidar.com\/loja\/#website","url":"https:\/\/www.maisquecuidar.com\/loja\/","name":"Mais que Cuidar","description":"Sa\u00fade, Ortopedia e Geriatria","publisher":{"@id":"https:\/\/www.maisquecuidar.com\/loja\/#organization"},"potentialAction":[{"@type":"SearchAction","target":{"@type":"EntryPoint","urlTemplate":"https:\/\/www.maisquecuidar.com\/loja\/?s={search_term_string}"},"query-input":{"@type":"PropertyValueSpecification","valueRequired":true,"valueName":"search_term_string"}}],"inLanguage":"pt-PT"},{"@type":"Organization","@id":"https:\/\/www.maisquecuidar.com\/loja\/#organization","name":"Mais Que Cuidar","url":"https:\/\/www.maisquecuidar.com\/loja\/","logo":{"@type":"ImageObject","inLanguage":"pt-PT","@id":"https:\/\/www.maisquecuidar.com\/loja\/#\/schema\/logo\/image\/","url":"https:\/\/img.maisquecuidar.com\/loja\/wp-content\/uploads\/2019\/08\/logo-mais-que-cuidar-retina.png","contentUrl":"https:\/\/img.maisquecuidar.com\/loja\/wp-content\/uploads\/2019\/08\/logo-mais-que-cuidar-retina.png","width":565,"height":75,"caption":"Mais Que Cuidar"},"image":{"@id":"https:\/\/www.maisquecuidar.com\/loja\/#\/schema\/logo\/image\/"},"sameAs":["https:\/\/www.facebook.com\/maisquecuidar.pt","https:\/\/www.instagram.com\/maisquecuidar"]}]}},"_links":{"self":[{"href":"https:\/\/www.maisquecuidar.com\/loja\/wp-json\/wp\/v2\/product\/4433","targetHints":{"allow":["GET"]}}],"collection":[{"href":"https:\/\/www.maisquecuidar.com\/loja\/wp-json\/wp\/v2\/product"}],"about":[{"href":"https:\/\/www.maisquecuidar.com\/loja\/wp-json\/wp\/v2\/types\/product"}],"wp:featuredmedia":[{"embeddable":true,"href":"https:\/\/www.maisquecuidar.com\/loja\/wp-json\/wp\/v2\/media\/16130"}],"wp:attachment":[{"href":"https:\/\/www.maisquecuidar.com\/loja\/wp-json\/wp\/v2\/media?parent=4433"}],"wp:term":[{"taxonomy":"product_brand","embeddable":true,"href":"https:\/\/www.maisquecuidar.com\/loja\/wp-json\/wp\/v2\/product_brand?post=4433"},{"taxonomy":"product_cat","embeddable":true,"href":"https:\/\/www.maisquecuidar.com\/loja\/wp-json\/wp\/v2\/product_cat?post=4433"},{"taxonomy":"product_tag","embeddable":true,"href":"https:\/\/www.maisquecuidar.com\/loja\/wp-json\/wp\/v2\/product_tag?post=4433"}],"curies":[{"name":"wp","href":"https:\/\/api.w.org\/{rel}","templated":true}]}}