{"id":4004,"date":"2016-12-13T22:59:00","date_gmt":"2016-12-13T22:59:00","guid":{"rendered":"https:\/\/www.maisquecuidar.com\/loja\/?post_type=product&#038;p=4004"},"modified":"2026-04-07T18:58:33","modified_gmt":"2026-04-07T17:58:33","slug":"poltrona-manual-de-repouso","status":"publish","type":"product","link":"https:\/\/www.maisquecuidar.com\/loja\/quarto-conforto-bem-estar\/poltronas-repouso-relax\/poltrona-manual-de-repouso","title":{"rendered":"Poltrona Geri\u00e1trica Manual de Repouso"},"content":{"rendered":"<p><strong>Poltrona geri\u00e1trica manual de repouso<\/strong><\/p>\n<p>A poltrona manual \u00e9 um sof\u00e1 com reclina\u00e7\u00e3o manual e que \u00e9 recomendado para utilizadores com mobilidade reduzida. \u00c9 usado frequentemente em institui\u00e7\u00f5es, como hospitais, cl\u00ednicas e resid\u00eancias para idosos e tamb\u00e9m pode ser utilizado em casa.<\/p>\n<p>\u00c9 reclin\u00e1vel manualmente e permite 2 posi\u00e7\u00f5es:<\/p>\n<ul>\n<li><strong>A posi\u00e7\u00e3o de semi-deitado<\/strong> que permite ao utilizador descansar confortavelmente e aliviar as zonas de press\u00e3o sobretudo quando passa muitas horas sentado.<\/li>\n<li><strong>A posi\u00e7\u00e3o de sentado\u00a0<\/strong>quando o utilizador est\u00e1 a fazer as suas refei\u00e7\u00f5es ou outras atividades como ver televis\u00e3o, ler ou fazer jogos.<\/li>\n<\/ul>\n<h3>Caracter\u00edsticas em destaque:<\/h3>\n<ul>\n<li>Sof\u00e1 relax articulado manual com suporte de cabe\u00e7a (Orelhas).<\/li>\n<li>\u00c9 fabricado em espuma que oferece um excelente conforto e um bom posicionamento.<\/li>\n<li>O encosto reclina em simult\u00e2neo com o apoio de p\u00e9s para permitir uma posi\u00e7\u00e3o totalmente deitada.<\/li>\n<li>Forrado a napa possibilita uma <strong>f\u00e1cil limpeza e higieniza\u00e7\u00e3o<\/strong> sobretudo em utilizadores com problemas de incontin\u00eancia.<\/li>\n<li>Tem quatro rodas, duas delas com trav\u00e3o para seguran\u00e7a. As rodas permitem que este cadeir\u00e3o reclin\u00e1vel possa ser mobilizado para o local pretendido na mesma divis\u00e3o ou para outra divis\u00e3o. Normalmente \u00e9 usado no quarto de idosos ou doentes e pode ser utilizado, por exemplo, na sala de estar.<\/li>\n<li><strong>A cor da napa tem v\u00e1rias op\u00e7\u00f5es dispon\u00edveis.<\/strong> As cores mais procuradas s\u00e3o o castanho e o preto.<\/li>\n<li>A largura total deste sof\u00e1 normalmente \u00e9 de 70 cm e pode ter tamb\u00e9m a largura total de 65 ou 68 cm (larguras dos sof\u00e1s que est\u00e3o em stock para pronta entrega). Al\u00e9m disso, pode ser fabricado por medida, e nesta situa\u00e7\u00e3o, o tempo de entrega pode ser mais demorado (cerca de 2 a 3 semanas). A largura total \u00e9 um fator importante em situa\u00e7\u00f5es em que se pretenda deslocar o sof\u00e1 atrav\u00e9s de portas, no interior de casa ou de uma institui\u00e7\u00e3o.<\/li>\n<li>A <strong>largura do assento<\/strong> (zona onde o utilizador se senta) tem 50 cm (nos modelos de stock para entrega imediata). Tamb\u00e9m pode ser personalizada. Quanto maior a zona do assento, maior ser\u00e1 a largura total da poltrona.<\/li>\n<li><strong>Este modelo de poltrona est\u00e1 dispon\u00edvel para compra ou aluguer.<\/strong> Para informa\u00e7\u00f5es sobre o servi\u00e7o de aluguer <a href=\"https:\/\/www.maisquecuidar.com\/aluguer\/poltronas-relax\/poltrona-manual\" target=\"_blank\" rel=\"noopener\">clique aqui<\/a>.<\/li>\n<\/ul>\n<h3>Higiene e cuidados com a utiliza\u00e7\u00e3o<\/h3>\n<ul>\n<li>Limpar regularmente com um pano humedecido com um sab\u00e3o neutro.<\/li>\n<li>Limpar imediatamente a fim de evitar a penetra\u00e7\u00e3o no tecido.<\/li>\n<\/ul>\n<h3>Informa\u00e7\u00e3o sobre o servi\u00e7o de entrega<\/h3>\n<ul>\n<li>Dispomos de servi\u00e7o de entrega e montagem no domicilio na regi\u00e3o do Porto e de Lisboa por t\u00e9cnicos especializados da Mais que Cuidar.<\/li>\n<li>Fazemos entregas para andares acima do r\u00e9s-do-ch\u00e3o na regi\u00e3o do Porto e de Lisboa.<\/li>\n<\/ul>\n<div class=\"innerShortcode\">\n<div class=\"innerContent\"><\/div>\n<\/div>\n","protected":false},"excerpt":{"rendered":"<p>PROMO\u00c7\u00c3O V\u00c1LIDA DE 08 a 14 DE ABRIL DE 2026<\/p>\n<p>*Promo\u00e7\u00e3o Limitada ao Stock Existente<\/p>\n<p>Cadeir\u00e3o geri\u00e1trico dispon\u00edvel para venda e aluguer.<\/p>\n","protected":false},"featured_media":19660,"template":"","meta":{"_acf_changed":false,"neve_meta_sidebar":"","neve_meta_container":"","neve_meta_enable_content_width":"off","neve_meta_content_width":100,"neve_meta_title_alignment":"","neve_meta_author_avatar":"","neve_post_elements_order":"","neve_meta_disable_header":"","neve_meta_disable_footer":"","neve_meta_disable_title":""},"product_brand":[],"product_cat":[778],"product_tag":[342,341,343,346,345],"class_list":{"0":"post-4004","1":"product","2":"type-product","3":"status-publish","4":"has-post-thumbnail","6":"product_cat-poltronas-repouso-relax","7":"product_tag-poltrona-para-doentes","8":"product_tag-poltrona-para-idosos","9":"product_tag-poltronas-para-idosos","10":"product_tag-sofas-para-doentes","11":"product_tag-sofas-para-idosos","13":"first","14":"instock","15":"sale","16":"taxable","17":"shipping-taxable","18":"purchasable","19":"product-type-variable","20":"has-default-attributes"},"acf":[],"yoast_head":"<!-- This site is optimized with the Yoast SEO plugin v27.3 - https:\/\/yoast.com\/product\/yoast-seo-wordpress\/ -->\n<title>Poltrona Geri\u00e1trica Manual de Repouso - Mais que Cuidar<\/title>\n<meta name=\"description\" content=\"Poltrona geri\u00e1trica manual de repouso e relax que reclina para tr\u00e1s e proporciona grande conforto e comodidade. Pode comprar ou alugar com a Mais que Cuidar\" \/>\n<meta name=\"robots\" content=\"index, follow, max-snippet:-1, max-image-preview:large, max-video-preview:-1\" \/>\n<link rel=\"canonical\" href=\"https:\/\/www.maisquecuidar.com\/loja\/quarto-conforto-bem-estar\/poltronas-repouso-relax\/poltrona-manual-de-repouso\" \/>\n<meta property=\"og:locale\" content=\"pt_PT\" \/>\n<meta property=\"og:type\" content=\"article\" \/>\n<meta property=\"og:title\" content=\"Poltrona Geri\u00e1trica Manual de Repouso - Mais que Cuidar\" \/>\n<meta property=\"og:description\" content=\"Poltrona geri\u00e1trica manual de repouso e relax que reclina para tr\u00e1s e proporciona grande conforto e comodidade. Pode comprar ou alugar com a Mais que Cuidar\" \/>\n<meta property=\"og:url\" content=\"https:\/\/www.maisquecuidar.com\/loja\/quarto-conforto-bem-estar\/poltronas-repouso-relax\/poltrona-manual-de-repouso\" \/>\n<meta property=\"og:site_name\" content=\"Mais que Cuidar\" \/>\n<meta property=\"article:publisher\" content=\"https:\/\/www.facebook.com\/maisquecuidar.pt\" \/>\n<meta property=\"article:modified_time\" content=\"2026-04-07T17:58:33+00:00\" \/>\n<meta property=\"og:image\" content=\"https:\/\/img.maisquecuidar.com\/loja\/wp-content\/uploads\/2025\/09\/poltrona-manual-idosos.jpg\" \/>\n\t<meta property=\"og:image:width\" content=\"1280\" \/>\n\t<meta property=\"og:image:height\" content=\"800\" \/>\n\t<meta property=\"og:image:type\" content=\"image\/jpeg\" \/>\n<meta name=\"twitter:label1\" content=\"Tempo estimado de leitura\" \/>\n\t<meta name=\"twitter:data1\" content=\"3 minutos\" \/>\n<script type=\"application\/ld+json\" class=\"yoast-schema-graph\">{\"@context\":\"https:\\\/\\\/schema.org\",\"@graph\":[{\"@type\":\"WebPage\",\"@id\":\"https:\\\/\\\/www.maisquecuidar.com\\\/loja\\\/quarto-conforto-bem-estar\\\/poltronas-repouso-relax\\\/poltrona-manual-de-repouso\",\"url\":\"https:\\\/\\\/www.maisquecuidar.com\\\/loja\\\/quarto-conforto-bem-estar\\\/poltronas-repouso-relax\\\/poltrona-manual-de-repouso\",\"name\":\"Poltrona Geri\u00e1trica Manual de Repouso - Mais que Cuidar\",\"isPartOf\":{\"@id\":\"https:\\\/\\\/www.maisquecuidar.com\\\/loja\\\/#website\"},\"primaryImageOfPage\":{\"@id\":\"https:\\\/\\\/www.maisquecuidar.com\\\/loja\\\/quarto-conforto-bem-estar\\\/poltronas-repouso-relax\\\/poltrona-manual-de-repouso#primaryimage\"},\"image\":{\"@id\":\"https:\\\/\\\/www.maisquecuidar.com\\\/loja\\\/quarto-conforto-bem-estar\\\/poltronas-repouso-relax\\\/poltrona-manual-de-repouso#primaryimage\"},\"thumbnailUrl\":\"https:\\\/\\\/img.maisquecuidar.com\\\/loja\\\/wp-content\\\/uploads\\\/2025\\\/09\\\/poltrona-manual-idosos.jpg\",\"datePublished\":\"2016-12-13T22:59:00+00:00\",\"dateModified\":\"2026-04-07T17:58:33+00:00\",\"description\":\"Poltrona geri\u00e1trica manual de repouso e relax que reclina para tr\u00e1s e proporciona grande conforto e comodidade. Pode comprar ou alugar com a Mais que Cuidar\",\"breadcrumb\":{\"@id\":\"https:\\\/\\\/www.maisquecuidar.com\\\/loja\\\/quarto-conforto-bem-estar\\\/poltronas-repouso-relax\\\/poltrona-manual-de-repouso#breadcrumb\"},\"inLanguage\":\"pt-PT\",\"potentialAction\":[{\"@type\":\"ReadAction\",\"target\":[\"https:\\\/\\\/www.maisquecuidar.com\\\/loja\\\/quarto-conforto-bem-estar\\\/poltronas-repouso-relax\\\/poltrona-manual-de-repouso\"]}]},{\"@type\":\"ImageObject\",\"inLanguage\":\"pt-PT\",\"@id\":\"https:\\\/\\\/www.maisquecuidar.com\\\/loja\\\/quarto-conforto-bem-estar\\\/poltronas-repouso-relax\\\/poltrona-manual-de-repouso#primaryimage\",\"url\":\"https:\\\/\\\/img.maisquecuidar.com\\\/loja\\\/wp-content\\\/uploads\\\/2025\\\/09\\\/poltrona-manual-idosos.jpg\",\"contentUrl\":\"https:\\\/\\\/img.maisquecuidar.com\\\/loja\\\/wp-content\\\/uploads\\\/2025\\\/09\\\/poltrona-manual-idosos.jpg\",\"width\":1280,\"height\":800},{\"@type\":\"BreadcrumbList\",\"@id\":\"https:\\\/\\\/www.maisquecuidar.com\\\/loja\\\/quarto-conforto-bem-estar\\\/poltronas-repouso-relax\\\/poltrona-manual-de-repouso#breadcrumb\",\"itemListElement\":[{\"@type\":\"ListItem\",\"position\":1,\"name\":\"Home\",\"item\":\"https:\\\/\\\/www.maisquecuidar.com\\\/loja\\\/\"},{\"@type\":\"ListItem\",\"position\":2,\"name\":\"Loja Online de Ortopedia e Geriatria em Portugal\",\"item\":\"https:\\\/\\\/www.maisquecuidar.com\\\/loja\\\/loja\"},{\"@type\":\"ListItem\",\"position\":3,\"name\":\"Quarto, Conforto e Bem Estar\",\"item\":\"https:\\\/\\\/www.maisquecuidar.com\\\/loja\\\/quarto-conforto-bem-estar\"},{\"@type\":\"ListItem\",\"position\":4,\"name\":\"Cadeir\u00f5es e Poltronas Reclin\u00e1veis | Geri\u00e1tricas\",\"item\":\"https:\\\/\\\/www.maisquecuidar.com\\\/loja\\\/quarto-conforto-bem-estar\\\/poltronas-repouso-relax\"},{\"@type\":\"ListItem\",\"position\":5,\"name\":\"Poltrona Geri\u00e1trica Manual de Repouso\"}]},{\"@type\":\"WebSite\",\"@id\":\"https:\\\/\\\/www.maisquecuidar.com\\\/loja\\\/#website\",\"url\":\"https:\\\/\\\/www.maisquecuidar.com\\\/loja\\\/\",\"name\":\"Mais que Cuidar\",\"description\":\"Sa\u00fade, Ortopedia e Geriatria\",\"publisher\":{\"@id\":\"https:\\\/\\\/www.maisquecuidar.com\\\/loja\\\/#organization\"},\"potentialAction\":[{\"@type\":\"SearchAction\",\"target\":{\"@type\":\"EntryPoint\",\"urlTemplate\":\"https:\\\/\\\/www.maisquecuidar.com\\\/loja\\\/?s={search_term_string}\"},\"query-input\":{\"@type\":\"PropertyValueSpecification\",\"valueRequired\":true,\"valueName\":\"search_term_string\"}}],\"inLanguage\":\"pt-PT\"},{\"@type\":\"Organization\",\"@id\":\"https:\\\/\\\/www.maisquecuidar.com\\\/loja\\\/#organization\",\"name\":\"Mais Que Cuidar\",\"url\":\"https:\\\/\\\/www.maisquecuidar.com\\\/loja\\\/\",\"logo\":{\"@type\":\"ImageObject\",\"inLanguage\":\"pt-PT\",\"@id\":\"https:\\\/\\\/www.maisquecuidar.com\\\/loja\\\/#\\\/schema\\\/logo\\\/image\\\/\",\"url\":\"https:\\\/\\\/img.maisquecuidar.com\\\/loja\\\/wp-content\\\/uploads\\\/2019\\\/08\\\/logo-mais-que-cuidar-retina.png\",\"contentUrl\":\"https:\\\/\\\/img.maisquecuidar.com\\\/loja\\\/wp-content\\\/uploads\\\/2019\\\/08\\\/logo-mais-que-cuidar-retina.png\",\"width\":565,\"height\":75,\"caption\":\"Mais Que Cuidar\"},\"image\":{\"@id\":\"https:\\\/\\\/www.maisquecuidar.com\\\/loja\\\/#\\\/schema\\\/logo\\\/image\\\/\"},\"sameAs\":[\"https:\\\/\\\/www.facebook.com\\\/maisquecuidar.pt\",\"https:\\\/\\\/www.instagram.com\\\/maisquecuidar\"]}]}<\/script>\n<!-- \/ Yoast SEO plugin. -->","yoast_head_json":{"title":"Poltrona Geri\u00e1trica Manual de Repouso - Mais que Cuidar","description":"Poltrona geri\u00e1trica manual de repouso e relax que reclina para tr\u00e1s e proporciona grande conforto e comodidade. Pode comprar ou alugar com a Mais que Cuidar","robots":{"index":"index","follow":"follow","max-snippet":"max-snippet:-1","max-image-preview":"max-image-preview:large","max-video-preview":"max-video-preview:-1"},"canonical":"https:\/\/www.maisquecuidar.com\/loja\/quarto-conforto-bem-estar\/poltronas-repouso-relax\/poltrona-manual-de-repouso","og_locale":"pt_PT","og_type":"article","og_title":"Poltrona Geri\u00e1trica Manual de Repouso - Mais que Cuidar","og_description":"Poltrona geri\u00e1trica manual de repouso e relax que reclina para tr\u00e1s e proporciona grande conforto e comodidade. Pode comprar ou alugar com a Mais que Cuidar","og_url":"https:\/\/www.maisquecuidar.com\/loja\/quarto-conforto-bem-estar\/poltronas-repouso-relax\/poltrona-manual-de-repouso","og_site_name":"Mais que Cuidar","article_publisher":"https:\/\/www.facebook.com\/maisquecuidar.pt","article_modified_time":"2026-04-07T17:58:33+00:00","og_image":[{"width":1280,"height":800,"url":"https:\/\/img.maisquecuidar.com\/loja\/wp-content\/uploads\/2025\/09\/poltrona-manual-idosos.jpg","type":"image\/jpeg"}],"twitter_misc":{"Tempo estimado de leitura":"3 minutos"},"schema":{"@context":"https:\/\/schema.org","@graph":[{"@type":"WebPage","@id":"https:\/\/www.maisquecuidar.com\/loja\/quarto-conforto-bem-estar\/poltronas-repouso-relax\/poltrona-manual-de-repouso","url":"https:\/\/www.maisquecuidar.com\/loja\/quarto-conforto-bem-estar\/poltronas-repouso-relax\/poltrona-manual-de-repouso","name":"Poltrona Geri\u00e1trica Manual de Repouso - Mais que Cuidar","isPartOf":{"@id":"https:\/\/www.maisquecuidar.com\/loja\/#website"},"primaryImageOfPage":{"@id":"https:\/\/www.maisquecuidar.com\/loja\/quarto-conforto-bem-estar\/poltronas-repouso-relax\/poltrona-manual-de-repouso#primaryimage"},"image":{"@id":"https:\/\/www.maisquecuidar.com\/loja\/quarto-conforto-bem-estar\/poltronas-repouso-relax\/poltrona-manual-de-repouso#primaryimage"},"thumbnailUrl":"https:\/\/img.maisquecuidar.com\/loja\/wp-content\/uploads\/2025\/09\/poltrona-manual-idosos.jpg","datePublished":"2016-12-13T22:59:00+00:00","dateModified":"2026-04-07T17:58:33+00:00","description":"Poltrona geri\u00e1trica manual de repouso e relax que reclina para tr\u00e1s e proporciona grande conforto e comodidade. Pode comprar ou alugar com a Mais que Cuidar","breadcrumb":{"@id":"https:\/\/www.maisquecuidar.com\/loja\/quarto-conforto-bem-estar\/poltronas-repouso-relax\/poltrona-manual-de-repouso#breadcrumb"},"inLanguage":"pt-PT","potentialAction":[{"@type":"ReadAction","target":["https:\/\/www.maisquecuidar.com\/loja\/quarto-conforto-bem-estar\/poltronas-repouso-relax\/poltrona-manual-de-repouso"]}]},{"@type":"ImageObject","inLanguage":"pt-PT","@id":"https:\/\/www.maisquecuidar.com\/loja\/quarto-conforto-bem-estar\/poltronas-repouso-relax\/poltrona-manual-de-repouso#primaryimage","url":"https:\/\/img.maisquecuidar.com\/loja\/wp-content\/uploads\/2025\/09\/poltrona-manual-idosos.jpg","contentUrl":"https:\/\/img.maisquecuidar.com\/loja\/wp-content\/uploads\/2025\/09\/poltrona-manual-idosos.jpg","width":1280,"height":800},{"@type":"BreadcrumbList","@id":"https:\/\/www.maisquecuidar.com\/loja\/quarto-conforto-bem-estar\/poltronas-repouso-relax\/poltrona-manual-de-repouso#breadcrumb","itemListElement":[{"@type":"ListItem","position":1,"name":"Home","item":"https:\/\/www.maisquecuidar.com\/loja\/"},{"@type":"ListItem","position":2,"name":"Loja Online de Ortopedia e Geriatria em Portugal","item":"https:\/\/www.maisquecuidar.com\/loja\/loja"},{"@type":"ListItem","position":3,"name":"Quarto, Conforto e Bem Estar","item":"https:\/\/www.maisquecuidar.com\/loja\/quarto-conforto-bem-estar"},{"@type":"ListItem","position":4,"name":"Cadeir\u00f5es e Poltronas Reclin\u00e1veis | Geri\u00e1tricas","item":"https:\/\/www.maisquecuidar.com\/loja\/quarto-conforto-bem-estar\/poltronas-repouso-relax"},{"@type":"ListItem","position":5,"name":"Poltrona Geri\u00e1trica Manual de Repouso"}]},{"@type":"WebSite","@id":"https:\/\/www.maisquecuidar.com\/loja\/#website","url":"https:\/\/www.maisquecuidar.com\/loja\/","name":"Mais que Cuidar","description":"Sa\u00fade, Ortopedia e Geriatria","publisher":{"@id":"https:\/\/www.maisquecuidar.com\/loja\/#organization"},"potentialAction":[{"@type":"SearchAction","target":{"@type":"EntryPoint","urlTemplate":"https:\/\/www.maisquecuidar.com\/loja\/?s={search_term_string}"},"query-input":{"@type":"PropertyValueSpecification","valueRequired":true,"valueName":"search_term_string"}}],"inLanguage":"pt-PT"},{"@type":"Organization","@id":"https:\/\/www.maisquecuidar.com\/loja\/#organization","name":"Mais Que Cuidar","url":"https:\/\/www.maisquecuidar.com\/loja\/","logo":{"@type":"ImageObject","inLanguage":"pt-PT","@id":"https:\/\/www.maisquecuidar.com\/loja\/#\/schema\/logo\/image\/","url":"https:\/\/img.maisquecuidar.com\/loja\/wp-content\/uploads\/2019\/08\/logo-mais-que-cuidar-retina.png","contentUrl":"https:\/\/img.maisquecuidar.com\/loja\/wp-content\/uploads\/2019\/08\/logo-mais-que-cuidar-retina.png","width":565,"height":75,"caption":"Mais Que Cuidar"},"image":{"@id":"https:\/\/www.maisquecuidar.com\/loja\/#\/schema\/logo\/image\/"},"sameAs":["https:\/\/www.facebook.com\/maisquecuidar.pt","https:\/\/www.instagram.com\/maisquecuidar"]}]}},"_links":{"self":[{"href":"https:\/\/www.maisquecuidar.com\/loja\/wp-json\/wp\/v2\/product\/4004","targetHints":{"allow":["GET"]}}],"collection":[{"href":"https:\/\/www.maisquecuidar.com\/loja\/wp-json\/wp\/v2\/product"}],"about":[{"href":"https:\/\/www.maisquecuidar.com\/loja\/wp-json\/wp\/v2\/types\/product"}],"wp:featuredmedia":[{"embeddable":true,"href":"https:\/\/www.maisquecuidar.com\/loja\/wp-json\/wp\/v2\/media\/19660"}],"wp:attachment":[{"href":"https:\/\/www.maisquecuidar.com\/loja\/wp-json\/wp\/v2\/media?parent=4004"}],"wp:term":[{"taxonomy":"product_brand","embeddable":true,"href":"https:\/\/www.maisquecuidar.com\/loja\/wp-json\/wp\/v2\/product_brand?post=4004"},{"taxonomy":"product_cat","embeddable":true,"href":"https:\/\/www.maisquecuidar.com\/loja\/wp-json\/wp\/v2\/product_cat?post=4004"},{"taxonomy":"product_tag","embeddable":true,"href":"https:\/\/www.maisquecuidar.com\/loja\/wp-json\/wp\/v2\/product_tag?post=4004"}],"curies":[{"name":"wp","href":"https:\/\/api.w.org\/{rel}","templated":true}]}}