{"id":4002,"date":"2016-12-13T22:50:58","date_gmt":"2016-12-13T22:50:58","guid":{"rendered":"https:\/\/www.maisquecuidar.com\/loja\/?post_type=product&#038;p=4002"},"modified":"2026-02-09T23:36:57","modified_gmt":"2026-02-09T23:36:57","slug":"poltrona-eletrica-de-repouso","status":"publish","type":"product","link":"https:\/\/www.maisquecuidar.com\/loja\/quarto-conforto-bem-estar\/poltronas-repouso-relax\/poltrona-eletrica-de-repouso","title":{"rendered":"Poltrona Hospitalar El\u00e9ctrica de Repouso"},"content":{"rendered":"<p><strong>Poltrona Hospitalar El\u00e9ctrica de Repouso<\/strong><\/p>\n<p>Com linhas tradicionais e arredondados, incorpora um encosto de cabe\u00e7a para um melhor posicionamento. Atrav\u00e9s do seu comando el\u00e9trico proporciona uma reclina\u00e7\u00e3o sem esfor\u00e7os da poltrona para uma posi\u00e7\u00e3o deitada ou vice-versa.<\/p>\n<h3>Caracter\u00edsticas em destaque<\/h3>\n<ul>\n<li>Sof\u00e1 relax articulado el\u00e9trico forrado a napa, com comando e com suporte de cabe\u00e7a.<\/li>\n<li>P\u00e9s elev\u00e1veis e costas rebat\u00edveis.<\/li>\n<li>O encosto reclina em simult\u00e2neo com o apoio de p\u00e9s para permitir uma posi\u00e7\u00e3o totalmente deitada.<\/li>\n<li>Posi\u00e7\u00e3o de descanso: reclina as costas e eleva os p\u00e9s (posi\u00e7\u00e3o deitada).<\/li>\n<li>Posi\u00e7\u00e3o relax.<\/li>\n<li>Estrutura interior met\u00e1lica com espuma de alta densidade para maior conforto.<\/li>\n<li>Apoio de pernas desdobr\u00e1vel.<\/li>\n<li>Apoio de bra\u00e7os fixos.<\/li>\n<li>Com 4 rodas, 2 com trav\u00e3o para permitir deslocar o cadeir\u00e3o dentro de casa.<\/li>\n<li>Forrado a napa vin\u00edlica, imperme\u00e1vel aos l\u00edquidos, lav\u00e1vel, ign\u00edfuga.<\/li>\n<li><strong>Este modelo de poltrona est\u00e1 dispon\u00edvel para compra ou aluguer.<\/strong> Para informa\u00e7\u00f5es sobre o servi\u00e7o de aluguer <a href=\"https:\/\/www.maisquecuidar.com\/aluguer\/poltronas-relax\/poltrona-electrica\" target=\"_blank\" rel=\"noopener\">clique aqui<\/a>.<\/li>\n<\/ul>\n<h3>Higiene e cuidados com a utiliza\u00e7\u00e3o<\/h3>\n<ul>\n<li>Limpar regularmente com um pano humedecido com um sab\u00e3o neutro.<\/li>\n<li>Limpar imediatamente a fim de evitar a penetra\u00e7\u00e3o no tecido.<\/li>\n<\/ul>\n","protected":false},"excerpt":{"rendered":"<p>Cadeir\u00e3o Geri\u00e1trico El\u00e9trico<\/p>\n","protected":false},"featured_media":20987,"template":"","meta":{"_acf_changed":false,"neve_meta_sidebar":"","neve_meta_container":"","neve_meta_enable_content_width":"off","neve_meta_content_width":100,"neve_meta_title_alignment":"","neve_meta_author_avatar":"","neve_post_elements_order":"","neve_meta_disable_header":"","neve_meta_disable_footer":"","neve_meta_disable_title":""},"product_brand":[],"product_cat":[778],"product_tag":[344,342,341,343,346,345],"class_list":{"0":"post-4002","1":"product","2":"type-product","3":"status-publish","4":"has-post-thumbnail","6":"product_cat-poltronas-repouso-relax","7":"product_tag-poltrona-eletrica-para-idosos","8":"product_tag-poltrona-para-doentes","9":"product_tag-poltrona-para-idosos","10":"product_tag-poltronas-para-idosos","11":"product_tag-sofas-para-doentes","12":"product_tag-sofas-para-idosos","14":"first","15":"instock","16":"taxable","17":"shipping-taxable","18":"purchasable","19":"product-type-variable"},"acf":[],"yoast_head":"<!-- This site is optimized with the Yoast SEO plugin v27.4 - https:\/\/yoast.com\/product\/yoast-seo-wordpress\/ -->\n<title>Poltrona Hospitalar El\u00e9ctrica de Repouso - Mais que Cuidar<\/title>\n<meta name=\"description\" content=\"Poltrona hospitalar el\u00e9trica que permite a regula\u00e7\u00e3o da posi\u00e7\u00e3o de sentado e de deitado oferecendo grande conforto. Pode alugar ou comprar na MaisQueCuidar.\" \/>\n<meta name=\"robots\" content=\"index, follow, max-snippet:-1, max-image-preview:large, max-video-preview:-1\" \/>\n<link rel=\"canonical\" href=\"https:\/\/www.maisquecuidar.com\/loja\/quarto-conforto-bem-estar\/poltronas-repouso-relax\/poltrona-eletrica-de-repouso\" \/>\n<meta property=\"og:locale\" content=\"pt_PT\" \/>\n<meta property=\"og:type\" content=\"article\" \/>\n<meta property=\"og:title\" content=\"Poltrona Hospitalar El\u00e9ctrica de Repouso - Mais que Cuidar\" \/>\n<meta property=\"og:description\" content=\"Poltrona hospitalar el\u00e9trica que permite a regula\u00e7\u00e3o da posi\u00e7\u00e3o de sentado e de deitado oferecendo grande conforto. Pode alugar ou comprar na MaisQueCuidar.\" \/>\n<meta property=\"og:url\" content=\"https:\/\/www.maisquecuidar.com\/loja\/quarto-conforto-bem-estar\/poltronas-repouso-relax\/poltrona-eletrica-de-repouso\" \/>\n<meta property=\"og:site_name\" content=\"Mais que Cuidar\" \/>\n<meta property=\"article:publisher\" content=\"https:\/\/www.facebook.com\/maisquecuidar.pt\" \/>\n<meta property=\"article:modified_time\" content=\"2026-02-09T23:36:57+00:00\" \/>\n<meta property=\"og:image\" content=\"https:\/\/img.maisquecuidar.com\/loja\/wp-content\/uploads\/2016\/12\/poltrona-geriatrica-eletrica.jpg\" \/>\n\t<meta property=\"og:image:width\" content=\"1280\" \/>\n\t<meta property=\"og:image:height\" content=\"800\" \/>\n\t<meta property=\"og:image:type\" content=\"image\/jpeg\" \/>\n<meta name=\"twitter:label1\" content=\"Tempo estimado de leitura\" \/>\n\t<meta name=\"twitter:data1\" content=\"2 minutos\" \/>\n<script type=\"application\/ld+json\" class=\"yoast-schema-graph\">{\"@context\":\"https:\\\/\\\/schema.org\",\"@graph\":[{\"@type\":\"WebPage\",\"@id\":\"https:\\\/\\\/www.maisquecuidar.com\\\/loja\\\/quarto-conforto-bem-estar\\\/poltronas-repouso-relax\\\/poltrona-eletrica-de-repouso\",\"url\":\"https:\\\/\\\/www.maisquecuidar.com\\\/loja\\\/quarto-conforto-bem-estar\\\/poltronas-repouso-relax\\\/poltrona-eletrica-de-repouso\",\"name\":\"Poltrona Hospitalar El\u00e9ctrica de Repouso - Mais que Cuidar\",\"isPartOf\":{\"@id\":\"https:\\\/\\\/www.maisquecuidar.com\\\/loja\\\/#website\"},\"primaryImageOfPage\":{\"@id\":\"https:\\\/\\\/www.maisquecuidar.com\\\/loja\\\/quarto-conforto-bem-estar\\\/poltronas-repouso-relax\\\/poltrona-eletrica-de-repouso#primaryimage\"},\"image\":{\"@id\":\"https:\\\/\\\/www.maisquecuidar.com\\\/loja\\\/quarto-conforto-bem-estar\\\/poltronas-repouso-relax\\\/poltrona-eletrica-de-repouso#primaryimage\"},\"thumbnailUrl\":\"https:\\\/\\\/img.maisquecuidar.com\\\/loja\\\/wp-content\\\/uploads\\\/2016\\\/12\\\/poltrona-geriatrica-eletrica.jpg\",\"datePublished\":\"2016-12-13T22:50:58+00:00\",\"dateModified\":\"2026-02-09T23:36:57+00:00\",\"description\":\"Poltrona hospitalar el\u00e9trica que permite a regula\u00e7\u00e3o da posi\u00e7\u00e3o de sentado e de deitado oferecendo grande conforto. Pode alugar ou comprar na MaisQueCuidar.\",\"breadcrumb\":{\"@id\":\"https:\\\/\\\/www.maisquecuidar.com\\\/loja\\\/quarto-conforto-bem-estar\\\/poltronas-repouso-relax\\\/poltrona-eletrica-de-repouso#breadcrumb\"},\"inLanguage\":\"pt-PT\",\"potentialAction\":[{\"@type\":\"ReadAction\",\"target\":[\"https:\\\/\\\/www.maisquecuidar.com\\\/loja\\\/quarto-conforto-bem-estar\\\/poltronas-repouso-relax\\\/poltrona-eletrica-de-repouso\"]}]},{\"@type\":\"ImageObject\",\"inLanguage\":\"pt-PT\",\"@id\":\"https:\\\/\\\/www.maisquecuidar.com\\\/loja\\\/quarto-conforto-bem-estar\\\/poltronas-repouso-relax\\\/poltrona-eletrica-de-repouso#primaryimage\",\"url\":\"https:\\\/\\\/img.maisquecuidar.com\\\/loja\\\/wp-content\\\/uploads\\\/2016\\\/12\\\/poltrona-geriatrica-eletrica.jpg\",\"contentUrl\":\"https:\\\/\\\/img.maisquecuidar.com\\\/loja\\\/wp-content\\\/uploads\\\/2016\\\/12\\\/poltrona-geriatrica-eletrica.jpg\",\"width\":1280,\"height\":800},{\"@type\":\"BreadcrumbList\",\"@id\":\"https:\\\/\\\/www.maisquecuidar.com\\\/loja\\\/quarto-conforto-bem-estar\\\/poltronas-repouso-relax\\\/poltrona-eletrica-de-repouso#breadcrumb\",\"itemListElement\":[{\"@type\":\"ListItem\",\"position\":1,\"name\":\"Home\",\"item\":\"https:\\\/\\\/www.maisquecuidar.com\\\/loja\\\/\"},{\"@type\":\"ListItem\",\"position\":2,\"name\":\"Loja Online de Ortopedia e Geriatria em Portugal\",\"item\":\"https:\\\/\\\/www.maisquecuidar.com\\\/loja\\\/loja\"},{\"@type\":\"ListItem\",\"position\":3,\"name\":\"Quarto, Conforto e Bem Estar\",\"item\":\"https:\\\/\\\/www.maisquecuidar.com\\\/loja\\\/quarto-conforto-bem-estar\"},{\"@type\":\"ListItem\",\"position\":4,\"name\":\"Cadeir\u00f5es e Poltronas Reclin\u00e1veis | Geri\u00e1tricas\",\"item\":\"https:\\\/\\\/www.maisquecuidar.com\\\/loja\\\/quarto-conforto-bem-estar\\\/poltronas-repouso-relax\"},{\"@type\":\"ListItem\",\"position\":5,\"name\":\"Poltrona Hospitalar El\u00e9ctrica de Repouso\"}]},{\"@type\":\"WebSite\",\"@id\":\"https:\\\/\\\/www.maisquecuidar.com\\\/loja\\\/#website\",\"url\":\"https:\\\/\\\/www.maisquecuidar.com\\\/loja\\\/\",\"name\":\"Mais que Cuidar\",\"description\":\"Sa\u00fade, Ortopedia e Geriatria\",\"publisher\":{\"@id\":\"https:\\\/\\\/www.maisquecuidar.com\\\/loja\\\/#organization\"},\"potentialAction\":[{\"@type\":\"SearchAction\",\"target\":{\"@type\":\"EntryPoint\",\"urlTemplate\":\"https:\\\/\\\/www.maisquecuidar.com\\\/loja\\\/?s={search_term_string}\"},\"query-input\":{\"@type\":\"PropertyValueSpecification\",\"valueRequired\":true,\"valueName\":\"search_term_string\"}}],\"inLanguage\":\"pt-PT\"},{\"@type\":\"Organization\",\"@id\":\"https:\\\/\\\/www.maisquecuidar.com\\\/loja\\\/#organization\",\"name\":\"Mais Que Cuidar\",\"url\":\"https:\\\/\\\/www.maisquecuidar.com\\\/loja\\\/\",\"logo\":{\"@type\":\"ImageObject\",\"inLanguage\":\"pt-PT\",\"@id\":\"https:\\\/\\\/www.maisquecuidar.com\\\/loja\\\/#\\\/schema\\\/logo\\\/image\\\/\",\"url\":\"https:\\\/\\\/img.maisquecuidar.com\\\/loja\\\/wp-content\\\/uploads\\\/2019\\\/08\\\/logo-mais-que-cuidar-retina.png\",\"contentUrl\":\"https:\\\/\\\/img.maisquecuidar.com\\\/loja\\\/wp-content\\\/uploads\\\/2019\\\/08\\\/logo-mais-que-cuidar-retina.png\",\"width\":565,\"height\":75,\"caption\":\"Mais Que Cuidar\"},\"image\":{\"@id\":\"https:\\\/\\\/www.maisquecuidar.com\\\/loja\\\/#\\\/schema\\\/logo\\\/image\\\/\"},\"sameAs\":[\"https:\\\/\\\/www.facebook.com\\\/maisquecuidar.pt\",\"https:\\\/\\\/www.instagram.com\\\/maisquecuidar\"]}]}<\/script>\n<!-- \/ Yoast SEO plugin. -->","yoast_head_json":{"title":"Poltrona Hospitalar El\u00e9ctrica de Repouso - Mais que Cuidar","description":"Poltrona hospitalar el\u00e9trica que permite a regula\u00e7\u00e3o da posi\u00e7\u00e3o de sentado e de deitado oferecendo grande conforto. Pode alugar ou comprar na MaisQueCuidar.","robots":{"index":"index","follow":"follow","max-snippet":"max-snippet:-1","max-image-preview":"max-image-preview:large","max-video-preview":"max-video-preview:-1"},"canonical":"https:\/\/www.maisquecuidar.com\/loja\/quarto-conforto-bem-estar\/poltronas-repouso-relax\/poltrona-eletrica-de-repouso","og_locale":"pt_PT","og_type":"article","og_title":"Poltrona Hospitalar El\u00e9ctrica de Repouso - Mais que Cuidar","og_description":"Poltrona hospitalar el\u00e9trica que permite a regula\u00e7\u00e3o da posi\u00e7\u00e3o de sentado e de deitado oferecendo grande conforto. Pode alugar ou comprar na MaisQueCuidar.","og_url":"https:\/\/www.maisquecuidar.com\/loja\/quarto-conforto-bem-estar\/poltronas-repouso-relax\/poltrona-eletrica-de-repouso","og_site_name":"Mais que Cuidar","article_publisher":"https:\/\/www.facebook.com\/maisquecuidar.pt","article_modified_time":"2026-02-09T23:36:57+00:00","og_image":[{"width":1280,"height":800,"url":"https:\/\/img.maisquecuidar.com\/loja\/wp-content\/uploads\/2016\/12\/poltrona-geriatrica-eletrica.jpg","type":"image\/jpeg"}],"twitter_misc":{"Tempo estimado de leitura":"2 minutos"},"schema":{"@context":"https:\/\/schema.org","@graph":[{"@type":"WebPage","@id":"https:\/\/www.maisquecuidar.com\/loja\/quarto-conforto-bem-estar\/poltronas-repouso-relax\/poltrona-eletrica-de-repouso","url":"https:\/\/www.maisquecuidar.com\/loja\/quarto-conforto-bem-estar\/poltronas-repouso-relax\/poltrona-eletrica-de-repouso","name":"Poltrona Hospitalar El\u00e9ctrica de Repouso - Mais que Cuidar","isPartOf":{"@id":"https:\/\/www.maisquecuidar.com\/loja\/#website"},"primaryImageOfPage":{"@id":"https:\/\/www.maisquecuidar.com\/loja\/quarto-conforto-bem-estar\/poltronas-repouso-relax\/poltrona-eletrica-de-repouso#primaryimage"},"image":{"@id":"https:\/\/www.maisquecuidar.com\/loja\/quarto-conforto-bem-estar\/poltronas-repouso-relax\/poltrona-eletrica-de-repouso#primaryimage"},"thumbnailUrl":"https:\/\/img.maisquecuidar.com\/loja\/wp-content\/uploads\/2016\/12\/poltrona-geriatrica-eletrica.jpg","datePublished":"2016-12-13T22:50:58+00:00","dateModified":"2026-02-09T23:36:57+00:00","description":"Poltrona hospitalar el\u00e9trica que permite a regula\u00e7\u00e3o da posi\u00e7\u00e3o de sentado e de deitado oferecendo grande conforto. Pode alugar ou comprar na MaisQueCuidar.","breadcrumb":{"@id":"https:\/\/www.maisquecuidar.com\/loja\/quarto-conforto-bem-estar\/poltronas-repouso-relax\/poltrona-eletrica-de-repouso#breadcrumb"},"inLanguage":"pt-PT","potentialAction":[{"@type":"ReadAction","target":["https:\/\/www.maisquecuidar.com\/loja\/quarto-conforto-bem-estar\/poltronas-repouso-relax\/poltrona-eletrica-de-repouso"]}]},{"@type":"ImageObject","inLanguage":"pt-PT","@id":"https:\/\/www.maisquecuidar.com\/loja\/quarto-conforto-bem-estar\/poltronas-repouso-relax\/poltrona-eletrica-de-repouso#primaryimage","url":"https:\/\/img.maisquecuidar.com\/loja\/wp-content\/uploads\/2016\/12\/poltrona-geriatrica-eletrica.jpg","contentUrl":"https:\/\/img.maisquecuidar.com\/loja\/wp-content\/uploads\/2016\/12\/poltrona-geriatrica-eletrica.jpg","width":1280,"height":800},{"@type":"BreadcrumbList","@id":"https:\/\/www.maisquecuidar.com\/loja\/quarto-conforto-bem-estar\/poltronas-repouso-relax\/poltrona-eletrica-de-repouso#breadcrumb","itemListElement":[{"@type":"ListItem","position":1,"name":"Home","item":"https:\/\/www.maisquecuidar.com\/loja\/"},{"@type":"ListItem","position":2,"name":"Loja Online de Ortopedia e Geriatria em Portugal","item":"https:\/\/www.maisquecuidar.com\/loja\/loja"},{"@type":"ListItem","position":3,"name":"Quarto, Conforto e Bem Estar","item":"https:\/\/www.maisquecuidar.com\/loja\/quarto-conforto-bem-estar"},{"@type":"ListItem","position":4,"name":"Cadeir\u00f5es e Poltronas Reclin\u00e1veis | Geri\u00e1tricas","item":"https:\/\/www.maisquecuidar.com\/loja\/quarto-conforto-bem-estar\/poltronas-repouso-relax"},{"@type":"ListItem","position":5,"name":"Poltrona Hospitalar El\u00e9ctrica de Repouso"}]},{"@type":"WebSite","@id":"https:\/\/www.maisquecuidar.com\/loja\/#website","url":"https:\/\/www.maisquecuidar.com\/loja\/","name":"Mais que Cuidar","description":"Sa\u00fade, Ortopedia e Geriatria","publisher":{"@id":"https:\/\/www.maisquecuidar.com\/loja\/#organization"},"potentialAction":[{"@type":"SearchAction","target":{"@type":"EntryPoint","urlTemplate":"https:\/\/www.maisquecuidar.com\/loja\/?s={search_term_string}"},"query-input":{"@type":"PropertyValueSpecification","valueRequired":true,"valueName":"search_term_string"}}],"inLanguage":"pt-PT"},{"@type":"Organization","@id":"https:\/\/www.maisquecuidar.com\/loja\/#organization","name":"Mais Que Cuidar","url":"https:\/\/www.maisquecuidar.com\/loja\/","logo":{"@type":"ImageObject","inLanguage":"pt-PT","@id":"https:\/\/www.maisquecuidar.com\/loja\/#\/schema\/logo\/image\/","url":"https:\/\/img.maisquecuidar.com\/loja\/wp-content\/uploads\/2019\/08\/logo-mais-que-cuidar-retina.png","contentUrl":"https:\/\/img.maisquecuidar.com\/loja\/wp-content\/uploads\/2019\/08\/logo-mais-que-cuidar-retina.png","width":565,"height":75,"caption":"Mais Que Cuidar"},"image":{"@id":"https:\/\/www.maisquecuidar.com\/loja\/#\/schema\/logo\/image\/"},"sameAs":["https:\/\/www.facebook.com\/maisquecuidar.pt","https:\/\/www.instagram.com\/maisquecuidar"]}]}},"_links":{"self":[{"href":"https:\/\/www.maisquecuidar.com\/loja\/wp-json\/wp\/v2\/product\/4002","targetHints":{"allow":["GET"]}}],"collection":[{"href":"https:\/\/www.maisquecuidar.com\/loja\/wp-json\/wp\/v2\/product"}],"about":[{"href":"https:\/\/www.maisquecuidar.com\/loja\/wp-json\/wp\/v2\/types\/product"}],"wp:featuredmedia":[{"embeddable":true,"href":"https:\/\/www.maisquecuidar.com\/loja\/wp-json\/wp\/v2\/media\/20987"}],"wp:attachment":[{"href":"https:\/\/www.maisquecuidar.com\/loja\/wp-json\/wp\/v2\/media?parent=4002"}],"wp:term":[{"taxonomy":"product_brand","embeddable":true,"href":"https:\/\/www.maisquecuidar.com\/loja\/wp-json\/wp\/v2\/product_brand?post=4002"},{"taxonomy":"product_cat","embeddable":true,"href":"https:\/\/www.maisquecuidar.com\/loja\/wp-json\/wp\/v2\/product_cat?post=4002"},{"taxonomy":"product_tag","embeddable":true,"href":"https:\/\/www.maisquecuidar.com\/loja\/wp-json\/wp\/v2\/product_tag?post=4002"}],"curies":[{"name":"wp","href":"https:\/\/api.w.org\/{rel}","templated":true}]}}