{"id":16700,"date":"2022-11-08T16:26:57","date_gmt":"2022-11-08T16:26:57","guid":{"rendered":"https:\/\/www.maisquecuidar.com\/loja\/?post_type=product&#038;p=16700"},"modified":"2026-02-04T10:13:33","modified_gmt":"2026-02-04T10:13:33","slug":"poltrona-geriatrica-eletrica-move-up","status":"publish","type":"product","link":"https:\/\/www.maisquecuidar.com\/loja\/novidades\/poltrona-geriatrica-eletrica-move-up","title":{"rendered":"Poltrona Geri\u00e1trica El\u00e9trica Move Up Invacare"},"content":{"rendered":"<p><strong>Poltrona Geri\u00e1trica El\u00e9trica Move Up<\/strong><\/p>\n<p>A combina\u00e7\u00e3o perfeita entre conforto, funcionalidade e design pensado para a terceira idade. Ideal para lares, institui\u00e7\u00f5es geri\u00e1tricas e habita\u00e7\u00f5es, esta poltrona destaca-se pela inova\u00e7\u00e3o e eleg\u00e2ncia.<\/p>\n<p>O <strong>design contempor\u00e2neo<\/strong> da Move Up diferencia-se facilmente no mercado das poltronas geri\u00e1tricas. Com almofadas redesenhadas, encosto adaptado para um suporte lateral inigual\u00e1vel e exclusivos apoios de bra\u00e7o com acabamentos requintados, esta poltrona n\u00e3o s\u00f3 \u00e9 estilosa, como tamb\u00e9m oferece o m\u00e1ximo conforto aos seus utilizadores.<\/p>\n<p>Uma caracter\u00edstica distintiva da <strong>Poltrona Move Up<\/strong> \u00e9 o seu <strong>mecanismo inovador de activa\u00e7\u00e3o de rod\u00edzios.<\/strong> Equipada com 4 rod\u00edzios, a mobilidade nunca foi t\u00e3o simples. Atrav\u00e9s de um pedal intuitivo, os cuidadores podem, sem qualquer esfor\u00e7o, deslocar a poltrona mesmo com o utente sentado. A seguran\u00e7a e estabilidade est\u00e3o asseguradas gra\u00e7as \u00e0 fun\u00e7\u00e3o de recolha dos rod\u00edzios ap\u00f3s a desloca\u00e7\u00e3o.<\/p>\n<p><strong>Principais Caracter\u00edsticas da Poltrona Move Up:<\/strong><\/p>\n<p><strong>&#8211; Almofadas redesenhadas:<\/strong> adaptadas para um conforto sem paralelo e integra\u00e7\u00e3o perfeita no design da poltrona.<\/p>\n<p><strong>&#8211; Encosto com apoio laterais:<\/strong> ergonomia e suporte para assegurar o conforto cont\u00ednuo.<\/p>\n<p><strong>&#8211; Activa\u00e7\u00e3o de rod\u00edzios sem esfor\u00e7o:<\/strong> facilidade para os cuidadores com garantia de estabilidade.<\/p>\n<p><strong>&#8211; Bolsa lateral renovada:<\/strong> est\u00e9tica e praticidade aliadas num design moderno.<\/p>\n<p><strong>&#8211; Articula\u00e7\u00e3o el\u00e9ctrica:<\/strong> flexibilidade no ajuste da poltrona para cada momento, desde o relaxamento at\u00e9 \u00e0 ajuda na sa\u00edda da mesma.<\/p>\n<p><strong>&#8211; Escolha entre dois tecidos de alta qualidade:<\/strong> Heritage Camel ou Napa Cinzenta.<\/p>\n<p>N\u00e3o perca a oportunidade de experimentar a evolu\u00e7\u00e3o em poltronas geri\u00e1tricas el\u00e9ctricas. A Move Up da Invacare redefine os padr\u00f5es de conforto e design para um bem-estar di\u00e1rio superior.<\/p>\n","protected":false},"excerpt":{"rendered":"<p>O cadeir\u00e3o geri\u00e1trico el\u00e9trico com 4 rod\u00edzios que combina o conforto e a mobilidade.<\/p>\n","protected":false},"featured_media":16701,"template":"","meta":{"_acf_changed":false,"neve_meta_sidebar":"","neve_meta_container":"","neve_meta_enable_content_width":"off","neve_meta_content_width":100,"neve_meta_title_alignment":"","neve_meta_author_avatar":"","neve_post_elements_order":"","neve_meta_disable_header":"","neve_meta_disable_footer":"","neve_meta_disable_title":""},"product_brand":[],"product_cat":[778,757],"product_tag":[],"class_list":{"0":"post-16700","1":"product","2":"type-product","3":"status-publish","4":"has-post-thumbnail","6":"product_cat-poltronas-repouso-relax","7":"product_cat-novidades","9":"first","10":"onbackorder","11":"taxable","12":"shipping-taxable","13":"purchasable","14":"product-type-variable"},"acf":[],"yoast_head":"<!-- This site is optimized with the Yoast SEO plugin v27.3 - https:\/\/yoast.com\/product\/yoast-seo-wordpress\/ -->\n<title>Poltrona Geri\u00e1trica El\u00e9trica Move Up Invacare - Mais que Cuidar<\/title>\n<meta name=\"description\" content=\"Poltrona geri\u00e1trica el\u00e9trica Move Up da Invacare com 4 rod\u00edzios que permite deslocar o cadeir\u00e3o entre divis\u00f5es e proporciona grande conforto e apoio.\" \/>\n<meta name=\"robots\" content=\"index, follow, max-snippet:-1, max-image-preview:large, max-video-preview:-1\" \/>\n<link rel=\"canonical\" href=\"https:\/\/www.maisquecuidar.com\/loja\/novidades\/poltrona-geriatrica-eletrica-move-up\" \/>\n<meta property=\"og:locale\" content=\"pt_PT\" \/>\n<meta property=\"og:type\" content=\"article\" \/>\n<meta property=\"og:title\" content=\"Poltrona Geri\u00e1trica El\u00e9trica Move Up Invacare - Mais que Cuidar\" \/>\n<meta property=\"og:description\" content=\"Poltrona geri\u00e1trica el\u00e9trica Move Up da Invacare com 4 rod\u00edzios que permite deslocar o cadeir\u00e3o entre divis\u00f5es e proporciona grande conforto e apoio.\" \/>\n<meta property=\"og:url\" content=\"https:\/\/www.maisquecuidar.com\/loja\/novidades\/poltrona-geriatrica-eletrica-move-up\" \/>\n<meta property=\"og:site_name\" content=\"Mais que Cuidar\" \/>\n<meta property=\"article:publisher\" content=\"https:\/\/www.facebook.com\/maisquecuidar.pt\" \/>\n<meta property=\"article:modified_time\" content=\"2026-02-04T10:13:33+00:00\" \/>\n<meta property=\"og:image\" content=\"https:\/\/img.maisquecuidar.com\/loja\/wp-content\/uploads\/2022\/11\/poltrona-geriatrica-move-up.jpg\" \/>\n\t<meta property=\"og:image:width\" content=\"1280\" \/>\n\t<meta property=\"og:image:height\" content=\"800\" \/>\n\t<meta property=\"og:image:type\" content=\"image\/jpeg\" \/>\n<meta name=\"twitter:label1\" content=\"Tempo estimado de leitura\" \/>\n\t<meta name=\"twitter:data1\" content=\"2 minutos\" \/>\n<script type=\"application\/ld+json\" class=\"yoast-schema-graph\">{\"@context\":\"https:\\\/\\\/schema.org\",\"@graph\":[{\"@type\":\"WebPage\",\"@id\":\"https:\\\/\\\/www.maisquecuidar.com\\\/loja\\\/novidades\\\/poltrona-geriatrica-eletrica-move-up\",\"url\":\"https:\\\/\\\/www.maisquecuidar.com\\\/loja\\\/novidades\\\/poltrona-geriatrica-eletrica-move-up\",\"name\":\"Poltrona Geri\u00e1trica El\u00e9trica Move Up Invacare - Mais que Cuidar\",\"isPartOf\":{\"@id\":\"https:\\\/\\\/www.maisquecuidar.com\\\/loja\\\/#website\"},\"primaryImageOfPage\":{\"@id\":\"https:\\\/\\\/www.maisquecuidar.com\\\/loja\\\/novidades\\\/poltrona-geriatrica-eletrica-move-up#primaryimage\"},\"image\":{\"@id\":\"https:\\\/\\\/www.maisquecuidar.com\\\/loja\\\/novidades\\\/poltrona-geriatrica-eletrica-move-up#primaryimage\"},\"thumbnailUrl\":\"https:\\\/\\\/img.maisquecuidar.com\\\/loja\\\/wp-content\\\/uploads\\\/2022\\\/11\\\/poltrona-geriatrica-move-up.jpg\",\"datePublished\":\"2022-11-08T16:26:57+00:00\",\"dateModified\":\"2026-02-04T10:13:33+00:00\",\"description\":\"Poltrona geri\u00e1trica el\u00e9trica Move Up da Invacare com 4 rod\u00edzios que permite deslocar o cadeir\u00e3o entre divis\u00f5es e proporciona grande conforto e apoio.\",\"breadcrumb\":{\"@id\":\"https:\\\/\\\/www.maisquecuidar.com\\\/loja\\\/novidades\\\/poltrona-geriatrica-eletrica-move-up#breadcrumb\"},\"inLanguage\":\"pt-PT\",\"potentialAction\":[{\"@type\":\"ReadAction\",\"target\":[\"https:\\\/\\\/www.maisquecuidar.com\\\/loja\\\/novidades\\\/poltrona-geriatrica-eletrica-move-up\"]}]},{\"@type\":\"ImageObject\",\"inLanguage\":\"pt-PT\",\"@id\":\"https:\\\/\\\/www.maisquecuidar.com\\\/loja\\\/novidades\\\/poltrona-geriatrica-eletrica-move-up#primaryimage\",\"url\":\"https:\\\/\\\/img.maisquecuidar.com\\\/loja\\\/wp-content\\\/uploads\\\/2022\\\/11\\\/poltrona-geriatrica-move-up.jpg\",\"contentUrl\":\"https:\\\/\\\/img.maisquecuidar.com\\\/loja\\\/wp-content\\\/uploads\\\/2022\\\/11\\\/poltrona-geriatrica-move-up.jpg\",\"width\":1280,\"height\":800,\"caption\":\"Poltrona geri\u00e1trica el\u00e9trica Move Up da Invacare\"},{\"@type\":\"BreadcrumbList\",\"@id\":\"https:\\\/\\\/www.maisquecuidar.com\\\/loja\\\/novidades\\\/poltrona-geriatrica-eletrica-move-up#breadcrumb\",\"itemListElement\":[{\"@type\":\"ListItem\",\"position\":1,\"name\":\"Home\",\"item\":\"https:\\\/\\\/www.maisquecuidar.com\\\/loja\\\/\"},{\"@type\":\"ListItem\",\"position\":2,\"name\":\"Loja Online de Ortopedia e Geriatria em Portugal\",\"item\":\"https:\\\/\\\/www.maisquecuidar.com\\\/loja\\\/loja\"},{\"@type\":\"ListItem\",\"position\":3,\"name\":\"Novidades\",\"item\":\"https:\\\/\\\/www.maisquecuidar.com\\\/loja\\\/novidades\"},{\"@type\":\"ListItem\",\"position\":4,\"name\":\"Poltrona Geri\u00e1trica El\u00e9trica Move Up Invacare\"}]},{\"@type\":\"WebSite\",\"@id\":\"https:\\\/\\\/www.maisquecuidar.com\\\/loja\\\/#website\",\"url\":\"https:\\\/\\\/www.maisquecuidar.com\\\/loja\\\/\",\"name\":\"Mais que Cuidar\",\"description\":\"Sa\u00fade, Ortopedia e Geriatria\",\"publisher\":{\"@id\":\"https:\\\/\\\/www.maisquecuidar.com\\\/loja\\\/#organization\"},\"potentialAction\":[{\"@type\":\"SearchAction\",\"target\":{\"@type\":\"EntryPoint\",\"urlTemplate\":\"https:\\\/\\\/www.maisquecuidar.com\\\/loja\\\/?s={search_term_string}\"},\"query-input\":{\"@type\":\"PropertyValueSpecification\",\"valueRequired\":true,\"valueName\":\"search_term_string\"}}],\"inLanguage\":\"pt-PT\"},{\"@type\":\"Organization\",\"@id\":\"https:\\\/\\\/www.maisquecuidar.com\\\/loja\\\/#organization\",\"name\":\"Mais Que Cuidar\",\"url\":\"https:\\\/\\\/www.maisquecuidar.com\\\/loja\\\/\",\"logo\":{\"@type\":\"ImageObject\",\"inLanguage\":\"pt-PT\",\"@id\":\"https:\\\/\\\/www.maisquecuidar.com\\\/loja\\\/#\\\/schema\\\/logo\\\/image\\\/\",\"url\":\"https:\\\/\\\/img.maisquecuidar.com\\\/loja\\\/wp-content\\\/uploads\\\/2019\\\/08\\\/logo-mais-que-cuidar-retina.png\",\"contentUrl\":\"https:\\\/\\\/img.maisquecuidar.com\\\/loja\\\/wp-content\\\/uploads\\\/2019\\\/08\\\/logo-mais-que-cuidar-retina.png\",\"width\":565,\"height\":75,\"caption\":\"Mais Que Cuidar\"},\"image\":{\"@id\":\"https:\\\/\\\/www.maisquecuidar.com\\\/loja\\\/#\\\/schema\\\/logo\\\/image\\\/\"},\"sameAs\":[\"https:\\\/\\\/www.facebook.com\\\/maisquecuidar.pt\",\"https:\\\/\\\/www.instagram.com\\\/maisquecuidar\"]}]}<\/script>\n<!-- \/ Yoast SEO plugin. -->","yoast_head_json":{"title":"Poltrona Geri\u00e1trica El\u00e9trica Move Up Invacare - Mais que Cuidar","description":"Poltrona geri\u00e1trica el\u00e9trica Move Up da Invacare com 4 rod\u00edzios que permite deslocar o cadeir\u00e3o entre divis\u00f5es e proporciona grande conforto e apoio.","robots":{"index":"index","follow":"follow","max-snippet":"max-snippet:-1","max-image-preview":"max-image-preview:large","max-video-preview":"max-video-preview:-1"},"canonical":"https:\/\/www.maisquecuidar.com\/loja\/novidades\/poltrona-geriatrica-eletrica-move-up","og_locale":"pt_PT","og_type":"article","og_title":"Poltrona Geri\u00e1trica El\u00e9trica Move Up Invacare - Mais que Cuidar","og_description":"Poltrona geri\u00e1trica el\u00e9trica Move Up da Invacare com 4 rod\u00edzios que permite deslocar o cadeir\u00e3o entre divis\u00f5es e proporciona grande conforto e apoio.","og_url":"https:\/\/www.maisquecuidar.com\/loja\/novidades\/poltrona-geriatrica-eletrica-move-up","og_site_name":"Mais que Cuidar","article_publisher":"https:\/\/www.facebook.com\/maisquecuidar.pt","article_modified_time":"2026-02-04T10:13:33+00:00","og_image":[{"width":1280,"height":800,"url":"https:\/\/img.maisquecuidar.com\/loja\/wp-content\/uploads\/2022\/11\/poltrona-geriatrica-move-up.jpg","type":"image\/jpeg"}],"twitter_misc":{"Tempo estimado de leitura":"2 minutos"},"schema":{"@context":"https:\/\/schema.org","@graph":[{"@type":"WebPage","@id":"https:\/\/www.maisquecuidar.com\/loja\/novidades\/poltrona-geriatrica-eletrica-move-up","url":"https:\/\/www.maisquecuidar.com\/loja\/novidades\/poltrona-geriatrica-eletrica-move-up","name":"Poltrona Geri\u00e1trica El\u00e9trica Move Up Invacare - Mais que Cuidar","isPartOf":{"@id":"https:\/\/www.maisquecuidar.com\/loja\/#website"},"primaryImageOfPage":{"@id":"https:\/\/www.maisquecuidar.com\/loja\/novidades\/poltrona-geriatrica-eletrica-move-up#primaryimage"},"image":{"@id":"https:\/\/www.maisquecuidar.com\/loja\/novidades\/poltrona-geriatrica-eletrica-move-up#primaryimage"},"thumbnailUrl":"https:\/\/img.maisquecuidar.com\/loja\/wp-content\/uploads\/2022\/11\/poltrona-geriatrica-move-up.jpg","datePublished":"2022-11-08T16:26:57+00:00","dateModified":"2026-02-04T10:13:33+00:00","description":"Poltrona geri\u00e1trica el\u00e9trica Move Up da Invacare com 4 rod\u00edzios que permite deslocar o cadeir\u00e3o entre divis\u00f5es e proporciona grande conforto e apoio.","breadcrumb":{"@id":"https:\/\/www.maisquecuidar.com\/loja\/novidades\/poltrona-geriatrica-eletrica-move-up#breadcrumb"},"inLanguage":"pt-PT","potentialAction":[{"@type":"ReadAction","target":["https:\/\/www.maisquecuidar.com\/loja\/novidades\/poltrona-geriatrica-eletrica-move-up"]}]},{"@type":"ImageObject","inLanguage":"pt-PT","@id":"https:\/\/www.maisquecuidar.com\/loja\/novidades\/poltrona-geriatrica-eletrica-move-up#primaryimage","url":"https:\/\/img.maisquecuidar.com\/loja\/wp-content\/uploads\/2022\/11\/poltrona-geriatrica-move-up.jpg","contentUrl":"https:\/\/img.maisquecuidar.com\/loja\/wp-content\/uploads\/2022\/11\/poltrona-geriatrica-move-up.jpg","width":1280,"height":800,"caption":"Poltrona geri\u00e1trica el\u00e9trica Move Up da Invacare"},{"@type":"BreadcrumbList","@id":"https:\/\/www.maisquecuidar.com\/loja\/novidades\/poltrona-geriatrica-eletrica-move-up#breadcrumb","itemListElement":[{"@type":"ListItem","position":1,"name":"Home","item":"https:\/\/www.maisquecuidar.com\/loja\/"},{"@type":"ListItem","position":2,"name":"Loja Online de Ortopedia e Geriatria em Portugal","item":"https:\/\/www.maisquecuidar.com\/loja\/loja"},{"@type":"ListItem","position":3,"name":"Novidades","item":"https:\/\/www.maisquecuidar.com\/loja\/novidades"},{"@type":"ListItem","position":4,"name":"Poltrona Geri\u00e1trica El\u00e9trica Move Up Invacare"}]},{"@type":"WebSite","@id":"https:\/\/www.maisquecuidar.com\/loja\/#website","url":"https:\/\/www.maisquecuidar.com\/loja\/","name":"Mais que Cuidar","description":"Sa\u00fade, Ortopedia e Geriatria","publisher":{"@id":"https:\/\/www.maisquecuidar.com\/loja\/#organization"},"potentialAction":[{"@type":"SearchAction","target":{"@type":"EntryPoint","urlTemplate":"https:\/\/www.maisquecuidar.com\/loja\/?s={search_term_string}"},"query-input":{"@type":"PropertyValueSpecification","valueRequired":true,"valueName":"search_term_string"}}],"inLanguage":"pt-PT"},{"@type":"Organization","@id":"https:\/\/www.maisquecuidar.com\/loja\/#organization","name":"Mais Que Cuidar","url":"https:\/\/www.maisquecuidar.com\/loja\/","logo":{"@type":"ImageObject","inLanguage":"pt-PT","@id":"https:\/\/www.maisquecuidar.com\/loja\/#\/schema\/logo\/image\/","url":"https:\/\/img.maisquecuidar.com\/loja\/wp-content\/uploads\/2019\/08\/logo-mais-que-cuidar-retina.png","contentUrl":"https:\/\/img.maisquecuidar.com\/loja\/wp-content\/uploads\/2019\/08\/logo-mais-que-cuidar-retina.png","width":565,"height":75,"caption":"Mais Que Cuidar"},"image":{"@id":"https:\/\/www.maisquecuidar.com\/loja\/#\/schema\/logo\/image\/"},"sameAs":["https:\/\/www.facebook.com\/maisquecuidar.pt","https:\/\/www.instagram.com\/maisquecuidar"]}]}},"_links":{"self":[{"href":"https:\/\/www.maisquecuidar.com\/loja\/wp-json\/wp\/v2\/product\/16700","targetHints":{"allow":["GET"]}}],"collection":[{"href":"https:\/\/www.maisquecuidar.com\/loja\/wp-json\/wp\/v2\/product"}],"about":[{"href":"https:\/\/www.maisquecuidar.com\/loja\/wp-json\/wp\/v2\/types\/product"}],"wp:featuredmedia":[{"embeddable":true,"href":"https:\/\/www.maisquecuidar.com\/loja\/wp-json\/wp\/v2\/media\/16701"}],"wp:attachment":[{"href":"https:\/\/www.maisquecuidar.com\/loja\/wp-json\/wp\/v2\/media?parent=16700"}],"wp:term":[{"taxonomy":"product_brand","embeddable":true,"href":"https:\/\/www.maisquecuidar.com\/loja\/wp-json\/wp\/v2\/product_brand?post=16700"},{"taxonomy":"product_cat","embeddable":true,"href":"https:\/\/www.maisquecuidar.com\/loja\/wp-json\/wp\/v2\/product_cat?post=16700"},{"taxonomy":"product_tag","embeddable":true,"href":"https:\/\/www.maisquecuidar.com\/loja\/wp-json\/wp\/v2\/product_tag?post=16700"}],"curies":[{"name":"wp","href":"https:\/\/api.w.org\/{rel}","templated":true}]}}