{"id":16691,"date":"2022-11-02T19:47:57","date_gmt":"2022-11-02T19:47:57","guid":{"rendered":"https:\/\/www.maisquecuidar.com\/loja\/?post_type=product&#038;p=16691"},"modified":"2026-04-28T20:45:39","modified_gmt":"2026-04-28T19:45:39","slug":"colchao-invasoft-hybrid-invacare","status":"publish","type":"product","link":"https:\/\/www.maisquecuidar.com\/loja\/quarto-conforto-bem-estar\/colchoes-anti-escaras\/colchao-invasoft-hybrid-invacare","title":{"rendered":"Colch\u00e3o Anti-Escaras InvaSoft Hybrid Invacare"},"content":{"rendered":"<p><strong>Colch\u00e3o Anti-Escaras InvaSoft Hybrid<\/strong><\/p>\n<p>Fabricado pela Invacare este colch\u00e3o incorpora uma tecnologia h\u00edbrida avan\u00e7ada, para controlar e gerir melhor os fatores de risco associados \u00e0s \u00falceras de press\u00e3o. O Invasoft Hybrid usa uma combina\u00e7\u00e3o inovadora de materiais e tecnologias, <strong>para melhorar a distribui\u00e7\u00e3o da press\u00e3o, reduzir as for\u00e7as de fric\u00e7\u00e3o e cisalhamento e garantir uma gest\u00e3o altamente eficaz do microclima.<\/strong><\/p>\n<p>A gest\u00e3o do microclima da pele, que \u00e9 a temperatura e humidade da pele na interface pele-superf\u00edcie, \u00e9 importante quando se trata da preven\u00e7\u00e3o de les\u00f5es por press\u00e3o, porque influencia a toler\u00e2ncia da pele contra os efeitos da press\u00e3o e do cisalhamento. <strong>Este colch\u00e3o anti-escaras h\u00edbrido \u00e9 a \u00fanica superf\u00edcie de suporte que pode gerir o microclima da pele sem a utiliza\u00e7\u00e3o de um compressor ligado \u00e0 eletricidade.<\/strong><\/p>\n<p>Os resultados dos testes independentes confirmam que o InvaSoft Hybrid \u00e9 altamente eficaz na gest\u00e3o dos principais fatores externos, de desenvolvimento de \u00falceras por press\u00e3o. Para os prestadores de cuidados de sa\u00fade que necessitam de reduzir o risco de \u00falceras por press\u00e3o o <strong>colch\u00e3o H\u00edbrido Invasoft<\/strong> oferece uma solu\u00e7\u00e3o f\u00e1cil, eficaz e eficiente adequada para a maioria das camas articuladas hospitalares, cuidados de longa dura\u00e7\u00e3o ou ambiente dom\u00e9stico.<\/p>\n<p><img fetchpriority=\"high\" decoding=\"async\" class=\"alignnone wp-image-16696\" src=\"https:\/\/img.maisquecuidar.com\/loja\/wp-content\/uploads\/2022\/11\/colchao-invacare-invasoft-hybrid-800x500.png\" alt=\"colch\u00e3o preventivo de \u00falceras Invacare Invasoft Hybrid\" width=\"496\" height=\"310\" srcset=\"https:\/\/img.maisquecuidar.com\/loja\/wp-content\/uploads\/2022\/11\/colchao-invacare-invasoft-hybrid-800x500.png 800w, https:\/\/img.maisquecuidar.com\/loja\/wp-content\/uploads\/2022\/11\/colchao-invacare-invasoft-hybrid-380x238.png 380w, https:\/\/img.maisquecuidar.com\/loja\/wp-content\/uploads\/2022\/11\/colchao-invacare-invasoft-hybrid-1024x640.png 1024w, https:\/\/img.maisquecuidar.com\/loja\/wp-content\/uploads\/2022\/11\/colchao-invacare-invasoft-hybrid-768x480.png 768w, https:\/\/img.maisquecuidar.com\/loja\/wp-content\/uploads\/2022\/11\/colchao-invacare-invasoft-hybrid.png 1280w\" sizes=\"(max-width: 496px) 100vw, 496px\" \/><\/p>\n<h3>Caracter\u00edsticas em destaque<\/h3>\n<ul>\n<li><strong>Redistribui\u00e7\u00e3o de press\u00e3o sem energia<\/strong>, proporcionando apoio personalizado e conforto.<\/li>\n<li><strong>Tecnologia de fluxo de ar n\u00e3o motorizado<\/strong> para uma gest\u00e3o eficaz do microclima da pele.<\/li>\n<li><strong>Zona do calcanhar inclinada a 5 graus<\/strong> combinada com uma camada anti-s\u00e9ptica para a preven\u00e7\u00e3o de les\u00f5es por press\u00e3o do calcanhar.<\/li>\n<li><strong>Circula\u00e7\u00e3o do ar excecional<\/strong> usando uma estrutura aberta e um material tipo noodle de poli\u00e9ster.<\/li>\n<li><strong>Espuma recortada<\/strong> para conforto extra e redistribui\u00e7\u00e3o da press\u00e3o.<\/li>\n<li><strong>Capa imperme\u00e1vel altamente respir\u00e1vel<\/strong> revestida de poliuretano que \u00e9 muito resistente a m\u00faltiplos regimes de limpeza e desinfe\u00e7\u00e3o.<\/li>\n<li><strong>Design modular<\/strong> significa que os principais componentes podem ser substitu\u00eddos individualmente.<\/li>\n<li><strong>F\u00e1cil de usar,<\/strong> devido a uma instala\u00e7\u00e3o f\u00e1cil.<\/li>\n<\/ul>\n<p><img decoding=\"async\" class=\"alignnone wp-image-16693 lazyload\" data-src=\"https:\/\/img.maisquecuidar.com\/loja\/wp-content\/uploads\/2022\/11\/invasof-hybrid-caracteristicas-800x195.png\" alt=\"Caracter\u00edsticas do colch\u00e3o Hybrid Invasoft\" width=\"631\" height=\"154\" data-srcset=\"https:\/\/img.maisquecuidar.com\/loja\/wp-content\/uploads\/2022\/11\/invasof-hybrid-caracteristicas-800x195.png 800w, https:\/\/img.maisquecuidar.com\/loja\/wp-content\/uploads\/2022\/11\/invasof-hybrid-caracteristicas-380x92.png 380w, https:\/\/img.maisquecuidar.com\/loja\/wp-content\/uploads\/2022\/11\/invasof-hybrid-caracteristicas-768x187.png 768w, https:\/\/img.maisquecuidar.com\/loja\/wp-content\/uploads\/2022\/11\/invasof-hybrid-caracteristicas.png 1024w\" data-sizes=\"(max-width: 631px) 100vw, 631px\" src=\"data:image\/svg+xml;base64,PHN2ZyB3aWR0aD0iMSIgaGVpZ2h0PSIxIiB4bWxucz0iaHR0cDovL3d3dy53My5vcmcvMjAwMC9zdmciPjwvc3ZnPg==\" style=\"--smush-placeholder-width: 631px; --smush-placeholder-aspect-ratio: 631\/154;\" \/><\/p>\n","protected":false},"excerpt":{"rendered":"<p>PROMO\u00c7\u00c3O V\u00c1LIDA DE 29 DE ABRIL a 05 DE MAIO DE 2026<\/p>\n<p>Colch\u00e3o H\u00edbrido com C\u00e9lulas de Ar Auto-ajust\u00e1veis que ajuda na preven\u00e7\u00e3o e no tratamento de \u00falceras de press\u00e3o.<\/p>\n","protected":false},"featured_media":16692,"template":"","meta":{"_acf_changed":false,"neve_meta_sidebar":"","neve_meta_container":"","neve_meta_enable_content_width":"off","neve_meta_content_width":100,"neve_meta_title_alignment":"","neve_meta_author_avatar":"","neve_post_elements_order":"","neve_meta_disable_header":"","neve_meta_disable_footer":"","neve_meta_disable_title":""},"product_brand":[777],"product_cat":[763,757],"product_tag":[],"class_list":{"0":"post-16691","1":"product","2":"type-product","3":"status-publish","4":"has-post-thumbnail","6":"product_brand-invasoft","7":"product_cat-colchoes-anti-escaras","8":"product_cat-novidades","10":"first","11":"onbackorder","12":"sale","13":"taxable","14":"shipping-taxable","15":"purchasable","16":"product-type-simple"},"acf":[],"yoast_head":"<!-- This site is optimized with the Yoast SEO plugin v27.5 - https:\/\/yoast.com\/product\/yoast-seo-wordpress\/ -->\n<title>Colch\u00e3o Anti-Escaras InvaSoft Hybrid Invacare - Mais que Cuidar<\/title>\n<meta name=\"description\" content=\"Colch\u00e3o Anti-Escaras Invasoft Hybrid da Invacare com c\u00e9lulas de ar auto-ajust\u00e1veis para ajudar na preven\u00e7\u00e3o e no tratamento de \u00falceras de press\u00e3o.\" \/>\n<meta name=\"robots\" content=\"index, follow, max-snippet:-1, max-image-preview:large, max-video-preview:-1\" \/>\n<link rel=\"canonical\" href=\"https:\/\/www.maisquecuidar.com\/loja\/quarto-conforto-bem-estar\/colchoes-anti-escaras\/colchao-invasoft-hybrid-invacare\" \/>\n<meta property=\"og:locale\" content=\"pt_PT\" \/>\n<meta property=\"og:type\" content=\"article\" \/>\n<meta property=\"og:title\" content=\"Colch\u00e3o Anti-Escaras InvaSoft Hybrid Invacare - Mais que Cuidar\" \/>\n<meta property=\"og:description\" content=\"Colch\u00e3o Anti-Escaras Invasoft Hybrid da Invacare com c\u00e9lulas de ar auto-ajust\u00e1veis para ajudar na preven\u00e7\u00e3o e no tratamento de \u00falceras de press\u00e3o.\" \/>\n<meta property=\"og:url\" content=\"https:\/\/www.maisquecuidar.com\/loja\/quarto-conforto-bem-estar\/colchoes-anti-escaras\/colchao-invasoft-hybrid-invacare\" \/>\n<meta property=\"og:site_name\" content=\"Mais que Cuidar\" \/>\n<meta property=\"article:publisher\" content=\"https:\/\/www.facebook.com\/maisquecuidar.pt\" \/>\n<meta property=\"article:modified_time\" content=\"2026-04-28T19:45:39+00:00\" \/>\n<meta property=\"og:image\" content=\"https:\/\/img.maisquecuidar.com\/loja\/wp-content\/uploads\/2022\/11\/colchao-invasoft-hybrid.jpg\" \/>\n\t<meta property=\"og:image:width\" content=\"1280\" \/>\n\t<meta property=\"og:image:height\" content=\"800\" \/>\n\t<meta property=\"og:image:type\" content=\"image\/jpeg\" \/>\n<meta name=\"twitter:label1\" content=\"Tempo estimado de leitura\" \/>\n\t<meta name=\"twitter:data1\" content=\"3 minutos\" \/>\n<script type=\"application\/ld+json\" class=\"yoast-schema-graph\">{\"@context\":\"https:\\\/\\\/schema.org\",\"@graph\":[{\"@type\":\"WebPage\",\"@id\":\"https:\\\/\\\/www.maisquecuidar.com\\\/loja\\\/quarto-conforto-bem-estar\\\/colchoes-anti-escaras\\\/colchao-invasoft-hybrid-invacare\",\"url\":\"https:\\\/\\\/www.maisquecuidar.com\\\/loja\\\/quarto-conforto-bem-estar\\\/colchoes-anti-escaras\\\/colchao-invasoft-hybrid-invacare\",\"name\":\"Colch\u00e3o Anti-Escaras InvaSoft Hybrid Invacare - Mais que Cuidar\",\"isPartOf\":{\"@id\":\"https:\\\/\\\/www.maisquecuidar.com\\\/loja\\\/#website\"},\"primaryImageOfPage\":{\"@id\":\"https:\\\/\\\/www.maisquecuidar.com\\\/loja\\\/quarto-conforto-bem-estar\\\/colchoes-anti-escaras\\\/colchao-invasoft-hybrid-invacare#primaryimage\"},\"image\":{\"@id\":\"https:\\\/\\\/www.maisquecuidar.com\\\/loja\\\/quarto-conforto-bem-estar\\\/colchoes-anti-escaras\\\/colchao-invasoft-hybrid-invacare#primaryimage\"},\"thumbnailUrl\":\"https:\\\/\\\/img.maisquecuidar.com\\\/loja\\\/wp-content\\\/uploads\\\/2022\\\/11\\\/colchao-invasoft-hybrid.jpg\",\"datePublished\":\"2022-11-02T19:47:57+00:00\",\"dateModified\":\"2026-04-28T19:45:39+00:00\",\"description\":\"Colch\u00e3o Anti-Escaras Invasoft Hybrid da Invacare com c\u00e9lulas de ar auto-ajust\u00e1veis para ajudar na preven\u00e7\u00e3o e no tratamento de \u00falceras de press\u00e3o.\",\"breadcrumb\":{\"@id\":\"https:\\\/\\\/www.maisquecuidar.com\\\/loja\\\/quarto-conforto-bem-estar\\\/colchoes-anti-escaras\\\/colchao-invasoft-hybrid-invacare#breadcrumb\"},\"inLanguage\":\"pt-PT\",\"potentialAction\":[{\"@type\":\"ReadAction\",\"target\":[\"https:\\\/\\\/www.maisquecuidar.com\\\/loja\\\/quarto-conforto-bem-estar\\\/colchoes-anti-escaras\\\/colchao-invasoft-hybrid-invacare\"]}]},{\"@type\":\"ImageObject\",\"inLanguage\":\"pt-PT\",\"@id\":\"https:\\\/\\\/www.maisquecuidar.com\\\/loja\\\/quarto-conforto-bem-estar\\\/colchoes-anti-escaras\\\/colchao-invasoft-hybrid-invacare#primaryimage\",\"url\":\"https:\\\/\\\/img.maisquecuidar.com\\\/loja\\\/wp-content\\\/uploads\\\/2022\\\/11\\\/colchao-invasoft-hybrid.jpg\",\"contentUrl\":\"https:\\\/\\\/img.maisquecuidar.com\\\/loja\\\/wp-content\\\/uploads\\\/2022\\\/11\\\/colchao-invasoft-hybrid.jpg\",\"width\":1280,\"height\":800,\"caption\":\"Colch\u00e3o anti-escaras hibrido Invasoft Hybrid da Invacare\"},{\"@type\":\"BreadcrumbList\",\"@id\":\"https:\\\/\\\/www.maisquecuidar.com\\\/loja\\\/quarto-conforto-bem-estar\\\/colchoes-anti-escaras\\\/colchao-invasoft-hybrid-invacare#breadcrumb\",\"itemListElement\":[{\"@type\":\"ListItem\",\"position\":1,\"name\":\"Home\",\"item\":\"https:\\\/\\\/www.maisquecuidar.com\\\/loja\\\/\"},{\"@type\":\"ListItem\",\"position\":2,\"name\":\"Loja Online de Ortopedia e Geriatria em Portugal\",\"item\":\"https:\\\/\\\/www.maisquecuidar.com\\\/loja\\\/loja\"},{\"@type\":\"ListItem\",\"position\":3,\"name\":\"Quarto, Conforto e Bem Estar\",\"item\":\"https:\\\/\\\/www.maisquecuidar.com\\\/loja\\\/quarto-conforto-bem-estar\"},{\"@type\":\"ListItem\",\"position\":4,\"name\":\"Colch\u00f5es Anti-Escaras\",\"item\":\"https:\\\/\\\/www.maisquecuidar.com\\\/loja\\\/quarto-conforto-bem-estar\\\/colchoes-anti-escaras\"},{\"@type\":\"ListItem\",\"position\":5,\"name\":\"Colch\u00e3o Anti-Escaras InvaSoft Hybrid Invacare\"}]},{\"@type\":\"WebSite\",\"@id\":\"https:\\\/\\\/www.maisquecuidar.com\\\/loja\\\/#website\",\"url\":\"https:\\\/\\\/www.maisquecuidar.com\\\/loja\\\/\",\"name\":\"Mais que Cuidar\",\"description\":\"Sa\u00fade, Ortopedia e Geriatria\",\"publisher\":{\"@id\":\"https:\\\/\\\/www.maisquecuidar.com\\\/loja\\\/#organization\"},\"potentialAction\":[{\"@type\":\"SearchAction\",\"target\":{\"@type\":\"EntryPoint\",\"urlTemplate\":\"https:\\\/\\\/www.maisquecuidar.com\\\/loja\\\/?s={search_term_string}\"},\"query-input\":{\"@type\":\"PropertyValueSpecification\",\"valueRequired\":true,\"valueName\":\"search_term_string\"}}],\"inLanguage\":\"pt-PT\"},{\"@type\":\"Organization\",\"@id\":\"https:\\\/\\\/www.maisquecuidar.com\\\/loja\\\/#organization\",\"name\":\"Mais Que Cuidar\",\"url\":\"https:\\\/\\\/www.maisquecuidar.com\\\/loja\\\/\",\"logo\":{\"@type\":\"ImageObject\",\"inLanguage\":\"pt-PT\",\"@id\":\"https:\\\/\\\/www.maisquecuidar.com\\\/loja\\\/#\\\/schema\\\/logo\\\/image\\\/\",\"url\":\"https:\\\/\\\/img.maisquecuidar.com\\\/loja\\\/wp-content\\\/uploads\\\/2019\\\/08\\\/logo-mais-que-cuidar-retina.png\",\"contentUrl\":\"https:\\\/\\\/img.maisquecuidar.com\\\/loja\\\/wp-content\\\/uploads\\\/2019\\\/08\\\/logo-mais-que-cuidar-retina.png\",\"width\":565,\"height\":75,\"caption\":\"Mais Que Cuidar\"},\"image\":{\"@id\":\"https:\\\/\\\/www.maisquecuidar.com\\\/loja\\\/#\\\/schema\\\/logo\\\/image\\\/\"},\"sameAs\":[\"https:\\\/\\\/www.facebook.com\\\/maisquecuidar.pt\",\"https:\\\/\\\/www.instagram.com\\\/maisquecuidar\"]}]}<\/script>\n<!-- \/ Yoast SEO plugin. -->","yoast_head_json":{"title":"Colch\u00e3o Anti-Escaras InvaSoft Hybrid Invacare - Mais que Cuidar","description":"Colch\u00e3o Anti-Escaras Invasoft Hybrid da Invacare com c\u00e9lulas de ar auto-ajust\u00e1veis para ajudar na preven\u00e7\u00e3o e no tratamento de \u00falceras de press\u00e3o.","robots":{"index":"index","follow":"follow","max-snippet":"max-snippet:-1","max-image-preview":"max-image-preview:large","max-video-preview":"max-video-preview:-1"},"canonical":"https:\/\/www.maisquecuidar.com\/loja\/quarto-conforto-bem-estar\/colchoes-anti-escaras\/colchao-invasoft-hybrid-invacare","og_locale":"pt_PT","og_type":"article","og_title":"Colch\u00e3o Anti-Escaras InvaSoft Hybrid Invacare - Mais que Cuidar","og_description":"Colch\u00e3o Anti-Escaras Invasoft Hybrid da Invacare com c\u00e9lulas de ar auto-ajust\u00e1veis para ajudar na preven\u00e7\u00e3o e no tratamento de \u00falceras de press\u00e3o.","og_url":"https:\/\/www.maisquecuidar.com\/loja\/quarto-conforto-bem-estar\/colchoes-anti-escaras\/colchao-invasoft-hybrid-invacare","og_site_name":"Mais que Cuidar","article_publisher":"https:\/\/www.facebook.com\/maisquecuidar.pt","article_modified_time":"2026-04-28T19:45:39+00:00","og_image":[{"width":1280,"height":800,"url":"https:\/\/img.maisquecuidar.com\/loja\/wp-content\/uploads\/2022\/11\/colchao-invasoft-hybrid.jpg","type":"image\/jpeg"}],"twitter_misc":{"Tempo estimado de leitura":"3 minutos"},"schema":{"@context":"https:\/\/schema.org","@graph":[{"@type":"WebPage","@id":"https:\/\/www.maisquecuidar.com\/loja\/quarto-conforto-bem-estar\/colchoes-anti-escaras\/colchao-invasoft-hybrid-invacare","url":"https:\/\/www.maisquecuidar.com\/loja\/quarto-conforto-bem-estar\/colchoes-anti-escaras\/colchao-invasoft-hybrid-invacare","name":"Colch\u00e3o Anti-Escaras InvaSoft Hybrid Invacare - Mais que Cuidar","isPartOf":{"@id":"https:\/\/www.maisquecuidar.com\/loja\/#website"},"primaryImageOfPage":{"@id":"https:\/\/www.maisquecuidar.com\/loja\/quarto-conforto-bem-estar\/colchoes-anti-escaras\/colchao-invasoft-hybrid-invacare#primaryimage"},"image":{"@id":"https:\/\/www.maisquecuidar.com\/loja\/quarto-conforto-bem-estar\/colchoes-anti-escaras\/colchao-invasoft-hybrid-invacare#primaryimage"},"thumbnailUrl":"https:\/\/img.maisquecuidar.com\/loja\/wp-content\/uploads\/2022\/11\/colchao-invasoft-hybrid.jpg","datePublished":"2022-11-02T19:47:57+00:00","dateModified":"2026-04-28T19:45:39+00:00","description":"Colch\u00e3o Anti-Escaras Invasoft Hybrid da Invacare com c\u00e9lulas de ar auto-ajust\u00e1veis para ajudar na preven\u00e7\u00e3o e no tratamento de \u00falceras de press\u00e3o.","breadcrumb":{"@id":"https:\/\/www.maisquecuidar.com\/loja\/quarto-conforto-bem-estar\/colchoes-anti-escaras\/colchao-invasoft-hybrid-invacare#breadcrumb"},"inLanguage":"pt-PT","potentialAction":[{"@type":"ReadAction","target":["https:\/\/www.maisquecuidar.com\/loja\/quarto-conforto-bem-estar\/colchoes-anti-escaras\/colchao-invasoft-hybrid-invacare"]}]},{"@type":"ImageObject","inLanguage":"pt-PT","@id":"https:\/\/www.maisquecuidar.com\/loja\/quarto-conforto-bem-estar\/colchoes-anti-escaras\/colchao-invasoft-hybrid-invacare#primaryimage","url":"https:\/\/img.maisquecuidar.com\/loja\/wp-content\/uploads\/2022\/11\/colchao-invasoft-hybrid.jpg","contentUrl":"https:\/\/img.maisquecuidar.com\/loja\/wp-content\/uploads\/2022\/11\/colchao-invasoft-hybrid.jpg","width":1280,"height":800,"caption":"Colch\u00e3o anti-escaras hibrido Invasoft Hybrid da Invacare"},{"@type":"BreadcrumbList","@id":"https:\/\/www.maisquecuidar.com\/loja\/quarto-conforto-bem-estar\/colchoes-anti-escaras\/colchao-invasoft-hybrid-invacare#breadcrumb","itemListElement":[{"@type":"ListItem","position":1,"name":"Home","item":"https:\/\/www.maisquecuidar.com\/loja\/"},{"@type":"ListItem","position":2,"name":"Loja Online de Ortopedia e Geriatria em Portugal","item":"https:\/\/www.maisquecuidar.com\/loja\/loja"},{"@type":"ListItem","position":3,"name":"Quarto, Conforto e Bem Estar","item":"https:\/\/www.maisquecuidar.com\/loja\/quarto-conforto-bem-estar"},{"@type":"ListItem","position":4,"name":"Colch\u00f5es Anti-Escaras","item":"https:\/\/www.maisquecuidar.com\/loja\/quarto-conforto-bem-estar\/colchoes-anti-escaras"},{"@type":"ListItem","position":5,"name":"Colch\u00e3o Anti-Escaras InvaSoft Hybrid Invacare"}]},{"@type":"WebSite","@id":"https:\/\/www.maisquecuidar.com\/loja\/#website","url":"https:\/\/www.maisquecuidar.com\/loja\/","name":"Mais que Cuidar","description":"Sa\u00fade, Ortopedia e Geriatria","publisher":{"@id":"https:\/\/www.maisquecuidar.com\/loja\/#organization"},"potentialAction":[{"@type":"SearchAction","target":{"@type":"EntryPoint","urlTemplate":"https:\/\/www.maisquecuidar.com\/loja\/?s={search_term_string}"},"query-input":{"@type":"PropertyValueSpecification","valueRequired":true,"valueName":"search_term_string"}}],"inLanguage":"pt-PT"},{"@type":"Organization","@id":"https:\/\/www.maisquecuidar.com\/loja\/#organization","name":"Mais Que Cuidar","url":"https:\/\/www.maisquecuidar.com\/loja\/","logo":{"@type":"ImageObject","inLanguage":"pt-PT","@id":"https:\/\/www.maisquecuidar.com\/loja\/#\/schema\/logo\/image\/","url":"https:\/\/img.maisquecuidar.com\/loja\/wp-content\/uploads\/2019\/08\/logo-mais-que-cuidar-retina.png","contentUrl":"https:\/\/img.maisquecuidar.com\/loja\/wp-content\/uploads\/2019\/08\/logo-mais-que-cuidar-retina.png","width":565,"height":75,"caption":"Mais Que Cuidar"},"image":{"@id":"https:\/\/www.maisquecuidar.com\/loja\/#\/schema\/logo\/image\/"},"sameAs":["https:\/\/www.facebook.com\/maisquecuidar.pt","https:\/\/www.instagram.com\/maisquecuidar"]}]}},"_links":{"self":[{"href":"https:\/\/www.maisquecuidar.com\/loja\/wp-json\/wp\/v2\/product\/16691","targetHints":{"allow":["GET"]}}],"collection":[{"href":"https:\/\/www.maisquecuidar.com\/loja\/wp-json\/wp\/v2\/product"}],"about":[{"href":"https:\/\/www.maisquecuidar.com\/loja\/wp-json\/wp\/v2\/types\/product"}],"wp:featuredmedia":[{"embeddable":true,"href":"https:\/\/www.maisquecuidar.com\/loja\/wp-json\/wp\/v2\/media\/16692"}],"wp:attachment":[{"href":"https:\/\/www.maisquecuidar.com\/loja\/wp-json\/wp\/v2\/media?parent=16691"}],"wp:term":[{"taxonomy":"product_brand","embeddable":true,"href":"https:\/\/www.maisquecuidar.com\/loja\/wp-json\/wp\/v2\/product_brand?post=16691"},{"taxonomy":"product_cat","embeddable":true,"href":"https:\/\/www.maisquecuidar.com\/loja\/wp-json\/wp\/v2\/product_cat?post=16691"},{"taxonomy":"product_tag","embeddable":true,"href":"https:\/\/www.maisquecuidar.com\/loja\/wp-json\/wp\/v2\/product_tag?post=16691"}],"curies":[{"name":"wp","href":"https:\/\/api.w.org\/{rel}","templated":true}]}}