{"id":15907,"date":"2022-07-29T18:28:06","date_gmt":"2022-07-29T17:28:06","guid":{"rendered":"https:\/\/www.maisquecuidar.com\/loja\/?post_type=product&#038;p=15907"},"modified":"2025-09-15T20:13:00","modified_gmt":"2025-09-15T19:13:00","slug":"creme-dermoprotetor-oxido-de-zinco-molicare-skin","status":"publish","type":"product","link":"https:\/\/www.maisquecuidar.com\/loja\/higiene-casa-banho\/cuidados-do-corpo-e-da-pele\/muda-da-fralda\/creme-dermoprotetor-oxido-de-zinco-molicare-skin","title":{"rendered":"Molicare Skin Creme Dermoprotetor com \u00d3xido de Zinco"},"content":{"rendered":"<p>O creme dermoprotetor com \u00f3xido de zinco \u00e9 fabricado pela marca Hartmann e forma uma camada protetora que desinfeta e protege a pele sensibilizada da \u00e1rea genital contra subst\u00e2ncias nocivas tais como, bact\u00e9rias e fungos. Cont\u00e9m ainda o novo complexo de prote\u00e7\u00e3o Nutriskin para fortalecimento da fun\u00e7\u00e3o de barreira e regenera\u00e7\u00e3o da pele.<\/p>\n<h3>Composi\u00e7\u00e3o:<\/h3>\n<ul>\n<li><strong>Pantenol:<\/strong> respons\u00e1vel pelo bom funcionamento dos enzimas e \u00e9 essencial para a reposi\u00e7\u00e3o de prote\u00ednas e lip\u00eddios na pele.<\/li>\n<li><strong>\u00d3leo de Am\u00eandoas:<\/strong> rico em vitamina A, B1, B2 e B6 e muito rico em vitamina E, por esse motivo \u00e9 considerado um \u00f3timo antioxidante. Hidrata e amacia a pele, previne rugas e melhora a elasticidade da pele. \u00c9 anti-inflamat\u00f3rio e calmante para a pele e ajuda a recuperar a oleosidade natural da pele seca.<\/li>\n<li><strong>\u00d3xido de Zinco (20%):<\/strong> antiss\u00e9ptico e anti-inflamat\u00f3rio.<\/li>\n<li><strong>Amino\u00e1cidos:<\/strong> Anti-envelhecimento.<\/li>\n<\/ul>\n<h3>Caracter\u00edsticas em destaque:<\/h3>\n<ul>\n<li>Aroma refrescante com um novo neutralizador de odores.<\/li>\n<li>Funciona como barreira de prote\u00e7\u00e3o na \u00e1rea genital.<\/li>\n<li>Emuls\u00e3o \u00e1gua em \u00f3leo, com \u00f3xido de zinco.<\/li>\n<\/ul>\n","protected":false},"excerpt":{"rendered":"<p>Creme indicado para a prote\u00e7\u00e3o da pele, com \u00f3xido de zinco.<\/p>\n","protected":false},"featured_media":15908,"template":"","meta":{"_acf_changed":false,"neve_meta_sidebar":"","neve_meta_container":"","neve_meta_enable_content_width":"","neve_meta_content_width":0,"neve_meta_title_alignment":"","neve_meta_author_avatar":"","neve_post_elements_order":"","neve_meta_disable_header":"","neve_meta_disable_footer":"","neve_meta_disable_title":""},"product_brand":[],"product_cat":[731],"product_tag":[],"class_list":{"0":"post-15907","1":"product","2":"type-product","3":"status-publish","4":"has-post-thumbnail","6":"product_cat-muda-da-fralda","8":"first","9":"instock","10":"taxable","11":"shipping-taxable","12":"purchasable","13":"product-type-simple"},"acf":[],"yoast_head":"<!-- This site is optimized with the Yoast SEO plugin v27.4 - https:\/\/yoast.com\/product\/yoast-seo-wordpress\/ -->\n<title>Molicare Skin Creme Dermoprotetor com \u00d3xido de Zinco<\/title>\n<meta name=\"description\" content=\"Conhe\u00e7a o creme dermoprotetor com \u00f3xido de zinco Molicare Skin indicado para a prote\u00e7\u00e3o da pele em situa\u00e7\u00f5es de incontin\u00eancia.\" \/>\n<meta name=\"robots\" content=\"index, follow, max-snippet:-1, max-image-preview:large, max-video-preview:-1\" \/>\n<link rel=\"canonical\" href=\"https:\/\/www.maisquecuidar.com\/loja\/higiene-casa-banho\/cuidados-do-corpo-e-da-pele\/muda-da-fralda\/creme-dermoprotetor-oxido-de-zinco-molicare-skin\" \/>\n<meta property=\"og:locale\" content=\"pt_PT\" \/>\n<meta property=\"og:type\" content=\"article\" \/>\n<meta property=\"og:title\" content=\"Molicare Skin Creme Dermoprotetor com \u00d3xido de Zinco\" \/>\n<meta property=\"og:description\" content=\"Conhe\u00e7a o creme dermoprotetor com \u00f3xido de zinco Molicare Skin indicado para a prote\u00e7\u00e3o da pele em situa\u00e7\u00f5es de incontin\u00eancia.\" \/>\n<meta property=\"og:url\" content=\"https:\/\/www.maisquecuidar.com\/loja\/higiene-casa-banho\/cuidados-do-corpo-e-da-pele\/muda-da-fralda\/creme-dermoprotetor-oxido-de-zinco-molicare-skin\" \/>\n<meta property=\"og:site_name\" content=\"Mais que Cuidar\" \/>\n<meta property=\"article:publisher\" content=\"https:\/\/www.facebook.com\/maisquecuidar.pt\" \/>\n<meta property=\"article:modified_time\" content=\"2025-09-15T19:13:00+00:00\" \/>\n<meta property=\"og:image\" content=\"https:\/\/img.maisquecuidar.com\/loja\/wp-content\/uploads\/2022\/07\/creme-oxido-zinco-molicare-skin.png\" \/>\n\t<meta property=\"og:image:width\" content=\"1280\" \/>\n\t<meta property=\"og:image:height\" content=\"800\" \/>\n\t<meta property=\"og:image:type\" content=\"image\/png\" \/>\n<meta name=\"twitter:label1\" content=\"Tempo estimado de leitura\" \/>\n\t<meta name=\"twitter:data1\" content=\"1 minuto\" \/>\n<script type=\"application\/ld+json\" class=\"yoast-schema-graph\">{\"@context\":\"https:\\\/\\\/schema.org\",\"@graph\":[{\"@type\":\"WebPage\",\"@id\":\"https:\\\/\\\/www.maisquecuidar.com\\\/loja\\\/higiene-casa-banho\\\/cuidados-do-corpo-e-da-pele\\\/muda-da-fralda\\\/creme-dermoprotetor-oxido-de-zinco-molicare-skin\",\"url\":\"https:\\\/\\\/www.maisquecuidar.com\\\/loja\\\/higiene-casa-banho\\\/cuidados-do-corpo-e-da-pele\\\/muda-da-fralda\\\/creme-dermoprotetor-oxido-de-zinco-molicare-skin\",\"name\":\"Molicare Skin Creme Dermoprotetor com \u00d3xido de Zinco\",\"isPartOf\":{\"@id\":\"https:\\\/\\\/www.maisquecuidar.com\\\/loja\\\/#website\"},\"primaryImageOfPage\":{\"@id\":\"https:\\\/\\\/www.maisquecuidar.com\\\/loja\\\/higiene-casa-banho\\\/cuidados-do-corpo-e-da-pele\\\/muda-da-fralda\\\/creme-dermoprotetor-oxido-de-zinco-molicare-skin#primaryimage\"},\"image\":{\"@id\":\"https:\\\/\\\/www.maisquecuidar.com\\\/loja\\\/higiene-casa-banho\\\/cuidados-do-corpo-e-da-pele\\\/muda-da-fralda\\\/creme-dermoprotetor-oxido-de-zinco-molicare-skin#primaryimage\"},\"thumbnailUrl\":\"https:\\\/\\\/img.maisquecuidar.com\\\/loja\\\/wp-content\\\/uploads\\\/2022\\\/07\\\/creme-oxido-zinco-molicare-skin.png\",\"datePublished\":\"2022-07-29T17:28:06+00:00\",\"dateModified\":\"2025-09-15T19:13:00+00:00\",\"description\":\"Conhe\u00e7a o creme dermoprotetor com \u00f3xido de zinco Molicare Skin indicado para a prote\u00e7\u00e3o da pele em situa\u00e7\u00f5es de incontin\u00eancia.\",\"breadcrumb\":{\"@id\":\"https:\\\/\\\/www.maisquecuidar.com\\\/loja\\\/higiene-casa-banho\\\/cuidados-do-corpo-e-da-pele\\\/muda-da-fralda\\\/creme-dermoprotetor-oxido-de-zinco-molicare-skin#breadcrumb\"},\"inLanguage\":\"pt-PT\",\"potentialAction\":[{\"@type\":\"ReadAction\",\"target\":[\"https:\\\/\\\/www.maisquecuidar.com\\\/loja\\\/higiene-casa-banho\\\/cuidados-do-corpo-e-da-pele\\\/muda-da-fralda\\\/creme-dermoprotetor-oxido-de-zinco-molicare-skin\"]}]},{\"@type\":\"ImageObject\",\"inLanguage\":\"pt-PT\",\"@id\":\"https:\\\/\\\/www.maisquecuidar.com\\\/loja\\\/higiene-casa-banho\\\/cuidados-do-corpo-e-da-pele\\\/muda-da-fralda\\\/creme-dermoprotetor-oxido-de-zinco-molicare-skin#primaryimage\",\"url\":\"https:\\\/\\\/img.maisquecuidar.com\\\/loja\\\/wp-content\\\/uploads\\\/2022\\\/07\\\/creme-oxido-zinco-molicare-skin.png\",\"contentUrl\":\"https:\\\/\\\/img.maisquecuidar.com\\\/loja\\\/wp-content\\\/uploads\\\/2022\\\/07\\\/creme-oxido-zinco-molicare-skin.png\",\"width\":1280,\"height\":800,\"caption\":\"Creme dermoprotetor com \u00f3xido de zinco molicare skin da hartmann\"},{\"@type\":\"BreadcrumbList\",\"@id\":\"https:\\\/\\\/www.maisquecuidar.com\\\/loja\\\/higiene-casa-banho\\\/cuidados-do-corpo-e-da-pele\\\/muda-da-fralda\\\/creme-dermoprotetor-oxido-de-zinco-molicare-skin#breadcrumb\",\"itemListElement\":[{\"@type\":\"ListItem\",\"position\":1,\"name\":\"Home\",\"item\":\"https:\\\/\\\/www.maisquecuidar.com\\\/loja\\\/\"},{\"@type\":\"ListItem\",\"position\":2,\"name\":\"Loja Online de Ortopedia e Geriatria em Portugal\",\"item\":\"https:\\\/\\\/www.maisquecuidar.com\\\/loja\\\/loja\"},{\"@type\":\"ListItem\",\"position\":3,\"name\":\"Higiene e Casa de Banho\",\"item\":\"https:\\\/\\\/www.maisquecuidar.com\\\/loja\\\/higiene-casa-banho\"},{\"@type\":\"ListItem\",\"position\":4,\"name\":\"Produtos para Cuidados do Corpo e da Pele\",\"item\":\"https:\\\/\\\/www.maisquecuidar.com\\\/loja\\\/higiene-casa-banho\\\/cuidados-do-corpo-e-da-pele\"},{\"@type\":\"ListItem\",\"position\":5,\"name\":\"Muda da Fralda\",\"item\":\"https:\\\/\\\/www.maisquecuidar.com\\\/loja\\\/higiene-casa-banho\\\/cuidados-do-corpo-e-da-pele\\\/muda-da-fralda\"},{\"@type\":\"ListItem\",\"position\":6,\"name\":\"Molicare Skin Creme Dermoprotetor com \u00d3xido de Zinco\"}]},{\"@type\":\"WebSite\",\"@id\":\"https:\\\/\\\/www.maisquecuidar.com\\\/loja\\\/#website\",\"url\":\"https:\\\/\\\/www.maisquecuidar.com\\\/loja\\\/\",\"name\":\"Mais que Cuidar\",\"description\":\"Sa\u00fade, Ortopedia e Geriatria\",\"publisher\":{\"@id\":\"https:\\\/\\\/www.maisquecuidar.com\\\/loja\\\/#organization\"},\"potentialAction\":[{\"@type\":\"SearchAction\",\"target\":{\"@type\":\"EntryPoint\",\"urlTemplate\":\"https:\\\/\\\/www.maisquecuidar.com\\\/loja\\\/?s={search_term_string}\"},\"query-input\":{\"@type\":\"PropertyValueSpecification\",\"valueRequired\":true,\"valueName\":\"search_term_string\"}}],\"inLanguage\":\"pt-PT\"},{\"@type\":\"Organization\",\"@id\":\"https:\\\/\\\/www.maisquecuidar.com\\\/loja\\\/#organization\",\"name\":\"Mais Que Cuidar\",\"url\":\"https:\\\/\\\/www.maisquecuidar.com\\\/loja\\\/\",\"logo\":{\"@type\":\"ImageObject\",\"inLanguage\":\"pt-PT\",\"@id\":\"https:\\\/\\\/www.maisquecuidar.com\\\/loja\\\/#\\\/schema\\\/logo\\\/image\\\/\",\"url\":\"https:\\\/\\\/img.maisquecuidar.com\\\/loja\\\/wp-content\\\/uploads\\\/2019\\\/08\\\/logo-mais-que-cuidar-retina.png\",\"contentUrl\":\"https:\\\/\\\/img.maisquecuidar.com\\\/loja\\\/wp-content\\\/uploads\\\/2019\\\/08\\\/logo-mais-que-cuidar-retina.png\",\"width\":565,\"height\":75,\"caption\":\"Mais Que Cuidar\"},\"image\":{\"@id\":\"https:\\\/\\\/www.maisquecuidar.com\\\/loja\\\/#\\\/schema\\\/logo\\\/image\\\/\"},\"sameAs\":[\"https:\\\/\\\/www.facebook.com\\\/maisquecuidar.pt\",\"https:\\\/\\\/www.instagram.com\\\/maisquecuidar\"]}]}<\/script>\n<!-- \/ Yoast SEO plugin. -->","yoast_head_json":{"title":"Molicare Skin Creme Dermoprotetor com \u00d3xido de Zinco","description":"Conhe\u00e7a o creme dermoprotetor com \u00f3xido de zinco Molicare Skin indicado para a prote\u00e7\u00e3o da pele em situa\u00e7\u00f5es de incontin\u00eancia.","robots":{"index":"index","follow":"follow","max-snippet":"max-snippet:-1","max-image-preview":"max-image-preview:large","max-video-preview":"max-video-preview:-1"},"canonical":"https:\/\/www.maisquecuidar.com\/loja\/higiene-casa-banho\/cuidados-do-corpo-e-da-pele\/muda-da-fralda\/creme-dermoprotetor-oxido-de-zinco-molicare-skin","og_locale":"pt_PT","og_type":"article","og_title":"Molicare Skin Creme Dermoprotetor com \u00d3xido de Zinco","og_description":"Conhe\u00e7a o creme dermoprotetor com \u00f3xido de zinco Molicare Skin indicado para a prote\u00e7\u00e3o da pele em situa\u00e7\u00f5es de incontin\u00eancia.","og_url":"https:\/\/www.maisquecuidar.com\/loja\/higiene-casa-banho\/cuidados-do-corpo-e-da-pele\/muda-da-fralda\/creme-dermoprotetor-oxido-de-zinco-molicare-skin","og_site_name":"Mais que Cuidar","article_publisher":"https:\/\/www.facebook.com\/maisquecuidar.pt","article_modified_time":"2025-09-15T19:13:00+00:00","og_image":[{"width":1280,"height":800,"url":"https:\/\/img.maisquecuidar.com\/loja\/wp-content\/uploads\/2022\/07\/creme-oxido-zinco-molicare-skin.png","type":"image\/png"}],"twitter_misc":{"Tempo estimado de leitura":"1 minuto"},"schema":{"@context":"https:\/\/schema.org","@graph":[{"@type":"WebPage","@id":"https:\/\/www.maisquecuidar.com\/loja\/higiene-casa-banho\/cuidados-do-corpo-e-da-pele\/muda-da-fralda\/creme-dermoprotetor-oxido-de-zinco-molicare-skin","url":"https:\/\/www.maisquecuidar.com\/loja\/higiene-casa-banho\/cuidados-do-corpo-e-da-pele\/muda-da-fralda\/creme-dermoprotetor-oxido-de-zinco-molicare-skin","name":"Molicare Skin Creme Dermoprotetor com \u00d3xido de Zinco","isPartOf":{"@id":"https:\/\/www.maisquecuidar.com\/loja\/#website"},"primaryImageOfPage":{"@id":"https:\/\/www.maisquecuidar.com\/loja\/higiene-casa-banho\/cuidados-do-corpo-e-da-pele\/muda-da-fralda\/creme-dermoprotetor-oxido-de-zinco-molicare-skin#primaryimage"},"image":{"@id":"https:\/\/www.maisquecuidar.com\/loja\/higiene-casa-banho\/cuidados-do-corpo-e-da-pele\/muda-da-fralda\/creme-dermoprotetor-oxido-de-zinco-molicare-skin#primaryimage"},"thumbnailUrl":"https:\/\/img.maisquecuidar.com\/loja\/wp-content\/uploads\/2022\/07\/creme-oxido-zinco-molicare-skin.png","datePublished":"2022-07-29T17:28:06+00:00","dateModified":"2025-09-15T19:13:00+00:00","description":"Conhe\u00e7a o creme dermoprotetor com \u00f3xido de zinco Molicare Skin indicado para a prote\u00e7\u00e3o da pele em situa\u00e7\u00f5es de incontin\u00eancia.","breadcrumb":{"@id":"https:\/\/www.maisquecuidar.com\/loja\/higiene-casa-banho\/cuidados-do-corpo-e-da-pele\/muda-da-fralda\/creme-dermoprotetor-oxido-de-zinco-molicare-skin#breadcrumb"},"inLanguage":"pt-PT","potentialAction":[{"@type":"ReadAction","target":["https:\/\/www.maisquecuidar.com\/loja\/higiene-casa-banho\/cuidados-do-corpo-e-da-pele\/muda-da-fralda\/creme-dermoprotetor-oxido-de-zinco-molicare-skin"]}]},{"@type":"ImageObject","inLanguage":"pt-PT","@id":"https:\/\/www.maisquecuidar.com\/loja\/higiene-casa-banho\/cuidados-do-corpo-e-da-pele\/muda-da-fralda\/creme-dermoprotetor-oxido-de-zinco-molicare-skin#primaryimage","url":"https:\/\/img.maisquecuidar.com\/loja\/wp-content\/uploads\/2022\/07\/creme-oxido-zinco-molicare-skin.png","contentUrl":"https:\/\/img.maisquecuidar.com\/loja\/wp-content\/uploads\/2022\/07\/creme-oxido-zinco-molicare-skin.png","width":1280,"height":800,"caption":"Creme dermoprotetor com \u00f3xido de zinco molicare skin da hartmann"},{"@type":"BreadcrumbList","@id":"https:\/\/www.maisquecuidar.com\/loja\/higiene-casa-banho\/cuidados-do-corpo-e-da-pele\/muda-da-fralda\/creme-dermoprotetor-oxido-de-zinco-molicare-skin#breadcrumb","itemListElement":[{"@type":"ListItem","position":1,"name":"Home","item":"https:\/\/www.maisquecuidar.com\/loja\/"},{"@type":"ListItem","position":2,"name":"Loja Online de Ortopedia e Geriatria em Portugal","item":"https:\/\/www.maisquecuidar.com\/loja\/loja"},{"@type":"ListItem","position":3,"name":"Higiene e Casa de Banho","item":"https:\/\/www.maisquecuidar.com\/loja\/higiene-casa-banho"},{"@type":"ListItem","position":4,"name":"Produtos para Cuidados do Corpo e da Pele","item":"https:\/\/www.maisquecuidar.com\/loja\/higiene-casa-banho\/cuidados-do-corpo-e-da-pele"},{"@type":"ListItem","position":5,"name":"Muda da Fralda","item":"https:\/\/www.maisquecuidar.com\/loja\/higiene-casa-banho\/cuidados-do-corpo-e-da-pele\/muda-da-fralda"},{"@type":"ListItem","position":6,"name":"Molicare Skin Creme Dermoprotetor com \u00d3xido de Zinco"}]},{"@type":"WebSite","@id":"https:\/\/www.maisquecuidar.com\/loja\/#website","url":"https:\/\/www.maisquecuidar.com\/loja\/","name":"Mais que Cuidar","description":"Sa\u00fade, Ortopedia e Geriatria","publisher":{"@id":"https:\/\/www.maisquecuidar.com\/loja\/#organization"},"potentialAction":[{"@type":"SearchAction","target":{"@type":"EntryPoint","urlTemplate":"https:\/\/www.maisquecuidar.com\/loja\/?s={search_term_string}"},"query-input":{"@type":"PropertyValueSpecification","valueRequired":true,"valueName":"search_term_string"}}],"inLanguage":"pt-PT"},{"@type":"Organization","@id":"https:\/\/www.maisquecuidar.com\/loja\/#organization","name":"Mais Que Cuidar","url":"https:\/\/www.maisquecuidar.com\/loja\/","logo":{"@type":"ImageObject","inLanguage":"pt-PT","@id":"https:\/\/www.maisquecuidar.com\/loja\/#\/schema\/logo\/image\/","url":"https:\/\/img.maisquecuidar.com\/loja\/wp-content\/uploads\/2019\/08\/logo-mais-que-cuidar-retina.png","contentUrl":"https:\/\/img.maisquecuidar.com\/loja\/wp-content\/uploads\/2019\/08\/logo-mais-que-cuidar-retina.png","width":565,"height":75,"caption":"Mais Que Cuidar"},"image":{"@id":"https:\/\/www.maisquecuidar.com\/loja\/#\/schema\/logo\/image\/"},"sameAs":["https:\/\/www.facebook.com\/maisquecuidar.pt","https:\/\/www.instagram.com\/maisquecuidar"]}]}},"_links":{"self":[{"href":"https:\/\/www.maisquecuidar.com\/loja\/wp-json\/wp\/v2\/product\/15907","targetHints":{"allow":["GET"]}}],"collection":[{"href":"https:\/\/www.maisquecuidar.com\/loja\/wp-json\/wp\/v2\/product"}],"about":[{"href":"https:\/\/www.maisquecuidar.com\/loja\/wp-json\/wp\/v2\/types\/product"}],"wp:featuredmedia":[{"embeddable":true,"href":"https:\/\/www.maisquecuidar.com\/loja\/wp-json\/wp\/v2\/media\/15908"}],"wp:attachment":[{"href":"https:\/\/www.maisquecuidar.com\/loja\/wp-json\/wp\/v2\/media?parent=15907"}],"wp:term":[{"taxonomy":"product_brand","embeddable":true,"href":"https:\/\/www.maisquecuidar.com\/loja\/wp-json\/wp\/v2\/product_brand?post=15907"},{"taxonomy":"product_cat","embeddable":true,"href":"https:\/\/www.maisquecuidar.com\/loja\/wp-json\/wp\/v2\/product_cat?post=15907"},{"taxonomy":"product_tag","embeddable":true,"href":"https:\/\/www.maisquecuidar.com\/loja\/wp-json\/wp\/v2\/product_tag?post=15907"}],"curies":[{"name":"wp","href":"https:\/\/api.w.org\/{rel}","templated":true}]}}