{"id":15611,"date":"2022-03-17T17:53:22","date_gmt":"2022-03-17T17:53:22","guid":{"rendered":"https:\/\/www.maisquecuidar.com\/loja\/?post_type=product&#038;p=15611"},"modified":"2026-04-14T20:46:14","modified_gmt":"2026-04-14T19:46:14","slug":"cama-articulada-rotativa","status":"publish","type":"product","link":"https:\/\/www.maisquecuidar.com\/loja\/quarto-conforto-bem-estar\/camas-articuladas\/camas-hospitalares-electricas\/cama-articulada-rotativa","title":{"rendered":"Cama Articulada El\u00e9trica e Rotativa"},"content":{"rendered":"<p><strong>Cama Articulada El\u00e9trica e Rotativa: A M\u00e1xima Mobilidade e o Melhor Conforto<\/strong><\/p>\n<p>&nbsp;<\/p>\n<p>\u00c9 a mais recente novidade na gama das camas articuladas hospitalares de utiliza\u00e7\u00e3o dom\u00e9stica. Este modelo est\u00e1 totalmente equipado com v\u00e1rios acess\u00f3rios que proporcionam todo o conforto e comodidade a quem tem que passar mais tempo do que o habitual na cama.<\/p>\n<p><strong>A base da cama pode ser girada e tamb\u00e9m est\u00e1 equipada com uma fun\u00e7\u00e3o de levante, assim como uma cadeira elevat\u00f3ria.<\/strong> No final da rota\u00e7\u00e3o lateral, o estrado permite ao utilizador ter total ajuda para sair da cama de forma independente e segura. Tamb\u00e9m ajuda no trabalho dos cuidadores evitando esfor\u00e7os e les\u00f5es f\u00edsicas.<\/p>\n<p>Entre as suas principais caracter\u00edsticas, destacam-se as suas grades laterais com descida vertical que oferecem maior prote\u00e7\u00e3o e seguran\u00e7a ao utilizador durante o seu descanso.<\/p>\n<p><strong>Esta cama est\u00e1 dispon\u00edvel em 2 vers\u00f5es que o utilizador poder\u00e1 escolher qual a que se adapta melhor ao seu quarto:<\/strong><\/p>\n<ul>\n<li>A cama articulada rotativa que vira para a esquerda.<\/li>\n<li>A cama articulada rotativa que vira para a direita.<\/li>\n<\/ul>\n<p>Tem 4 rodas com trav\u00e3o de estacionamento, que possibilita que possa ser movida sempre que for necess\u00e1rio.<\/p>\n<p>O encosto e a zona das pernas podem ser controlados eletricamente atrav\u00e9s do comando pelo utilizador para que alcance a posi\u00e7\u00e3o mais confort\u00e1vel. O encosto eleva-se de 0 a 70\u00ba e a zona das pernas de 0 a 35\u00ba.<\/p>\n<p>O estrado da cama sobe e desce verticalmente para que o utilizador possa ser posicionado ou para ajustar a altura da cama desejada. O estrado articulado elevat\u00f3rio pode ser ajustado entre os 48 e os 88 cm. Permite a posi\u00e7\u00e3o de Trendelemburg e Anti-Trendelemburg.<\/p>\n<p><strong>A destacar:<\/strong><\/p>\n<ul>\n<li>Cama articulada girat\u00f3ria com op\u00e7\u00e3o de rota\u00e7\u00e3o para a direita ou para a esquerda.<\/li>\n<li>Trav\u00e3o de estacionamento nas 4 rodas.<\/li>\n<li>Estrado articulado e elevat\u00f3rio com altura que pode ajustada entre os 48 e os 88 cm.<\/li>\n<li>Grades laterais em madeira com regula\u00e7\u00e3o e descida vertical.<\/li>\n<li>Est\u00e1 inclu\u00eddo no pre\u00e7o colch\u00e3o hospitalar b\u00e1sico. Pode optar por colch\u00e3o em viscoel\u00e1stico com um acr\u00e9scimo de 450\u20ac no pre\u00e7o total.<\/li>\n<\/ul>\n<p><strong>Conclus\u00e3o:<\/strong><\/p>\n<p>A Cama Articulada El\u00e9trica e Rotativa oferece uma verdadeira experi\u00eancia de mobilidade, conforto e autonomia aos utilizadores. A sua combina\u00e7\u00e3o de funcionalidades avan\u00e7adas e design elegante torna-a uma escolha inigual\u00e1vel para aqueles que procuram o melhor em camas articuladas el\u00e9tricas para utiliza\u00e7\u00e3o em casa.<\/p>\n<p>Visite a nossa loja Mais que Cuidar em Oeiras e experimente em primeira m\u00e3o a Cama Articulada Rotativa.<\/p>\n","protected":false},"excerpt":{"rendered":"<p>PROMO\u00c7\u00c3O V\u00c1LIDA DE 15 a 21 DE ABRIL DE 2026<\/p>\n<p>Cama articulada el\u00e9ctrica com rota\u00e7\u00e3o \u00e0 direita ou \u00e0 esquerda. Inclui colch\u00e3o b\u00e1sico hospitalar e grades laterais de prote\u00e7\u00e3o.<\/p>\n<p>Equipada com 7 motores LINAK.<\/p>\n","protected":false},"featured_media":15613,"template":"","meta":{"_acf_changed":false,"neve_meta_sidebar":"","neve_meta_container":"","neve_meta_enable_content_width":"off","neve_meta_content_width":100,"neve_meta_title_alignment":"","neve_meta_author_avatar":"","neve_post_elements_order":"","neve_meta_disable_header":"","neve_meta_disable_footer":"","neve_meta_disable_title":""},"product_brand":[],"product_cat":[330,757,758],"product_tag":[713,727,711,720,704,714],"class_list":{"0":"post-15611","1":"product","2":"type-product","3":"status-publish","4":"has-post-thumbnail","6":"product_cat-camas-hospitalares-electricas","7":"product_cat-novidades","8":"product_cat-produtos-de-apoio-mais-procurados","9":"product_tag-colchao-hospitalar-basico","10":"product_tag-eletrica-elevatoria-rotativa","11":"product_tag-em-madeira","12":"product_tag-mais-de-1200e","13":"product_tag-normal-90-cm","14":"product_tag-viscoelastico-preventivo-de-escaras","16":"first","17":"instock","18":"sale","19":"taxable","20":"shipping-taxable","21":"purchasable","22":"product-type-variable","23":"has-default-attributes"},"acf":[],"yoast_head":"<!-- This site is optimized with the Yoast SEO plugin v27.4 - https:\/\/yoast.com\/product\/yoast-seo-wordpress\/ -->\n<title>Cama Articulada El\u00e9trica e Rotativa - Mais que Cuidar<\/title>\n<meta name=\"description\" content=\"Conhe\u00e7a as vantagens da cama articulada el\u00e9trica e rotativa que ajuda as pessoas com mobilidade reduzida a levantar-se da cama em seguran\u00e7a.\" \/>\n<meta name=\"robots\" content=\"index, follow, max-snippet:-1, max-image-preview:large, max-video-preview:-1\" \/>\n<link rel=\"canonical\" href=\"https:\/\/www.maisquecuidar.com\/loja\/quarto-conforto-bem-estar\/camas-articuladas\/camas-hospitalares-electricas\/cama-articulada-rotativa\" \/>\n<meta property=\"og:locale\" content=\"pt_PT\" \/>\n<meta property=\"og:type\" content=\"article\" \/>\n<meta property=\"og:title\" content=\"Cama Articulada El\u00e9trica e Rotativa - Mais que Cuidar\" \/>\n<meta property=\"og:description\" content=\"Conhe\u00e7a as vantagens da cama articulada el\u00e9trica e rotativa que ajuda as pessoas com mobilidade reduzida a levantar-se da cama em seguran\u00e7a.\" \/>\n<meta property=\"og:url\" content=\"https:\/\/www.maisquecuidar.com\/loja\/quarto-conforto-bem-estar\/camas-articuladas\/camas-hospitalares-electricas\/cama-articulada-rotativa\" \/>\n<meta property=\"og:site_name\" content=\"Mais que Cuidar\" \/>\n<meta property=\"article:publisher\" content=\"https:\/\/www.facebook.com\/maisquecuidar.pt\" \/>\n<meta property=\"article:modified_time\" content=\"2026-04-14T19:46:14+00:00\" \/>\n<meta property=\"og:image\" content=\"https:\/\/img.maisquecuidar.com\/loja\/wp-content\/uploads\/2022\/03\/cama-articulada-rotativa.png\" \/>\n\t<meta property=\"og:image:width\" content=\"1280\" \/>\n\t<meta property=\"og:image:height\" content=\"800\" \/>\n\t<meta property=\"og:image:type\" content=\"image\/png\" \/>\n<meta name=\"twitter:label1\" content=\"Tempo estimado de leitura\" \/>\n\t<meta name=\"twitter:data1\" content=\"3 minutos\" \/>\n<script type=\"application\/ld+json\" class=\"yoast-schema-graph\">{\"@context\":\"https:\\\/\\\/schema.org\",\"@graph\":[{\"@type\":\"WebPage\",\"@id\":\"https:\\\/\\\/www.maisquecuidar.com\\\/loja\\\/quarto-conforto-bem-estar\\\/camas-articuladas\\\/camas-hospitalares-electricas\\\/cama-articulada-rotativa\",\"url\":\"https:\\\/\\\/www.maisquecuidar.com\\\/loja\\\/quarto-conforto-bem-estar\\\/camas-articuladas\\\/camas-hospitalares-electricas\\\/cama-articulada-rotativa\",\"name\":\"Cama Articulada El\u00e9trica e Rotativa - Mais que Cuidar\",\"isPartOf\":{\"@id\":\"https:\\\/\\\/www.maisquecuidar.com\\\/loja\\\/#website\"},\"primaryImageOfPage\":{\"@id\":\"https:\\\/\\\/www.maisquecuidar.com\\\/loja\\\/quarto-conforto-bem-estar\\\/camas-articuladas\\\/camas-hospitalares-electricas\\\/cama-articulada-rotativa#primaryimage\"},\"image\":{\"@id\":\"https:\\\/\\\/www.maisquecuidar.com\\\/loja\\\/quarto-conforto-bem-estar\\\/camas-articuladas\\\/camas-hospitalares-electricas\\\/cama-articulada-rotativa#primaryimage\"},\"thumbnailUrl\":\"https:\\\/\\\/img.maisquecuidar.com\\\/loja\\\/wp-content\\\/uploads\\\/2022\\\/03\\\/cama-articulada-rotativa.png\",\"datePublished\":\"2022-03-17T17:53:22+00:00\",\"dateModified\":\"2026-04-14T19:46:14+00:00\",\"description\":\"Conhe\u00e7a as vantagens da cama articulada el\u00e9trica e rotativa que ajuda as pessoas com mobilidade reduzida a levantar-se da cama em seguran\u00e7a.\",\"breadcrumb\":{\"@id\":\"https:\\\/\\\/www.maisquecuidar.com\\\/loja\\\/quarto-conforto-bem-estar\\\/camas-articuladas\\\/camas-hospitalares-electricas\\\/cama-articulada-rotativa#breadcrumb\"},\"inLanguage\":\"pt-PT\",\"potentialAction\":[{\"@type\":\"ReadAction\",\"target\":[\"https:\\\/\\\/www.maisquecuidar.com\\\/loja\\\/quarto-conforto-bem-estar\\\/camas-articuladas\\\/camas-hospitalares-electricas\\\/cama-articulada-rotativa\"]}]},{\"@type\":\"ImageObject\",\"inLanguage\":\"pt-PT\",\"@id\":\"https:\\\/\\\/www.maisquecuidar.com\\\/loja\\\/quarto-conforto-bem-estar\\\/camas-articuladas\\\/camas-hospitalares-electricas\\\/cama-articulada-rotativa#primaryimage\",\"url\":\"https:\\\/\\\/img.maisquecuidar.com\\\/loja\\\/wp-content\\\/uploads\\\/2022\\\/03\\\/cama-articulada-rotativa.png\",\"contentUrl\":\"https:\\\/\\\/img.maisquecuidar.com\\\/loja\\\/wp-content\\\/uploads\\\/2022\\\/03\\\/cama-articulada-rotativa.png\",\"width\":1280,\"height\":800,\"caption\":\"Cama articulada el\u00e9trica rotativa\"},{\"@type\":\"BreadcrumbList\",\"@id\":\"https:\\\/\\\/www.maisquecuidar.com\\\/loja\\\/quarto-conforto-bem-estar\\\/camas-articuladas\\\/camas-hospitalares-electricas\\\/cama-articulada-rotativa#breadcrumb\",\"itemListElement\":[{\"@type\":\"ListItem\",\"position\":1,\"name\":\"Home\",\"item\":\"https:\\\/\\\/www.maisquecuidar.com\\\/loja\\\/\"},{\"@type\":\"ListItem\",\"position\":2,\"name\":\"Loja Online de Ortopedia e Geriatria em Portugal\",\"item\":\"https:\\\/\\\/www.maisquecuidar.com\\\/loja\\\/loja\"},{\"@type\":\"ListItem\",\"position\":3,\"name\":\"Quarto, Conforto e Bem Estar\",\"item\":\"https:\\\/\\\/www.maisquecuidar.com\\\/loja\\\/quarto-conforto-bem-estar\"},{\"@type\":\"ListItem\",\"position\":4,\"name\":\"Camas Articuladas Hospitalares\",\"item\":\"https:\\\/\\\/www.maisquecuidar.com\\\/loja\\\/quarto-conforto-bem-estar\\\/camas-articuladas\"},{\"@type\":\"ListItem\",\"position\":5,\"name\":\"Camas Articuladas El\u00e9tricas\",\"item\":\"https:\\\/\\\/www.maisquecuidar.com\\\/loja\\\/quarto-conforto-bem-estar\\\/camas-articuladas\\\/camas-hospitalares-electricas\"},{\"@type\":\"ListItem\",\"position\":6,\"name\":\"Cama Articulada El\u00e9trica e Rotativa\"}]},{\"@type\":\"WebSite\",\"@id\":\"https:\\\/\\\/www.maisquecuidar.com\\\/loja\\\/#website\",\"url\":\"https:\\\/\\\/www.maisquecuidar.com\\\/loja\\\/\",\"name\":\"Mais que Cuidar\",\"description\":\"Sa\u00fade, Ortopedia e Geriatria\",\"publisher\":{\"@id\":\"https:\\\/\\\/www.maisquecuidar.com\\\/loja\\\/#organization\"},\"potentialAction\":[{\"@type\":\"SearchAction\",\"target\":{\"@type\":\"EntryPoint\",\"urlTemplate\":\"https:\\\/\\\/www.maisquecuidar.com\\\/loja\\\/?s={search_term_string}\"},\"query-input\":{\"@type\":\"PropertyValueSpecification\",\"valueRequired\":true,\"valueName\":\"search_term_string\"}}],\"inLanguage\":\"pt-PT\"},{\"@type\":\"Organization\",\"@id\":\"https:\\\/\\\/www.maisquecuidar.com\\\/loja\\\/#organization\",\"name\":\"Mais Que Cuidar\",\"url\":\"https:\\\/\\\/www.maisquecuidar.com\\\/loja\\\/\",\"logo\":{\"@type\":\"ImageObject\",\"inLanguage\":\"pt-PT\",\"@id\":\"https:\\\/\\\/www.maisquecuidar.com\\\/loja\\\/#\\\/schema\\\/logo\\\/image\\\/\",\"url\":\"https:\\\/\\\/img.maisquecuidar.com\\\/loja\\\/wp-content\\\/uploads\\\/2019\\\/08\\\/logo-mais-que-cuidar-retina.png\",\"contentUrl\":\"https:\\\/\\\/img.maisquecuidar.com\\\/loja\\\/wp-content\\\/uploads\\\/2019\\\/08\\\/logo-mais-que-cuidar-retina.png\",\"width\":565,\"height\":75,\"caption\":\"Mais Que Cuidar\"},\"image\":{\"@id\":\"https:\\\/\\\/www.maisquecuidar.com\\\/loja\\\/#\\\/schema\\\/logo\\\/image\\\/\"},\"sameAs\":[\"https:\\\/\\\/www.facebook.com\\\/maisquecuidar.pt\",\"https:\\\/\\\/www.instagram.com\\\/maisquecuidar\"]}]}<\/script>\n<!-- \/ Yoast SEO plugin. -->","yoast_head_json":{"title":"Cama Articulada El\u00e9trica e Rotativa - Mais que Cuidar","description":"Conhe\u00e7a as vantagens da cama articulada el\u00e9trica e rotativa que ajuda as pessoas com mobilidade reduzida a levantar-se da cama em seguran\u00e7a.","robots":{"index":"index","follow":"follow","max-snippet":"max-snippet:-1","max-image-preview":"max-image-preview:large","max-video-preview":"max-video-preview:-1"},"canonical":"https:\/\/www.maisquecuidar.com\/loja\/quarto-conforto-bem-estar\/camas-articuladas\/camas-hospitalares-electricas\/cama-articulada-rotativa","og_locale":"pt_PT","og_type":"article","og_title":"Cama Articulada El\u00e9trica e Rotativa - Mais que Cuidar","og_description":"Conhe\u00e7a as vantagens da cama articulada el\u00e9trica e rotativa que ajuda as pessoas com mobilidade reduzida a levantar-se da cama em seguran\u00e7a.","og_url":"https:\/\/www.maisquecuidar.com\/loja\/quarto-conforto-bem-estar\/camas-articuladas\/camas-hospitalares-electricas\/cama-articulada-rotativa","og_site_name":"Mais que Cuidar","article_publisher":"https:\/\/www.facebook.com\/maisquecuidar.pt","article_modified_time":"2026-04-14T19:46:14+00:00","og_image":[{"width":1280,"height":800,"url":"https:\/\/img.maisquecuidar.com\/loja\/wp-content\/uploads\/2022\/03\/cama-articulada-rotativa.png","type":"image\/png"}],"twitter_misc":{"Tempo estimado de leitura":"3 minutos"},"schema":{"@context":"https:\/\/schema.org","@graph":[{"@type":"WebPage","@id":"https:\/\/www.maisquecuidar.com\/loja\/quarto-conforto-bem-estar\/camas-articuladas\/camas-hospitalares-electricas\/cama-articulada-rotativa","url":"https:\/\/www.maisquecuidar.com\/loja\/quarto-conforto-bem-estar\/camas-articuladas\/camas-hospitalares-electricas\/cama-articulada-rotativa","name":"Cama Articulada El\u00e9trica e Rotativa - Mais que Cuidar","isPartOf":{"@id":"https:\/\/www.maisquecuidar.com\/loja\/#website"},"primaryImageOfPage":{"@id":"https:\/\/www.maisquecuidar.com\/loja\/quarto-conforto-bem-estar\/camas-articuladas\/camas-hospitalares-electricas\/cama-articulada-rotativa#primaryimage"},"image":{"@id":"https:\/\/www.maisquecuidar.com\/loja\/quarto-conforto-bem-estar\/camas-articuladas\/camas-hospitalares-electricas\/cama-articulada-rotativa#primaryimage"},"thumbnailUrl":"https:\/\/img.maisquecuidar.com\/loja\/wp-content\/uploads\/2022\/03\/cama-articulada-rotativa.png","datePublished":"2022-03-17T17:53:22+00:00","dateModified":"2026-04-14T19:46:14+00:00","description":"Conhe\u00e7a as vantagens da cama articulada el\u00e9trica e rotativa que ajuda as pessoas com mobilidade reduzida a levantar-se da cama em seguran\u00e7a.","breadcrumb":{"@id":"https:\/\/www.maisquecuidar.com\/loja\/quarto-conforto-bem-estar\/camas-articuladas\/camas-hospitalares-electricas\/cama-articulada-rotativa#breadcrumb"},"inLanguage":"pt-PT","potentialAction":[{"@type":"ReadAction","target":["https:\/\/www.maisquecuidar.com\/loja\/quarto-conforto-bem-estar\/camas-articuladas\/camas-hospitalares-electricas\/cama-articulada-rotativa"]}]},{"@type":"ImageObject","inLanguage":"pt-PT","@id":"https:\/\/www.maisquecuidar.com\/loja\/quarto-conforto-bem-estar\/camas-articuladas\/camas-hospitalares-electricas\/cama-articulada-rotativa#primaryimage","url":"https:\/\/img.maisquecuidar.com\/loja\/wp-content\/uploads\/2022\/03\/cama-articulada-rotativa.png","contentUrl":"https:\/\/img.maisquecuidar.com\/loja\/wp-content\/uploads\/2022\/03\/cama-articulada-rotativa.png","width":1280,"height":800,"caption":"Cama articulada el\u00e9trica rotativa"},{"@type":"BreadcrumbList","@id":"https:\/\/www.maisquecuidar.com\/loja\/quarto-conforto-bem-estar\/camas-articuladas\/camas-hospitalares-electricas\/cama-articulada-rotativa#breadcrumb","itemListElement":[{"@type":"ListItem","position":1,"name":"Home","item":"https:\/\/www.maisquecuidar.com\/loja\/"},{"@type":"ListItem","position":2,"name":"Loja Online de Ortopedia e Geriatria em Portugal","item":"https:\/\/www.maisquecuidar.com\/loja\/loja"},{"@type":"ListItem","position":3,"name":"Quarto, Conforto e Bem Estar","item":"https:\/\/www.maisquecuidar.com\/loja\/quarto-conforto-bem-estar"},{"@type":"ListItem","position":4,"name":"Camas Articuladas Hospitalares","item":"https:\/\/www.maisquecuidar.com\/loja\/quarto-conforto-bem-estar\/camas-articuladas"},{"@type":"ListItem","position":5,"name":"Camas Articuladas El\u00e9tricas","item":"https:\/\/www.maisquecuidar.com\/loja\/quarto-conforto-bem-estar\/camas-articuladas\/camas-hospitalares-electricas"},{"@type":"ListItem","position":6,"name":"Cama Articulada El\u00e9trica e Rotativa"}]},{"@type":"WebSite","@id":"https:\/\/www.maisquecuidar.com\/loja\/#website","url":"https:\/\/www.maisquecuidar.com\/loja\/","name":"Mais que Cuidar","description":"Sa\u00fade, Ortopedia e Geriatria","publisher":{"@id":"https:\/\/www.maisquecuidar.com\/loja\/#organization"},"potentialAction":[{"@type":"SearchAction","target":{"@type":"EntryPoint","urlTemplate":"https:\/\/www.maisquecuidar.com\/loja\/?s={search_term_string}"},"query-input":{"@type":"PropertyValueSpecification","valueRequired":true,"valueName":"search_term_string"}}],"inLanguage":"pt-PT"},{"@type":"Organization","@id":"https:\/\/www.maisquecuidar.com\/loja\/#organization","name":"Mais Que Cuidar","url":"https:\/\/www.maisquecuidar.com\/loja\/","logo":{"@type":"ImageObject","inLanguage":"pt-PT","@id":"https:\/\/www.maisquecuidar.com\/loja\/#\/schema\/logo\/image\/","url":"https:\/\/img.maisquecuidar.com\/loja\/wp-content\/uploads\/2019\/08\/logo-mais-que-cuidar-retina.png","contentUrl":"https:\/\/img.maisquecuidar.com\/loja\/wp-content\/uploads\/2019\/08\/logo-mais-que-cuidar-retina.png","width":565,"height":75,"caption":"Mais Que Cuidar"},"image":{"@id":"https:\/\/www.maisquecuidar.com\/loja\/#\/schema\/logo\/image\/"},"sameAs":["https:\/\/www.facebook.com\/maisquecuidar.pt","https:\/\/www.instagram.com\/maisquecuidar"]}]}},"_links":{"self":[{"href":"https:\/\/www.maisquecuidar.com\/loja\/wp-json\/wp\/v2\/product\/15611","targetHints":{"allow":["GET"]}}],"collection":[{"href":"https:\/\/www.maisquecuidar.com\/loja\/wp-json\/wp\/v2\/product"}],"about":[{"href":"https:\/\/www.maisquecuidar.com\/loja\/wp-json\/wp\/v2\/types\/product"}],"wp:featuredmedia":[{"embeddable":true,"href":"https:\/\/www.maisquecuidar.com\/loja\/wp-json\/wp\/v2\/media\/15613"}],"wp:attachment":[{"href":"https:\/\/www.maisquecuidar.com\/loja\/wp-json\/wp\/v2\/media?parent=15611"}],"wp:term":[{"taxonomy":"product_brand","embeddable":true,"href":"https:\/\/www.maisquecuidar.com\/loja\/wp-json\/wp\/v2\/product_brand?post=15611"},{"taxonomy":"product_cat","embeddable":true,"href":"https:\/\/www.maisquecuidar.com\/loja\/wp-json\/wp\/v2\/product_cat?post=15611"},{"taxonomy":"product_tag","embeddable":true,"href":"https:\/\/www.maisquecuidar.com\/loja\/wp-json\/wp\/v2\/product_tag?post=15611"}],"curies":[{"name":"wp","href":"https:\/\/api.w.org\/{rel}","templated":true}]}}