{"id":15368,"date":"2021-10-19T16:57:23","date_gmt":"2021-10-19T15:57:23","guid":{"rendered":"https:\/\/www.maisquecuidar.com\/loja\/?post_type=product&#038;p=15368"},"modified":"2025-09-15T20:12:28","modified_gmt":"2025-09-15T19:12:28","slug":"cama-articulada-nordbed-90-invacare","status":"publish","type":"product","link":"https:\/\/www.maisquecuidar.com\/loja\/quarto-conforto-bem-estar\/camas-articuladas\/camas-hospitalares-electricas\/cama-articulada-nordbed-90-invacare","title":{"rendered":"Cama Articulada El\u00e9trica NordBed Optimo 90 Invacare"},"content":{"rendered":"<p><strong>Cama Articulada El\u00e9trica NordBed Optimo 90<br \/>\n<\/strong><\/p>\n<p>A\u00a0fam\u00edlia NordBed Optimo\u00a0\u00e9 composta por\u00a0camas articuladas, ideais para ambientes domicili\u00e1rios e institucionais.\u00a0Oferecem v\u00e1rias fun\u00e7\u00f5es\u00a0f\u00e1ceis de usar, para promover\u00a0autonomia, conforto e facilidade de mobiliza\u00e7\u00e3o\u00a0ao utilizador.<\/p>\n<p>Com comandos intuitivos as camas NordBed Optimo garantem um\u00a0manuseamento f\u00e1cil, n\u00e3o apenas para o utilizador, mas tamb\u00e9m para o cuidador. A cama articulada Invacare NordBed Optimo incorpora a\u00a0fun\u00e7\u00e3o ErgoMove que leva o utilizador a passar da posi\u00e7\u00e3o deitada para uma posi\u00e7\u00e3o sentada ativa, muito\u00a0 confortavelmente.<\/p>\n<p>Esta fun\u00e7\u00e3o inovadora\u00a0ativa-se atrav\u00e9s de um bot\u00e3o e os comandos para a respetiva regula\u00e7\u00e3o s\u00e3o muito intuitivos.<\/p>\n<p><strong>A fun\u00e7\u00e3o Ergomove garante uma boa distribui\u00e7\u00e3o dos pontos de press\u00e3o<\/strong>, sendo que, o utilizador permanece na mesma posi\u00e7\u00e3o durante a sequ\u00eancia do movimento e n\u00e3o desliza para o fundo da cama.<\/p>\n<p>Combinado com o sistema de transla\u00e7\u00e3o incorporado no estrado que fornece\u00a0mais espa\u00e7o entre a sec\u00e7\u00e3o central e o encosto, a Fun\u00e7\u00e3o Ergomove permite uma melhor adapta\u00e7\u00e3o do corpo e reduz significativamente as for\u00e7as de fric\u00e7\u00e3o.<\/p>\n<p>Para garantir uma transfer\u00eancia segura e suave, favorecendo a independ\u00eancia e a mobiliza\u00e7\u00e3o, os utilizadores podem ativar a fun\u00e7\u00e3o de Up-and-Out com o simples toque de um bot\u00e3o. De seguida os ajustes s\u00e3o facilitados para que o estrado adote uma posi\u00e7\u00e3o adequada para ajudar nas transfer\u00eancias de ou para a cama.<\/p>\n<p><strong><em>Para al\u00e9m disto, podemos encontrar mais 3 caracter\u00edsticas chave nesta fam\u00edlia de camas:<\/em><\/strong><\/p>\n<ul>\n<li><strong>Comando intuitivo<\/strong>: Os bot\u00f5es do comando que ser\u00e3o usados com mais frequ\u00eancia, possuem cores facilmente identific\u00e1veis. Para ajudar o utilizador na sele\u00e7\u00e3o de uma fun\u00e7\u00e3o, todos os bot\u00f5es acender\u00e3o quando qualquer bot\u00e3o \u00e9 pressionado, para melhor utiliza\u00e7\u00e3o de dia e de noite. O comando \u00e9 bloque\u00e1vel de s\u00e9rie na parte traseira.<\/li>\n<li><strong>Configurabilidade:<\/strong> As camas Nordbed Optimo podem ser fornecidas com acabamentos em v\u00e1rias tonalidades, sendo faia a standard. Outras caracter\u00edsticas, op\u00e7\u00f5es e cores poder\u00e3o ser fornecidas sob consulta.<\/li>\n<li><strong>Facilidade de higieniza\u00e7\u00e3o\/desinfe\u00e7\u00e3o:<\/strong> As camas Nordbed Optimo podem ser fornecidas (opcional) com estrado totalmente lav\u00e1vel possibilitando inclusive a lavagem em autoclave. Caracter\u00edstica ideal para ambientes institucionais. Esta caracter\u00edstica tamb\u00e9m poder\u00e1 facilitar o servi\u00e7o do aluguer de camas articuladas.<\/li>\n<\/ul>\n<h3>A destacar:<\/h3>\n<ul>\n<li><strong>Fun\u00e7\u00e3o Up-and-Out:<\/strong> Garante uma transfer\u00eancia segura e suave, favorecendo a independ\u00eancia e a mobiliza\u00e7\u00e3o, os utilizadores podem usar a fun\u00e7\u00e3o de Up-and-Out com o simples toque de um bot\u00e3o.<\/li>\n<li><strong>Anti-Trendelenburg e Trendelenburg:<\/strong> Promove a inclina\u00e7\u00e3o do estrado e ajuda o utilizador na mobiliza\u00e7\u00e3o e no al\u00edvio da press\u00e3o.<\/li>\n<li><strong>Fun\u00e7\u00e3o ErgoMove:<\/strong> A fun\u00e7\u00e3o ErgoMove leva o utilizador a passar da posi\u00e7\u00e3o deitada para uma posi\u00e7\u00e3o sentada ativa, muito confortavelmente, carregando apenas num bot\u00e3o.<\/li>\n<li><strong>F\u00e1cil de Manusear:<\/strong> A NordBed Optimo 120 cm pode ser desmontada em tr\u00eas partes e colocada num kit de transporte para facilitar as desloca\u00e7\u00f5es.<\/li>\n<li><strong>Facilidade de Higieniza\u00e7\u00e3o\/Desinfe\u00e7\u00e3o:<\/strong> A cama Nordbed Optimo pode ser fornecida (opcional) com estrado totalmente lav\u00e1vel possibilitando inclusive a lavagem em autoclave<\/li>\n<\/ul>\n<h3>Instru\u00e7\u00f5es de Utiliza\u00e7\u00e3o:<\/h3>\n<p>A cama NordBed Optimo n\u00e3o deve ser utilizada por utilizadores com idade inferior a 12 anos ou com tamanho equivalente ou inferior \u00e0 de uma pessoa de menos com 12 anos.<\/p>\n","protected":false},"excerpt":{"rendered":"<p>Cama articulada de alta qualidade dispon\u00edvel em v\u00e1rios tamanhos, capacidades de peso e configura\u00e7\u00f5es para responder \u00e0s principais necessidades dos utilizadores em ambientes domicili\u00e1rios ou institucionais.<\/p>\n","protected":false},"featured_media":15369,"template":"","meta":{"_acf_changed":false,"neve_meta_sidebar":"","neve_meta_container":"","neve_meta_enable_content_width":"","neve_meta_content_width":0,"neve_meta_title_alignment":"","neve_meta_author_avatar":"","neve_post_elements_order":"","neve_meta_disable_header":"","neve_meta_disable_footer":"","neve_meta_disable_title":""},"product_brand":[],"product_cat":[330,757],"product_tag":[721,711,720,704],"class_list":{"0":"post-15368","1":"product","2":"type-product","3":"status-publish","4":"has-post-thumbnail","6":"product_cat-camas-hospitalares-electricas","7":"product_cat-novidades","8":"product_tag-eletrica-elevatoria-altura-variavel","9":"product_tag-em-madeira","10":"product_tag-mais-de-1200e","11":"product_tag-normal-90-cm","13":"first","14":"onbackorder","15":"taxable","16":"shipping-taxable","17":"purchasable","18":"product-type-simple"},"acf":[],"yoast_head":"<!-- This site is optimized with the Yoast SEO plugin v27.3 - https:\/\/yoast.com\/product\/yoast-seo-wordpress\/ -->\n<title>Cama Articulada El\u00e9trica NordBed Optimo 90 Invacare - Mais que Cuidar<\/title>\n<meta name=\"description\" content=\"Conhe\u00e7a a cama articulada el\u00e9trica NordBed Optimo 90 da Invacare que ajuda a promover conforto e mobilidade aos utilizadores. Confira o pre\u00e7o\" \/>\n<meta name=\"robots\" content=\"index, follow, max-snippet:-1, max-image-preview:large, max-video-preview:-1\" \/>\n<link rel=\"canonical\" href=\"https:\/\/www.maisquecuidar.com\/loja\/quarto-conforto-bem-estar\/camas-articuladas\/camas-hospitalares-electricas\/cama-articulada-nordbed-90-invacare\" \/>\n<meta property=\"og:locale\" content=\"pt_PT\" \/>\n<meta property=\"og:type\" content=\"article\" \/>\n<meta property=\"og:title\" content=\"Cama Articulada El\u00e9trica NordBed Optimo 90 Invacare - Mais que Cuidar\" \/>\n<meta property=\"og:description\" content=\"Conhe\u00e7a a cama articulada el\u00e9trica NordBed Optimo 90 da Invacare que ajuda a promover conforto e mobilidade aos utilizadores. Confira o pre\u00e7o\" \/>\n<meta property=\"og:url\" content=\"https:\/\/www.maisquecuidar.com\/loja\/quarto-conforto-bem-estar\/camas-articuladas\/camas-hospitalares-electricas\/cama-articulada-nordbed-90-invacare\" \/>\n<meta property=\"og:site_name\" content=\"Mais que Cuidar\" \/>\n<meta property=\"article:publisher\" content=\"https:\/\/www.facebook.com\/maisquecuidar.pt\" \/>\n<meta property=\"article:modified_time\" content=\"2025-09-15T19:12:28+00:00\" \/>\n<meta property=\"og:image\" content=\"https:\/\/img.maisquecuidar.com\/loja\/wp-content\/uploads\/2021\/10\/cama-articulada-nordbed-invacare.png\" \/>\n\t<meta property=\"og:image:width\" content=\"1280\" \/>\n\t<meta property=\"og:image:height\" content=\"800\" \/>\n\t<meta property=\"og:image:type\" content=\"image\/png\" \/>\n<meta name=\"twitter:label1\" content=\"Tempo estimado de leitura\" \/>\n\t<meta name=\"twitter:data1\" content=\"3 minutos\" \/>\n<script type=\"application\/ld+json\" class=\"yoast-schema-graph\">{\"@context\":\"https:\\\/\\\/schema.org\",\"@graph\":[{\"@type\":\"WebPage\",\"@id\":\"https:\\\/\\\/www.maisquecuidar.com\\\/loja\\\/quarto-conforto-bem-estar\\\/camas-articuladas\\\/camas-hospitalares-electricas\\\/cama-articulada-nordbed-90-invacare\",\"url\":\"https:\\\/\\\/www.maisquecuidar.com\\\/loja\\\/quarto-conforto-bem-estar\\\/camas-articuladas\\\/camas-hospitalares-electricas\\\/cama-articulada-nordbed-90-invacare\",\"name\":\"Cama Articulada El\u00e9trica NordBed Optimo 90 Invacare - Mais que Cuidar\",\"isPartOf\":{\"@id\":\"https:\\\/\\\/www.maisquecuidar.com\\\/loja\\\/#website\"},\"primaryImageOfPage\":{\"@id\":\"https:\\\/\\\/www.maisquecuidar.com\\\/loja\\\/quarto-conforto-bem-estar\\\/camas-articuladas\\\/camas-hospitalares-electricas\\\/cama-articulada-nordbed-90-invacare#primaryimage\"},\"image\":{\"@id\":\"https:\\\/\\\/www.maisquecuidar.com\\\/loja\\\/quarto-conforto-bem-estar\\\/camas-articuladas\\\/camas-hospitalares-electricas\\\/cama-articulada-nordbed-90-invacare#primaryimage\"},\"thumbnailUrl\":\"https:\\\/\\\/img.maisquecuidar.com\\\/loja\\\/wp-content\\\/uploads\\\/2021\\\/10\\\/cama-articulada-nordbed-invacare.png\",\"datePublished\":\"2021-10-19T15:57:23+00:00\",\"dateModified\":\"2025-09-15T19:12:28+00:00\",\"description\":\"Conhe\u00e7a a cama articulada el\u00e9trica NordBed Optimo 90 da Invacare que ajuda a promover conforto e mobilidade aos utilizadores. Confira o pre\u00e7o\",\"breadcrumb\":{\"@id\":\"https:\\\/\\\/www.maisquecuidar.com\\\/loja\\\/quarto-conforto-bem-estar\\\/camas-articuladas\\\/camas-hospitalares-electricas\\\/cama-articulada-nordbed-90-invacare#breadcrumb\"},\"inLanguage\":\"pt-PT\",\"potentialAction\":[{\"@type\":\"ReadAction\",\"target\":[\"https:\\\/\\\/www.maisquecuidar.com\\\/loja\\\/quarto-conforto-bem-estar\\\/camas-articuladas\\\/camas-hospitalares-electricas\\\/cama-articulada-nordbed-90-invacare\"]}]},{\"@type\":\"ImageObject\",\"inLanguage\":\"pt-PT\",\"@id\":\"https:\\\/\\\/www.maisquecuidar.com\\\/loja\\\/quarto-conforto-bem-estar\\\/camas-articuladas\\\/camas-hospitalares-electricas\\\/cama-articulada-nordbed-90-invacare#primaryimage\",\"url\":\"https:\\\/\\\/img.maisquecuidar.com\\\/loja\\\/wp-content\\\/uploads\\\/2021\\\/10\\\/cama-articulada-nordbed-invacare.png\",\"contentUrl\":\"https:\\\/\\\/img.maisquecuidar.com\\\/loja\\\/wp-content\\\/uploads\\\/2021\\\/10\\\/cama-articulada-nordbed-invacare.png\",\"width\":1280,\"height\":800,\"caption\":\"Cama articulada el\u00e9trica Nordbed 90 Invacare\"},{\"@type\":\"BreadcrumbList\",\"@id\":\"https:\\\/\\\/www.maisquecuidar.com\\\/loja\\\/quarto-conforto-bem-estar\\\/camas-articuladas\\\/camas-hospitalares-electricas\\\/cama-articulada-nordbed-90-invacare#breadcrumb\",\"itemListElement\":[{\"@type\":\"ListItem\",\"position\":1,\"name\":\"Home\",\"item\":\"https:\\\/\\\/www.maisquecuidar.com\\\/loja\\\/\"},{\"@type\":\"ListItem\",\"position\":2,\"name\":\"Loja Online de Ortopedia e Geriatria em Portugal\",\"item\":\"https:\\\/\\\/www.maisquecuidar.com\\\/loja\\\/loja\"},{\"@type\":\"ListItem\",\"position\":3,\"name\":\"Quarto, Conforto e Bem Estar\",\"item\":\"https:\\\/\\\/www.maisquecuidar.com\\\/loja\\\/quarto-conforto-bem-estar\"},{\"@type\":\"ListItem\",\"position\":4,\"name\":\"Camas Articuladas Hospitalares\",\"item\":\"https:\\\/\\\/www.maisquecuidar.com\\\/loja\\\/quarto-conforto-bem-estar\\\/camas-articuladas\"},{\"@type\":\"ListItem\",\"position\":5,\"name\":\"Camas Articuladas El\u00e9tricas\",\"item\":\"https:\\\/\\\/www.maisquecuidar.com\\\/loja\\\/quarto-conforto-bem-estar\\\/camas-articuladas\\\/camas-hospitalares-electricas\"},{\"@type\":\"ListItem\",\"position\":6,\"name\":\"Cama Articulada El\u00e9trica NordBed Optimo 90 Invacare\"}]},{\"@type\":\"WebSite\",\"@id\":\"https:\\\/\\\/www.maisquecuidar.com\\\/loja\\\/#website\",\"url\":\"https:\\\/\\\/www.maisquecuidar.com\\\/loja\\\/\",\"name\":\"Mais que Cuidar\",\"description\":\"Sa\u00fade, Ortopedia e Geriatria\",\"publisher\":{\"@id\":\"https:\\\/\\\/www.maisquecuidar.com\\\/loja\\\/#organization\"},\"potentialAction\":[{\"@type\":\"SearchAction\",\"target\":{\"@type\":\"EntryPoint\",\"urlTemplate\":\"https:\\\/\\\/www.maisquecuidar.com\\\/loja\\\/?s={search_term_string}\"},\"query-input\":{\"@type\":\"PropertyValueSpecification\",\"valueRequired\":true,\"valueName\":\"search_term_string\"}}],\"inLanguage\":\"pt-PT\"},{\"@type\":\"Organization\",\"@id\":\"https:\\\/\\\/www.maisquecuidar.com\\\/loja\\\/#organization\",\"name\":\"Mais Que Cuidar\",\"url\":\"https:\\\/\\\/www.maisquecuidar.com\\\/loja\\\/\",\"logo\":{\"@type\":\"ImageObject\",\"inLanguage\":\"pt-PT\",\"@id\":\"https:\\\/\\\/www.maisquecuidar.com\\\/loja\\\/#\\\/schema\\\/logo\\\/image\\\/\",\"url\":\"https:\\\/\\\/img.maisquecuidar.com\\\/loja\\\/wp-content\\\/uploads\\\/2019\\\/08\\\/logo-mais-que-cuidar-retina.png\",\"contentUrl\":\"https:\\\/\\\/img.maisquecuidar.com\\\/loja\\\/wp-content\\\/uploads\\\/2019\\\/08\\\/logo-mais-que-cuidar-retina.png\",\"width\":565,\"height\":75,\"caption\":\"Mais Que Cuidar\"},\"image\":{\"@id\":\"https:\\\/\\\/www.maisquecuidar.com\\\/loja\\\/#\\\/schema\\\/logo\\\/image\\\/\"},\"sameAs\":[\"https:\\\/\\\/www.facebook.com\\\/maisquecuidar.pt\",\"https:\\\/\\\/www.instagram.com\\\/maisquecuidar\"]}]}<\/script>\n<!-- \/ Yoast SEO plugin. -->","yoast_head_json":{"title":"Cama Articulada El\u00e9trica NordBed Optimo 90 Invacare - Mais que Cuidar","description":"Conhe\u00e7a a cama articulada el\u00e9trica NordBed Optimo 90 da Invacare que ajuda a promover conforto e mobilidade aos utilizadores. Confira o pre\u00e7o","robots":{"index":"index","follow":"follow","max-snippet":"max-snippet:-1","max-image-preview":"max-image-preview:large","max-video-preview":"max-video-preview:-1"},"canonical":"https:\/\/www.maisquecuidar.com\/loja\/quarto-conforto-bem-estar\/camas-articuladas\/camas-hospitalares-electricas\/cama-articulada-nordbed-90-invacare","og_locale":"pt_PT","og_type":"article","og_title":"Cama Articulada El\u00e9trica NordBed Optimo 90 Invacare - Mais que Cuidar","og_description":"Conhe\u00e7a a cama articulada el\u00e9trica NordBed Optimo 90 da Invacare que ajuda a promover conforto e mobilidade aos utilizadores. Confira o pre\u00e7o","og_url":"https:\/\/www.maisquecuidar.com\/loja\/quarto-conforto-bem-estar\/camas-articuladas\/camas-hospitalares-electricas\/cama-articulada-nordbed-90-invacare","og_site_name":"Mais que Cuidar","article_publisher":"https:\/\/www.facebook.com\/maisquecuidar.pt","article_modified_time":"2025-09-15T19:12:28+00:00","og_image":[{"width":1280,"height":800,"url":"https:\/\/img.maisquecuidar.com\/loja\/wp-content\/uploads\/2021\/10\/cama-articulada-nordbed-invacare.png","type":"image\/png"}],"twitter_misc":{"Tempo estimado de leitura":"3 minutos"},"schema":{"@context":"https:\/\/schema.org","@graph":[{"@type":"WebPage","@id":"https:\/\/www.maisquecuidar.com\/loja\/quarto-conforto-bem-estar\/camas-articuladas\/camas-hospitalares-electricas\/cama-articulada-nordbed-90-invacare","url":"https:\/\/www.maisquecuidar.com\/loja\/quarto-conforto-bem-estar\/camas-articuladas\/camas-hospitalares-electricas\/cama-articulada-nordbed-90-invacare","name":"Cama Articulada El\u00e9trica NordBed Optimo 90 Invacare - Mais que Cuidar","isPartOf":{"@id":"https:\/\/www.maisquecuidar.com\/loja\/#website"},"primaryImageOfPage":{"@id":"https:\/\/www.maisquecuidar.com\/loja\/quarto-conforto-bem-estar\/camas-articuladas\/camas-hospitalares-electricas\/cama-articulada-nordbed-90-invacare#primaryimage"},"image":{"@id":"https:\/\/www.maisquecuidar.com\/loja\/quarto-conforto-bem-estar\/camas-articuladas\/camas-hospitalares-electricas\/cama-articulada-nordbed-90-invacare#primaryimage"},"thumbnailUrl":"https:\/\/img.maisquecuidar.com\/loja\/wp-content\/uploads\/2021\/10\/cama-articulada-nordbed-invacare.png","datePublished":"2021-10-19T15:57:23+00:00","dateModified":"2025-09-15T19:12:28+00:00","description":"Conhe\u00e7a a cama articulada el\u00e9trica NordBed Optimo 90 da Invacare que ajuda a promover conforto e mobilidade aos utilizadores. Confira o pre\u00e7o","breadcrumb":{"@id":"https:\/\/www.maisquecuidar.com\/loja\/quarto-conforto-bem-estar\/camas-articuladas\/camas-hospitalares-electricas\/cama-articulada-nordbed-90-invacare#breadcrumb"},"inLanguage":"pt-PT","potentialAction":[{"@type":"ReadAction","target":["https:\/\/www.maisquecuidar.com\/loja\/quarto-conforto-bem-estar\/camas-articuladas\/camas-hospitalares-electricas\/cama-articulada-nordbed-90-invacare"]}]},{"@type":"ImageObject","inLanguage":"pt-PT","@id":"https:\/\/www.maisquecuidar.com\/loja\/quarto-conforto-bem-estar\/camas-articuladas\/camas-hospitalares-electricas\/cama-articulada-nordbed-90-invacare#primaryimage","url":"https:\/\/img.maisquecuidar.com\/loja\/wp-content\/uploads\/2021\/10\/cama-articulada-nordbed-invacare.png","contentUrl":"https:\/\/img.maisquecuidar.com\/loja\/wp-content\/uploads\/2021\/10\/cama-articulada-nordbed-invacare.png","width":1280,"height":800,"caption":"Cama articulada el\u00e9trica Nordbed 90 Invacare"},{"@type":"BreadcrumbList","@id":"https:\/\/www.maisquecuidar.com\/loja\/quarto-conforto-bem-estar\/camas-articuladas\/camas-hospitalares-electricas\/cama-articulada-nordbed-90-invacare#breadcrumb","itemListElement":[{"@type":"ListItem","position":1,"name":"Home","item":"https:\/\/www.maisquecuidar.com\/loja\/"},{"@type":"ListItem","position":2,"name":"Loja Online de Ortopedia e Geriatria em Portugal","item":"https:\/\/www.maisquecuidar.com\/loja\/loja"},{"@type":"ListItem","position":3,"name":"Quarto, Conforto e Bem Estar","item":"https:\/\/www.maisquecuidar.com\/loja\/quarto-conforto-bem-estar"},{"@type":"ListItem","position":4,"name":"Camas Articuladas Hospitalares","item":"https:\/\/www.maisquecuidar.com\/loja\/quarto-conforto-bem-estar\/camas-articuladas"},{"@type":"ListItem","position":5,"name":"Camas Articuladas El\u00e9tricas","item":"https:\/\/www.maisquecuidar.com\/loja\/quarto-conforto-bem-estar\/camas-articuladas\/camas-hospitalares-electricas"},{"@type":"ListItem","position":6,"name":"Cama Articulada El\u00e9trica NordBed Optimo 90 Invacare"}]},{"@type":"WebSite","@id":"https:\/\/www.maisquecuidar.com\/loja\/#website","url":"https:\/\/www.maisquecuidar.com\/loja\/","name":"Mais que Cuidar","description":"Sa\u00fade, Ortopedia e Geriatria","publisher":{"@id":"https:\/\/www.maisquecuidar.com\/loja\/#organization"},"potentialAction":[{"@type":"SearchAction","target":{"@type":"EntryPoint","urlTemplate":"https:\/\/www.maisquecuidar.com\/loja\/?s={search_term_string}"},"query-input":{"@type":"PropertyValueSpecification","valueRequired":true,"valueName":"search_term_string"}}],"inLanguage":"pt-PT"},{"@type":"Organization","@id":"https:\/\/www.maisquecuidar.com\/loja\/#organization","name":"Mais Que Cuidar","url":"https:\/\/www.maisquecuidar.com\/loja\/","logo":{"@type":"ImageObject","inLanguage":"pt-PT","@id":"https:\/\/www.maisquecuidar.com\/loja\/#\/schema\/logo\/image\/","url":"https:\/\/img.maisquecuidar.com\/loja\/wp-content\/uploads\/2019\/08\/logo-mais-que-cuidar-retina.png","contentUrl":"https:\/\/img.maisquecuidar.com\/loja\/wp-content\/uploads\/2019\/08\/logo-mais-que-cuidar-retina.png","width":565,"height":75,"caption":"Mais Que Cuidar"},"image":{"@id":"https:\/\/www.maisquecuidar.com\/loja\/#\/schema\/logo\/image\/"},"sameAs":["https:\/\/www.facebook.com\/maisquecuidar.pt","https:\/\/www.instagram.com\/maisquecuidar"]}]}},"_links":{"self":[{"href":"https:\/\/www.maisquecuidar.com\/loja\/wp-json\/wp\/v2\/product\/15368","targetHints":{"allow":["GET"]}}],"collection":[{"href":"https:\/\/www.maisquecuidar.com\/loja\/wp-json\/wp\/v2\/product"}],"about":[{"href":"https:\/\/www.maisquecuidar.com\/loja\/wp-json\/wp\/v2\/types\/product"}],"wp:featuredmedia":[{"embeddable":true,"href":"https:\/\/www.maisquecuidar.com\/loja\/wp-json\/wp\/v2\/media\/15369"}],"wp:attachment":[{"href":"https:\/\/www.maisquecuidar.com\/loja\/wp-json\/wp\/v2\/media?parent=15368"}],"wp:term":[{"taxonomy":"product_brand","embeddable":true,"href":"https:\/\/www.maisquecuidar.com\/loja\/wp-json\/wp\/v2\/product_brand?post=15368"},{"taxonomy":"product_cat","embeddable":true,"href":"https:\/\/www.maisquecuidar.com\/loja\/wp-json\/wp\/v2\/product_cat?post=15368"},{"taxonomy":"product_tag","embeddable":true,"href":"https:\/\/www.maisquecuidar.com\/loja\/wp-json\/wp\/v2\/product_tag?post=15368"}],"curies":[{"name":"wp","href":"https:\/\/api.w.org\/{rel}","templated":true}]}}