{"id":13281,"date":"2020-02-18T15:22:26","date_gmt":"2020-02-18T15:22:26","guid":{"rendered":"https:\/\/www.maisquecuidar.com\/loja\/?post_type=product&#038;p=13281"},"modified":"2025-10-21T14:02:42","modified_gmt":"2025-10-21T13:02:42","slug":"colchao-anti-escaras-viscoelastico-deluxe","status":"publish","type":"product","link":"https:\/\/www.maisquecuidar.com\/loja\/quarto-conforto-bem-estar\/colchoes-anti-escaras\/colchao-anti-escaras-viscoelastico-deluxe","title":{"rendered":"Colch\u00e3o Anti-Escaras em Viscoel\u00e1stico Deluxe"},"content":{"rendered":"<p>O Colch\u00e3o Anti-Escaras em Viscoel\u00e1stico Deluxe tem 18 cm de espessura e \u00e9 composto por 3 camadas de espumas topo de gama que proporcionam um elevado conforto, bem estar e comodidade ao utilizador.<\/p>\n<p>A base do colch\u00e3o \u00e9 composta por <strong>espuma de alta resili\u00eancia Supracell HR<\/strong> que \u00e9 uma espuma que garante uma maior efic\u00e1cia na distribui\u00e7\u00e3o do peso e da press\u00e3o ajudando a prevenir feridas ou escaras.<\/p>\n<p>A camada interm\u00e9dia \u00e9 constitu\u00edda por uma <strong>espuma viscoel\u00e1stica energ\u00e9tica de \u00faltima gera\u00e7\u00e3o<\/strong>, chamada de Energex que garante maior conforto, melhor estabilidade no posicionamento e melhor distribui\u00e7\u00e3o da press\u00e3o.<\/p>\n<p>A camada superior do colch\u00e3o \u00e9 composta por <strong>Coolgraph,<\/strong> uma solu\u00e7\u00e3o viscoel\u00e1stica com infus\u00e3o de grafeno que <strong>torna este colch\u00e3o mais fresco e mais agrad\u00e1vel<\/strong> devido \u00e0 excelente circula\u00e7\u00e3o de ar na espuma evitando o aquecimento provocado pelo contato do corpo com o colch\u00e3o.<\/p>\n<p>A sua forma ergon\u00f3mica associada \u00e0s suas propriedades e uma capa imperme\u00e1vel anti-microbiana e hipoal\u00e9rgica proprocionam um excelente desempenho totalmente adaptado aos estrados das camas articuladas ortop\u00e9dicas.<\/p>\n<h3>Benef\u00edcios<\/h3>\n<ul>\n<li><strong>Oferece uma boa distribui\u00e7\u00e3o das press\u00f5es na pele nas \u00e1reas de maior risco de \u00falceras de press\u00e3o<\/strong>;<\/li>\n<li>Proporciona elevado conforto, comodidade e estabilidade no posicionamento;<\/li>\n<li>Gra\u00e7as ao Coolgraph \u00e9 um colch\u00e3o mais fresco ajudando a evitar o aquecimento e transpira\u00e7\u00e3o da pele;<\/li>\n<li>Tem capa imperme\u00e1vel muito f\u00e1cil de limpar e de lavar.<\/li>\n<li>Recomendado para doentes, idosos e acamados.<\/li>\n<li><strong>O \u00fanico colch\u00e3o ortop\u00e9dico anti-escaras com 3 camadas de espumas de alta qualidade e com uma espessura de 18 cm.<\/strong><\/li>\n<\/ul>\n","protected":false},"excerpt":{"rendered":"<p>O \u00fanico colch\u00e3o anti-escaras com espessura de 18 cm e com 3 camadas de espumas de elevada qualidade.<\/p>\n","protected":false},"featured_media":15104,"template":"","meta":{"_acf_changed":false,"neve_meta_sidebar":"","neve_meta_container":"","neve_meta_enable_content_width":"off","neve_meta_content_width":100,"neve_meta_title_alignment":"","neve_meta_author_avatar":"","neve_post_elements_order":"","neve_meta_disable_header":"","neve_meta_disable_footer":"","neve_meta_disable_title":""},"product_brand":[],"product_cat":[763],"product_tag":[],"class_list":{"0":"post-13281","1":"product","2":"type-product","3":"status-publish","4":"has-post-thumbnail","6":"product_cat-colchoes-anti-escaras","8":"first","9":"instock","10":"taxable","11":"shipping-taxable","12":"purchasable","13":"product-type-variable"},"acf":[],"yoast_head":"<!-- This site is optimized with the Yoast SEO plugin v27.3 - https:\/\/yoast.com\/product\/yoast-seo-wordpress\/ -->\n<title>Colch\u00e3o Anti-Escaras em Viscoel\u00e1stico Deluxe - Mais que Cuidar<\/title>\n<meta name=\"description\" content=\"Conhe\u00e7a as caracter\u00edsticas do Colch\u00e3o Anti-Escaras em Viscoel\u00e1stico Deluxe recomendado para doentes, idosos e acamados. Confira o pre\u00e7o.\" \/>\n<meta name=\"robots\" content=\"index, follow, max-snippet:-1, max-image-preview:large, max-video-preview:-1\" \/>\n<link rel=\"canonical\" href=\"https:\/\/www.maisquecuidar.com\/loja\/quarto-conforto-bem-estar\/colchoes-anti-escaras\/colchao-anti-escaras-viscoelastico-deluxe\" \/>\n<meta property=\"og:locale\" content=\"pt_PT\" \/>\n<meta property=\"og:type\" content=\"article\" \/>\n<meta property=\"og:title\" content=\"Colch\u00e3o Anti-Escaras em Viscoel\u00e1stico Deluxe - Mais que Cuidar\" \/>\n<meta property=\"og:description\" content=\"Conhe\u00e7a as caracter\u00edsticas do Colch\u00e3o Anti-Escaras em Viscoel\u00e1stico Deluxe recomendado para doentes, idosos e acamados. Confira o pre\u00e7o.\" \/>\n<meta property=\"og:url\" content=\"https:\/\/www.maisquecuidar.com\/loja\/quarto-conforto-bem-estar\/colchoes-anti-escaras\/colchao-anti-escaras-viscoelastico-deluxe\" \/>\n<meta property=\"og:site_name\" content=\"Mais que Cuidar\" \/>\n<meta property=\"article:publisher\" content=\"https:\/\/www.facebook.com\/maisquecuidar.pt\" \/>\n<meta property=\"article:modified_time\" content=\"2025-10-21T13:02:42+00:00\" \/>\n<meta property=\"og:image\" content=\"https:\/\/img.maisquecuidar.com\/loja\/wp-content\/uploads\/2021\/07\/cama-articulada-kit-medley-visco-deluxe.png\" \/>\n\t<meta property=\"og:image:width\" content=\"1280\" \/>\n\t<meta property=\"og:image:height\" content=\"800\" \/>\n\t<meta property=\"og:image:type\" content=\"image\/png\" \/>\n<meta name=\"twitter:label1\" content=\"Tempo estimado de leitura\" \/>\n\t<meta name=\"twitter:data1\" content=\"2 minutos\" \/>\n<script type=\"application\/ld+json\" class=\"yoast-schema-graph\">{\"@context\":\"https:\\\/\\\/schema.org\",\"@graph\":[{\"@type\":\"WebPage\",\"@id\":\"https:\\\/\\\/www.maisquecuidar.com\\\/loja\\\/quarto-conforto-bem-estar\\\/colchoes-anti-escaras\\\/colchao-anti-escaras-viscoelastico-deluxe\",\"url\":\"https:\\\/\\\/www.maisquecuidar.com\\\/loja\\\/quarto-conforto-bem-estar\\\/colchoes-anti-escaras\\\/colchao-anti-escaras-viscoelastico-deluxe\",\"name\":\"Colch\u00e3o Anti-Escaras em Viscoel\u00e1stico Deluxe - Mais que Cuidar\",\"isPartOf\":{\"@id\":\"https:\\\/\\\/www.maisquecuidar.com\\\/loja\\\/#website\"},\"primaryImageOfPage\":{\"@id\":\"https:\\\/\\\/www.maisquecuidar.com\\\/loja\\\/quarto-conforto-bem-estar\\\/colchoes-anti-escaras\\\/colchao-anti-escaras-viscoelastico-deluxe#primaryimage\"},\"image\":{\"@id\":\"https:\\\/\\\/www.maisquecuidar.com\\\/loja\\\/quarto-conforto-bem-estar\\\/colchoes-anti-escaras\\\/colchao-anti-escaras-viscoelastico-deluxe#primaryimage\"},\"thumbnailUrl\":\"https:\\\/\\\/img.maisquecuidar.com\\\/loja\\\/wp-content\\\/uploads\\\/2021\\\/07\\\/cama-articulada-kit-medley-visco-deluxe.png\",\"datePublished\":\"2020-02-18T15:22:26+00:00\",\"dateModified\":\"2025-10-21T13:02:42+00:00\",\"description\":\"Conhe\u00e7a as caracter\u00edsticas do Colch\u00e3o Anti-Escaras em Viscoel\u00e1stico Deluxe recomendado para doentes, idosos e acamados. Confira o pre\u00e7o.\",\"breadcrumb\":{\"@id\":\"https:\\\/\\\/www.maisquecuidar.com\\\/loja\\\/quarto-conforto-bem-estar\\\/colchoes-anti-escaras\\\/colchao-anti-escaras-viscoelastico-deluxe#breadcrumb\"},\"inLanguage\":\"pt-PT\",\"potentialAction\":[{\"@type\":\"ReadAction\",\"target\":[\"https:\\\/\\\/www.maisquecuidar.com\\\/loja\\\/quarto-conforto-bem-estar\\\/colchoes-anti-escaras\\\/colchao-anti-escaras-viscoelastico-deluxe\"]}]},{\"@type\":\"ImageObject\",\"inLanguage\":\"pt-PT\",\"@id\":\"https:\\\/\\\/www.maisquecuidar.com\\\/loja\\\/quarto-conforto-bem-estar\\\/colchoes-anti-escaras\\\/colchao-anti-escaras-viscoelastico-deluxe#primaryimage\",\"url\":\"https:\\\/\\\/img.maisquecuidar.com\\\/loja\\\/wp-content\\\/uploads\\\/2021\\\/07\\\/cama-articulada-kit-medley-visco-deluxe.png\",\"contentUrl\":\"https:\\\/\\\/img.maisquecuidar.com\\\/loja\\\/wp-content\\\/uploads\\\/2021\\\/07\\\/cama-articulada-kit-medley-visco-deluxe.png\",\"width\":1280,\"height\":800,\"caption\":\"Cama articulada el\u00e9trica Kit Medley com colch\u00e3o viscoel\u00e1stico deluxe\"},{\"@type\":\"BreadcrumbList\",\"@id\":\"https:\\\/\\\/www.maisquecuidar.com\\\/loja\\\/quarto-conforto-bem-estar\\\/colchoes-anti-escaras\\\/colchao-anti-escaras-viscoelastico-deluxe#breadcrumb\",\"itemListElement\":[{\"@type\":\"ListItem\",\"position\":1,\"name\":\"Home\",\"item\":\"https:\\\/\\\/www.maisquecuidar.com\\\/loja\\\/\"},{\"@type\":\"ListItem\",\"position\":2,\"name\":\"Loja Online de Ortopedia e Geriatria em Portugal\",\"item\":\"https:\\\/\\\/www.maisquecuidar.com\\\/loja\\\/loja\"},{\"@type\":\"ListItem\",\"position\":3,\"name\":\"Quarto, Conforto e Bem Estar\",\"item\":\"https:\\\/\\\/www.maisquecuidar.com\\\/loja\\\/quarto-conforto-bem-estar\"},{\"@type\":\"ListItem\",\"position\":4,\"name\":\"Colch\u00f5es Anti-Escaras\",\"item\":\"https:\\\/\\\/www.maisquecuidar.com\\\/loja\\\/quarto-conforto-bem-estar\\\/colchoes-anti-escaras\"},{\"@type\":\"ListItem\",\"position\":5,\"name\":\"Colch\u00e3o Anti-Escaras em Viscoel\u00e1stico Deluxe\"}]},{\"@type\":\"WebSite\",\"@id\":\"https:\\\/\\\/www.maisquecuidar.com\\\/loja\\\/#website\",\"url\":\"https:\\\/\\\/www.maisquecuidar.com\\\/loja\\\/\",\"name\":\"Mais que Cuidar\",\"description\":\"Sa\u00fade, Ortopedia e Geriatria\",\"publisher\":{\"@id\":\"https:\\\/\\\/www.maisquecuidar.com\\\/loja\\\/#organization\"},\"potentialAction\":[{\"@type\":\"SearchAction\",\"target\":{\"@type\":\"EntryPoint\",\"urlTemplate\":\"https:\\\/\\\/www.maisquecuidar.com\\\/loja\\\/?s={search_term_string}\"},\"query-input\":{\"@type\":\"PropertyValueSpecification\",\"valueRequired\":true,\"valueName\":\"search_term_string\"}}],\"inLanguage\":\"pt-PT\"},{\"@type\":\"Organization\",\"@id\":\"https:\\\/\\\/www.maisquecuidar.com\\\/loja\\\/#organization\",\"name\":\"Mais Que Cuidar\",\"url\":\"https:\\\/\\\/www.maisquecuidar.com\\\/loja\\\/\",\"logo\":{\"@type\":\"ImageObject\",\"inLanguage\":\"pt-PT\",\"@id\":\"https:\\\/\\\/www.maisquecuidar.com\\\/loja\\\/#\\\/schema\\\/logo\\\/image\\\/\",\"url\":\"https:\\\/\\\/img.maisquecuidar.com\\\/loja\\\/wp-content\\\/uploads\\\/2019\\\/08\\\/logo-mais-que-cuidar-retina.png\",\"contentUrl\":\"https:\\\/\\\/img.maisquecuidar.com\\\/loja\\\/wp-content\\\/uploads\\\/2019\\\/08\\\/logo-mais-que-cuidar-retina.png\",\"width\":565,\"height\":75,\"caption\":\"Mais Que Cuidar\"},\"image\":{\"@id\":\"https:\\\/\\\/www.maisquecuidar.com\\\/loja\\\/#\\\/schema\\\/logo\\\/image\\\/\"},\"sameAs\":[\"https:\\\/\\\/www.facebook.com\\\/maisquecuidar.pt\",\"https:\\\/\\\/www.instagram.com\\\/maisquecuidar\"]}]}<\/script>\n<!-- \/ Yoast SEO plugin. -->","yoast_head_json":{"title":"Colch\u00e3o Anti-Escaras em Viscoel\u00e1stico Deluxe - Mais que Cuidar","description":"Conhe\u00e7a as caracter\u00edsticas do Colch\u00e3o Anti-Escaras em Viscoel\u00e1stico Deluxe recomendado para doentes, idosos e acamados. Confira o pre\u00e7o.","robots":{"index":"index","follow":"follow","max-snippet":"max-snippet:-1","max-image-preview":"max-image-preview:large","max-video-preview":"max-video-preview:-1"},"canonical":"https:\/\/www.maisquecuidar.com\/loja\/quarto-conforto-bem-estar\/colchoes-anti-escaras\/colchao-anti-escaras-viscoelastico-deluxe","og_locale":"pt_PT","og_type":"article","og_title":"Colch\u00e3o Anti-Escaras em Viscoel\u00e1stico Deluxe - Mais que Cuidar","og_description":"Conhe\u00e7a as caracter\u00edsticas do Colch\u00e3o Anti-Escaras em Viscoel\u00e1stico Deluxe recomendado para doentes, idosos e acamados. Confira o pre\u00e7o.","og_url":"https:\/\/www.maisquecuidar.com\/loja\/quarto-conforto-bem-estar\/colchoes-anti-escaras\/colchao-anti-escaras-viscoelastico-deluxe","og_site_name":"Mais que Cuidar","article_publisher":"https:\/\/www.facebook.com\/maisquecuidar.pt","article_modified_time":"2025-10-21T13:02:42+00:00","og_image":[{"width":1280,"height":800,"url":"https:\/\/img.maisquecuidar.com\/loja\/wp-content\/uploads\/2021\/07\/cama-articulada-kit-medley-visco-deluxe.png","type":"image\/png"}],"twitter_misc":{"Tempo estimado de leitura":"2 minutos"},"schema":{"@context":"https:\/\/schema.org","@graph":[{"@type":"WebPage","@id":"https:\/\/www.maisquecuidar.com\/loja\/quarto-conforto-bem-estar\/colchoes-anti-escaras\/colchao-anti-escaras-viscoelastico-deluxe","url":"https:\/\/www.maisquecuidar.com\/loja\/quarto-conforto-bem-estar\/colchoes-anti-escaras\/colchao-anti-escaras-viscoelastico-deluxe","name":"Colch\u00e3o Anti-Escaras em Viscoel\u00e1stico Deluxe - Mais que Cuidar","isPartOf":{"@id":"https:\/\/www.maisquecuidar.com\/loja\/#website"},"primaryImageOfPage":{"@id":"https:\/\/www.maisquecuidar.com\/loja\/quarto-conforto-bem-estar\/colchoes-anti-escaras\/colchao-anti-escaras-viscoelastico-deluxe#primaryimage"},"image":{"@id":"https:\/\/www.maisquecuidar.com\/loja\/quarto-conforto-bem-estar\/colchoes-anti-escaras\/colchao-anti-escaras-viscoelastico-deluxe#primaryimage"},"thumbnailUrl":"https:\/\/img.maisquecuidar.com\/loja\/wp-content\/uploads\/2021\/07\/cama-articulada-kit-medley-visco-deluxe.png","datePublished":"2020-02-18T15:22:26+00:00","dateModified":"2025-10-21T13:02:42+00:00","description":"Conhe\u00e7a as caracter\u00edsticas do Colch\u00e3o Anti-Escaras em Viscoel\u00e1stico Deluxe recomendado para doentes, idosos e acamados. Confira o pre\u00e7o.","breadcrumb":{"@id":"https:\/\/www.maisquecuidar.com\/loja\/quarto-conforto-bem-estar\/colchoes-anti-escaras\/colchao-anti-escaras-viscoelastico-deluxe#breadcrumb"},"inLanguage":"pt-PT","potentialAction":[{"@type":"ReadAction","target":["https:\/\/www.maisquecuidar.com\/loja\/quarto-conforto-bem-estar\/colchoes-anti-escaras\/colchao-anti-escaras-viscoelastico-deluxe"]}]},{"@type":"ImageObject","inLanguage":"pt-PT","@id":"https:\/\/www.maisquecuidar.com\/loja\/quarto-conforto-bem-estar\/colchoes-anti-escaras\/colchao-anti-escaras-viscoelastico-deluxe#primaryimage","url":"https:\/\/img.maisquecuidar.com\/loja\/wp-content\/uploads\/2021\/07\/cama-articulada-kit-medley-visco-deluxe.png","contentUrl":"https:\/\/img.maisquecuidar.com\/loja\/wp-content\/uploads\/2021\/07\/cama-articulada-kit-medley-visco-deluxe.png","width":1280,"height":800,"caption":"Cama articulada el\u00e9trica Kit Medley com colch\u00e3o viscoel\u00e1stico deluxe"},{"@type":"BreadcrumbList","@id":"https:\/\/www.maisquecuidar.com\/loja\/quarto-conforto-bem-estar\/colchoes-anti-escaras\/colchao-anti-escaras-viscoelastico-deluxe#breadcrumb","itemListElement":[{"@type":"ListItem","position":1,"name":"Home","item":"https:\/\/www.maisquecuidar.com\/loja\/"},{"@type":"ListItem","position":2,"name":"Loja Online de Ortopedia e Geriatria em Portugal","item":"https:\/\/www.maisquecuidar.com\/loja\/loja"},{"@type":"ListItem","position":3,"name":"Quarto, Conforto e Bem Estar","item":"https:\/\/www.maisquecuidar.com\/loja\/quarto-conforto-bem-estar"},{"@type":"ListItem","position":4,"name":"Colch\u00f5es Anti-Escaras","item":"https:\/\/www.maisquecuidar.com\/loja\/quarto-conforto-bem-estar\/colchoes-anti-escaras"},{"@type":"ListItem","position":5,"name":"Colch\u00e3o Anti-Escaras em Viscoel\u00e1stico Deluxe"}]},{"@type":"WebSite","@id":"https:\/\/www.maisquecuidar.com\/loja\/#website","url":"https:\/\/www.maisquecuidar.com\/loja\/","name":"Mais que Cuidar","description":"Sa\u00fade, Ortopedia e Geriatria","publisher":{"@id":"https:\/\/www.maisquecuidar.com\/loja\/#organization"},"potentialAction":[{"@type":"SearchAction","target":{"@type":"EntryPoint","urlTemplate":"https:\/\/www.maisquecuidar.com\/loja\/?s={search_term_string}"},"query-input":{"@type":"PropertyValueSpecification","valueRequired":true,"valueName":"search_term_string"}}],"inLanguage":"pt-PT"},{"@type":"Organization","@id":"https:\/\/www.maisquecuidar.com\/loja\/#organization","name":"Mais Que Cuidar","url":"https:\/\/www.maisquecuidar.com\/loja\/","logo":{"@type":"ImageObject","inLanguage":"pt-PT","@id":"https:\/\/www.maisquecuidar.com\/loja\/#\/schema\/logo\/image\/","url":"https:\/\/img.maisquecuidar.com\/loja\/wp-content\/uploads\/2019\/08\/logo-mais-que-cuidar-retina.png","contentUrl":"https:\/\/img.maisquecuidar.com\/loja\/wp-content\/uploads\/2019\/08\/logo-mais-que-cuidar-retina.png","width":565,"height":75,"caption":"Mais Que Cuidar"},"image":{"@id":"https:\/\/www.maisquecuidar.com\/loja\/#\/schema\/logo\/image\/"},"sameAs":["https:\/\/www.facebook.com\/maisquecuidar.pt","https:\/\/www.instagram.com\/maisquecuidar"]}]}},"_links":{"self":[{"href":"https:\/\/www.maisquecuidar.com\/loja\/wp-json\/wp\/v2\/product\/13281","targetHints":{"allow":["GET"]}}],"collection":[{"href":"https:\/\/www.maisquecuidar.com\/loja\/wp-json\/wp\/v2\/product"}],"about":[{"href":"https:\/\/www.maisquecuidar.com\/loja\/wp-json\/wp\/v2\/types\/product"}],"wp:featuredmedia":[{"embeddable":true,"href":"https:\/\/www.maisquecuidar.com\/loja\/wp-json\/wp\/v2\/media\/15104"}],"wp:attachment":[{"href":"https:\/\/www.maisquecuidar.com\/loja\/wp-json\/wp\/v2\/media?parent=13281"}],"wp:term":[{"taxonomy":"product_brand","embeddable":true,"href":"https:\/\/www.maisquecuidar.com\/loja\/wp-json\/wp\/v2\/product_brand?post=13281"},{"taxonomy":"product_cat","embeddable":true,"href":"https:\/\/www.maisquecuidar.com\/loja\/wp-json\/wp\/v2\/product_cat?post=13281"},{"taxonomy":"product_tag","embeddable":true,"href":"https:\/\/www.maisquecuidar.com\/loja\/wp-json\/wp\/v2\/product_tag?post=13281"}],"curies":[{"name":"wp","href":"https:\/\/api.w.org\/{rel}","templated":true}]}}