{"id":12984,"date":"2020-02-09T18:39:55","date_gmt":"2020-02-09T18:39:55","guid":{"rendered":"https:\/\/www.maisquecuidar.com\/loja\/?post_type=product&#038;p=12984"},"modified":"2026-05-12T21:02:14","modified_gmt":"2026-05-12T20:02:14","slug":"elevador-transferencia-vertical-isa","status":"publish","type":"product","link":"https:\/\/www.maisquecuidar.com\/loja\/transferencias\/elevadores-de-transferencia\/elevador-transferencia-vertical-isa","title":{"rendered":"Elevador de Transfer\u00eancia Vertical ISA"},"content":{"rendered":"<p><strong>Elevador de transfer\u00eancia vertical Isa<\/strong><\/p>\n<p>O novo elevador de transfer\u00eancia vertical ISA (Invacare Stand Assist) foi desenvolvido para ir ao encontro de v\u00e1rios utilizadores que precisam de ajuda durante a transfer\u00eancia mas que ainda possuem equil\u00edbrio de tronco e t\u00f3nus muscular nos membros inferiores, mesmo que fraco.<\/p>\n<p>O ISA proporciona seguran\u00e7a, conforto e uma experi\u00eancia mais agrad\u00e1vel para o utilizador. <strong>\u00c9 um produto para utilizadores com dificuldades de mobilidade e que necessitam de ajuda para se transferirem de uma superf\u00edcie de apoio sentado para outra.<\/strong> \u00c9 tamb\u00e9m indicado para <strong>acompanhar o utilizador ao W.C, realizar a higiene \u00edntima e para a troca da fralda na posi\u00e7\u00e3o vertical.<\/strong> (Com cesta de 2 pontos).<\/p>\n<p>Para o cuidador, a facilidade de utiliza\u00e7\u00e3o do produto de apoio \u00e9 um elemento fundamental, e por isso o novo ISA tem dimens\u00f5es totais e peso reduzidos. Em muitos casos quem assiste o utilizador \u00e9 cuidador informal, at\u00e9 pode ser um familiar e por isso a facilidade de uso \u00e9 importante. A desmontagem do ISA pode ser feita sem recurso a ferramentas ficando f\u00e1cil de transportar.<\/p>\n<p><strong>Desenvolvido para oferecer a melhor experi\u00eancia de transfer\u00eancia vertical para o utilizador e para o cuidador.<\/strong><\/p>\n<p>&nbsp;<\/p>\n<p><img fetchpriority=\"high\" decoding=\"async\" class=\"alignnone wp-image-17381\" src=\"https:\/\/img.maisquecuidar.com\/loja\/wp-content\/uploads\/2020\/02\/isa-xplus-elevador-800x500.jpg\" alt=\"Grua el\u00e9trica de transfer\u00eancia vertica Isa Xplus\" width=\"531\" height=\"332\" srcset=\"https:\/\/img.maisquecuidar.com\/loja\/wp-content\/uploads\/2020\/02\/isa-xplus-elevador-800x500.jpg 800w, https:\/\/img.maisquecuidar.com\/loja\/wp-content\/uploads\/2020\/02\/isa-xplus-elevador-380x238.jpg 380w, https:\/\/img.maisquecuidar.com\/loja\/wp-content\/uploads\/2020\/02\/isa-xplus-elevador-1024x640.jpg 1024w, https:\/\/img.maisquecuidar.com\/loja\/wp-content\/uploads\/2020\/02\/isa-xplus-elevador-768x480.jpg 768w, https:\/\/img.maisquecuidar.com\/loja\/wp-content\/uploads\/2020\/02\/isa-xplus-elevador.jpg 1280w\" sizes=\"(max-width: 531px) 100vw, 531px\" \/><\/p>\n<p><strong>Melhorias no design para o utilizador<\/strong><\/p>\n<ul>\n<li>Pegas curvas e ergon\u00f3micas: para se adaptar \u00e0 posi\u00e7\u00e3o natural da m\u00e3o e do pulso.<\/li>\n<li>Bra\u00e7o de eleva\u00e7\u00e3o extens\u00edvel Telescolift: diferentes regula\u00e7\u00f5es de posi\u00e7\u00e3o para ir ao encontro das v\u00e1rias alturas dos utilizadores.<\/li>\n<li>Suporte dos membros inferiores: regul\u00e1vel em altura para ir ao encontro dos diferentes tamanhos de utilizadores. O Ergosupport com ajuste em \u00e2ngulo adicional est\u00e1 dispon\u00edvel na vers\u00e3o ISA XPlus.<\/li>\n<li>Plataforma para os p\u00e9s: Anti-deslizante, e com rebordo limitador.<\/li>\n<\/ul>\n<p><strong>Melhorias no design para o cuidador<\/strong><\/p>\n<ul>\n<li>Barra de empurrar: linhas e dimens\u00f5es baseadas na altura m\u00e9dia do cotovelo e largura entre ombros do cuidador t\u00edpico, para assegurar uma manobra simples e confort\u00e1vel do elevador.<\/li>\n<li>Pedal e alavanca para abertura de pernas: superf\u00edcie larga e aderente. Incorpora uma alavanca que acionada ao mesmo tempo que o pedal vai facilitar o fecho e a abertura das pernas.<\/li>\n<li>Abertura das pernas el\u00e9trica dispon\u00edvel nas vers\u00f5es Plus e XPlus.<\/li>\n<\/ul>\n<p>&nbsp;<\/p>\n<h2>Caracter\u00edsticas Exclusivas<\/h2>\n<ul>\n<li><strong>Bra\u00e7o de eleva\u00e7\u00e3o extens\u00edvel:<\/strong> o TelescoLift pode ser ajustado em 9 posi\u00e7\u00f5es para diferentes alturas de utilizador. Oferece o m\u00e1ximo de flexibilidade.<\/li>\n<li><strong>Pegas ergon\u00f3micas:<\/strong> o design \u00fanico adapta-se perfeitamente \u00e0 forma natural da m\u00e3o para uma preens\u00e3o confort\u00e1vel e segura.<\/li>\n<li><strong>Suporte dos membros inferiores:<\/strong> O suporte dos membros inferiores \u00e9 almofadado e permite 6 posi\u00e7\u00f5es regul\u00e1veis em altura com op\u00e7\u00e3o de regula\u00e7\u00e3o em \u00e2ngulo &#8211; Ergosupport &#8211; dispon\u00edvel na vers\u00e3o ISA XPLUS, para conforto otimizado.<\/li>\n<\/ul>\n<p>&nbsp;<\/p>\n<h3>Caracter\u00edsticas Adicionais<\/h3>\n<ul>\n<li><strong>Plataforma para os p\u00e9s:<\/strong> Anti-deslizante, e com rebordo limitador. Recortada para permitir acesso facilitado ao vaso sanit\u00e1rio (sanita). Dispon\u00edvel em op\u00e7\u00e3o plataforma com posi\u00e7\u00e3o subida ou rebaixada.<\/li>\n<li><strong>Alavanca e pedal para abertura das pernas:<\/strong> ergon\u00f3micos para facilitar a abertura e fecho das pernas.<\/li>\n<li><strong>Faixa para as pernas:<\/strong> Acess\u00f3rio almofadado para oferecer apoio aos membros inferiores e aumentar o conforto. F\u00e1cil de colocar, remover e higienizar (Opcional).<\/li>\n<li><strong>Pernas curvil\u00edneas<\/strong>: design ergon\u00f3mico para facilitar as manobras em torno de cadeiras mais largas, poltronas e sanitas.<\/li>\n<\/ul>\n<p>O elevador de transfer\u00eancia vertical ISA tem quatro modelos base com diferentes capacidades de peso, dimens\u00f5es e acess\u00f3rios, desde o elevador mais simples ao mais avan\u00e7ado, tanto para utiliza\u00e7\u00e3o e, ambiente domicili\u00e1rio como instituicional.<\/p>\n<ol>\n<li>ISA Compact<\/li>\n<li>ISA Standard<\/li>\n<li>ISA Plus<\/li>\n<li>ISA XPlus<\/li>\n<\/ol>\n<h3>Acess\u00f3rios Dispon\u00edveis<\/h3>\n<ul>\n<li><strong>Dois modelos de cestas com 2 ou 4 pontos de fixa\u00e7\u00e3o \u00e0 escolha.<\/strong> Cesta de 2 pontos para transfer\u00eancias verticais e de 4 pontos para transfer\u00eancias semi-sentadas.<\/li>\n<li><strong>Faixa de pernas<\/strong> para maior estabilidade e seguran\u00e7a do utilizador.<\/li>\n<li><strong>Prote\u00e7\u00f5es para as pernas<\/strong> (inclu\u00eddas de serie nas vers\u00f5es ISA Plus e ISA XPlus).<\/li>\n<\/ul>\n","protected":false},"excerpt":{"rendered":"<p>PROMO\u00c7\u00c3O V\u00c1LIDA DE 13 a 19 DE MAIO DE 2026<\/p>\n<p>Grua el\u00e9trica recomendada para utilizadores que precisam de ajuda durante a transfer\u00eancia mas que ainda t\u00eam equil\u00edbrio de tronco e alguma for\u00e7a muscular dos membros inferiores.<\/p>\n","protected":false},"featured_media":17373,"template":"","meta":{"_acf_changed":false,"neve_meta_sidebar":"","neve_meta_container":"","neve_meta_enable_content_width":"off","neve_meta_content_width":100,"neve_meta_title_alignment":"","neve_meta_author_avatar":"","neve_post_elements_order":"","neve_meta_disable_header":"","neve_meta_disable_footer":"","neve_meta_disable_title":""},"product_brand":[],"product_cat":[95],"product_tag":[],"class_list":{"0":"post-12984","1":"product","2":"type-product","3":"status-publish","4":"has-post-thumbnail","6":"product_cat-elevadores-de-transferencia","8":"first","9":"instock","10":"sale","11":"taxable","12":"shipping-taxable","13":"purchasable","14":"product-type-variable"},"acf":[],"yoast_head":"<!-- This site is optimized with the Yoast SEO plugin v27.5 - https:\/\/yoast.com\/product\/yoast-seo-wordpress\/ -->\n<title>Elevador de Transfer\u00eancia Vertical ISA - Mais que Cuidar<\/title>\n<meta name=\"description\" content=\"Conhe\u00e7a os modelos do elevador de transfer\u00eancia vertical ISA da Invacare para facilitar as transfer\u00eancia de doentes, idosos ou acamados. Confira os pre\u00e7os!\" \/>\n<meta name=\"robots\" content=\"index, follow, max-snippet:-1, max-image-preview:large, max-video-preview:-1\" \/>\n<link rel=\"canonical\" href=\"https:\/\/www.maisquecuidar.com\/loja\/transferencias\/elevadores-de-transferencia\/elevador-transferencia-vertical-isa\" \/>\n<meta property=\"og:locale\" content=\"pt_PT\" \/>\n<meta property=\"og:type\" content=\"article\" \/>\n<meta property=\"og:title\" content=\"Elevador de Transfer\u00eancia Vertical ISA - Mais que Cuidar\" \/>\n<meta property=\"og:description\" content=\"Conhe\u00e7a os modelos do elevador de transfer\u00eancia vertical ISA da Invacare para facilitar as transfer\u00eancia de doentes, idosos ou acamados. Confira os pre\u00e7os!\" \/>\n<meta property=\"og:url\" content=\"https:\/\/www.maisquecuidar.com\/loja\/transferencias\/elevadores-de-transferencia\/elevador-transferencia-vertical-isa\" \/>\n<meta property=\"og:site_name\" content=\"Mais que Cuidar\" \/>\n<meta property=\"article:publisher\" content=\"https:\/\/www.facebook.com\/maisquecuidar.pt\" \/>\n<meta property=\"article:modified_time\" content=\"2026-05-12T20:02:14+00:00\" \/>\n<meta property=\"og:image\" content=\"https:\/\/img.maisquecuidar.com\/loja\/wp-content\/uploads\/2020\/02\/elevador-isa.jpg\" \/>\n\t<meta property=\"og:image:width\" content=\"1280\" \/>\n\t<meta property=\"og:image:height\" content=\"800\" \/>\n\t<meta property=\"og:image:type\" content=\"image\/jpeg\" \/>\n<meta name=\"twitter:label1\" content=\"Tempo estimado de leitura\" \/>\n\t<meta name=\"twitter:data1\" content=\"4 minutos\" \/>\n<script type=\"application\/ld+json\" class=\"yoast-schema-graph\">{\"@context\":\"https:\\\/\\\/schema.org\",\"@graph\":[{\"@type\":\"WebPage\",\"@id\":\"https:\\\/\\\/www.maisquecuidar.com\\\/loja\\\/transferencias\\\/elevadores-de-transferencia\\\/elevador-transferencia-vertical-isa\",\"url\":\"https:\\\/\\\/www.maisquecuidar.com\\\/loja\\\/transferencias\\\/elevadores-de-transferencia\\\/elevador-transferencia-vertical-isa\",\"name\":\"Elevador de Transfer\u00eancia Vertical ISA - Mais que Cuidar\",\"isPartOf\":{\"@id\":\"https:\\\/\\\/www.maisquecuidar.com\\\/loja\\\/#website\"},\"primaryImageOfPage\":{\"@id\":\"https:\\\/\\\/www.maisquecuidar.com\\\/loja\\\/transferencias\\\/elevadores-de-transferencia\\\/elevador-transferencia-vertical-isa#primaryimage\"},\"image\":{\"@id\":\"https:\\\/\\\/www.maisquecuidar.com\\\/loja\\\/transferencias\\\/elevadores-de-transferencia\\\/elevador-transferencia-vertical-isa#primaryimage\"},\"thumbnailUrl\":\"https:\\\/\\\/img.maisquecuidar.com\\\/loja\\\/wp-content\\\/uploads\\\/2020\\\/02\\\/elevador-isa.jpg\",\"datePublished\":\"2020-02-09T18:39:55+00:00\",\"dateModified\":\"2026-05-12T20:02:14+00:00\",\"description\":\"Conhe\u00e7a os modelos do elevador de transfer\u00eancia vertical ISA da Invacare para facilitar as transfer\u00eancia de doentes, idosos ou acamados. Confira os pre\u00e7os!\",\"breadcrumb\":{\"@id\":\"https:\\\/\\\/www.maisquecuidar.com\\\/loja\\\/transferencias\\\/elevadores-de-transferencia\\\/elevador-transferencia-vertical-isa#breadcrumb\"},\"inLanguage\":\"pt-PT\",\"potentialAction\":[{\"@type\":\"ReadAction\",\"target\":[\"https:\\\/\\\/www.maisquecuidar.com\\\/loja\\\/transferencias\\\/elevadores-de-transferencia\\\/elevador-transferencia-vertical-isa\"]}]},{\"@type\":\"ImageObject\",\"inLanguage\":\"pt-PT\",\"@id\":\"https:\\\/\\\/www.maisquecuidar.com\\\/loja\\\/transferencias\\\/elevadores-de-transferencia\\\/elevador-transferencia-vertical-isa#primaryimage\",\"url\":\"https:\\\/\\\/img.maisquecuidar.com\\\/loja\\\/wp-content\\\/uploads\\\/2020\\\/02\\\/elevador-isa.jpg\",\"contentUrl\":\"https:\\\/\\\/img.maisquecuidar.com\\\/loja\\\/wp-content\\\/uploads\\\/2020\\\/02\\\/elevador-isa.jpg\",\"width\":1280,\"height\":800,\"caption\":\"elevador de transfer\u00eancia vertical Isa\"},{\"@type\":\"BreadcrumbList\",\"@id\":\"https:\\\/\\\/www.maisquecuidar.com\\\/loja\\\/transferencias\\\/elevadores-de-transferencia\\\/elevador-transferencia-vertical-isa#breadcrumb\",\"itemListElement\":[{\"@type\":\"ListItem\",\"position\":1,\"name\":\"Home\",\"item\":\"https:\\\/\\\/www.maisquecuidar.com\\\/loja\\\/\"},{\"@type\":\"ListItem\",\"position\":2,\"name\":\"Loja Online de Ortopedia e Geriatria em Portugal\",\"item\":\"https:\\\/\\\/www.maisquecuidar.com\\\/loja\\\/loja\"},{\"@type\":\"ListItem\",\"position\":3,\"name\":\"Transfer\u00eancias\",\"item\":\"https:\\\/\\\/www.maisquecuidar.com\\\/loja\\\/transferencias\"},{\"@type\":\"ListItem\",\"position\":4,\"name\":\"Elevadores de Transfer\u00eancia\",\"item\":\"https:\\\/\\\/www.maisquecuidar.com\\\/loja\\\/transferencias\\\/elevadores-de-transferencia\"},{\"@type\":\"ListItem\",\"position\":5,\"name\":\"Elevador de Transfer\u00eancia Vertical ISA\"}]},{\"@type\":\"WebSite\",\"@id\":\"https:\\\/\\\/www.maisquecuidar.com\\\/loja\\\/#website\",\"url\":\"https:\\\/\\\/www.maisquecuidar.com\\\/loja\\\/\",\"name\":\"Mais que Cuidar\",\"description\":\"Sa\u00fade, Ortopedia e Geriatria\",\"publisher\":{\"@id\":\"https:\\\/\\\/www.maisquecuidar.com\\\/loja\\\/#organization\"},\"potentialAction\":[{\"@type\":\"SearchAction\",\"target\":{\"@type\":\"EntryPoint\",\"urlTemplate\":\"https:\\\/\\\/www.maisquecuidar.com\\\/loja\\\/?s={search_term_string}\"},\"query-input\":{\"@type\":\"PropertyValueSpecification\",\"valueRequired\":true,\"valueName\":\"search_term_string\"}}],\"inLanguage\":\"pt-PT\"},{\"@type\":\"Organization\",\"@id\":\"https:\\\/\\\/www.maisquecuidar.com\\\/loja\\\/#organization\",\"name\":\"Mais Que Cuidar\",\"url\":\"https:\\\/\\\/www.maisquecuidar.com\\\/loja\\\/\",\"logo\":{\"@type\":\"ImageObject\",\"inLanguage\":\"pt-PT\",\"@id\":\"https:\\\/\\\/www.maisquecuidar.com\\\/loja\\\/#\\\/schema\\\/logo\\\/image\\\/\",\"url\":\"https:\\\/\\\/img.maisquecuidar.com\\\/loja\\\/wp-content\\\/uploads\\\/2019\\\/08\\\/logo-mais-que-cuidar-retina.png\",\"contentUrl\":\"https:\\\/\\\/img.maisquecuidar.com\\\/loja\\\/wp-content\\\/uploads\\\/2019\\\/08\\\/logo-mais-que-cuidar-retina.png\",\"width\":565,\"height\":75,\"caption\":\"Mais Que Cuidar\"},\"image\":{\"@id\":\"https:\\\/\\\/www.maisquecuidar.com\\\/loja\\\/#\\\/schema\\\/logo\\\/image\\\/\"},\"sameAs\":[\"https:\\\/\\\/www.facebook.com\\\/maisquecuidar.pt\",\"https:\\\/\\\/www.instagram.com\\\/maisquecuidar\"]}]}<\/script>\n<!-- \/ Yoast SEO plugin. -->","yoast_head_json":{"title":"Elevador de Transfer\u00eancia Vertical ISA - Mais que Cuidar","description":"Conhe\u00e7a os modelos do elevador de transfer\u00eancia vertical ISA da Invacare para facilitar as transfer\u00eancia de doentes, idosos ou acamados. Confira os pre\u00e7os!","robots":{"index":"index","follow":"follow","max-snippet":"max-snippet:-1","max-image-preview":"max-image-preview:large","max-video-preview":"max-video-preview:-1"},"canonical":"https:\/\/www.maisquecuidar.com\/loja\/transferencias\/elevadores-de-transferencia\/elevador-transferencia-vertical-isa","og_locale":"pt_PT","og_type":"article","og_title":"Elevador de Transfer\u00eancia Vertical ISA - Mais que Cuidar","og_description":"Conhe\u00e7a os modelos do elevador de transfer\u00eancia vertical ISA da Invacare para facilitar as transfer\u00eancia de doentes, idosos ou acamados. Confira os pre\u00e7os!","og_url":"https:\/\/www.maisquecuidar.com\/loja\/transferencias\/elevadores-de-transferencia\/elevador-transferencia-vertical-isa","og_site_name":"Mais que Cuidar","article_publisher":"https:\/\/www.facebook.com\/maisquecuidar.pt","article_modified_time":"2026-05-12T20:02:14+00:00","og_image":[{"width":1280,"height":800,"url":"https:\/\/img.maisquecuidar.com\/loja\/wp-content\/uploads\/2020\/02\/elevador-isa.jpg","type":"image\/jpeg"}],"twitter_misc":{"Tempo estimado de leitura":"4 minutos"},"schema":{"@context":"https:\/\/schema.org","@graph":[{"@type":"WebPage","@id":"https:\/\/www.maisquecuidar.com\/loja\/transferencias\/elevadores-de-transferencia\/elevador-transferencia-vertical-isa","url":"https:\/\/www.maisquecuidar.com\/loja\/transferencias\/elevadores-de-transferencia\/elevador-transferencia-vertical-isa","name":"Elevador de Transfer\u00eancia Vertical ISA - Mais que Cuidar","isPartOf":{"@id":"https:\/\/www.maisquecuidar.com\/loja\/#website"},"primaryImageOfPage":{"@id":"https:\/\/www.maisquecuidar.com\/loja\/transferencias\/elevadores-de-transferencia\/elevador-transferencia-vertical-isa#primaryimage"},"image":{"@id":"https:\/\/www.maisquecuidar.com\/loja\/transferencias\/elevadores-de-transferencia\/elevador-transferencia-vertical-isa#primaryimage"},"thumbnailUrl":"https:\/\/img.maisquecuidar.com\/loja\/wp-content\/uploads\/2020\/02\/elevador-isa.jpg","datePublished":"2020-02-09T18:39:55+00:00","dateModified":"2026-05-12T20:02:14+00:00","description":"Conhe\u00e7a os modelos do elevador de transfer\u00eancia vertical ISA da Invacare para facilitar as transfer\u00eancia de doentes, idosos ou acamados. Confira os pre\u00e7os!","breadcrumb":{"@id":"https:\/\/www.maisquecuidar.com\/loja\/transferencias\/elevadores-de-transferencia\/elevador-transferencia-vertical-isa#breadcrumb"},"inLanguage":"pt-PT","potentialAction":[{"@type":"ReadAction","target":["https:\/\/www.maisquecuidar.com\/loja\/transferencias\/elevadores-de-transferencia\/elevador-transferencia-vertical-isa"]}]},{"@type":"ImageObject","inLanguage":"pt-PT","@id":"https:\/\/www.maisquecuidar.com\/loja\/transferencias\/elevadores-de-transferencia\/elevador-transferencia-vertical-isa#primaryimage","url":"https:\/\/img.maisquecuidar.com\/loja\/wp-content\/uploads\/2020\/02\/elevador-isa.jpg","contentUrl":"https:\/\/img.maisquecuidar.com\/loja\/wp-content\/uploads\/2020\/02\/elevador-isa.jpg","width":1280,"height":800,"caption":"elevador de transfer\u00eancia vertical Isa"},{"@type":"BreadcrumbList","@id":"https:\/\/www.maisquecuidar.com\/loja\/transferencias\/elevadores-de-transferencia\/elevador-transferencia-vertical-isa#breadcrumb","itemListElement":[{"@type":"ListItem","position":1,"name":"Home","item":"https:\/\/www.maisquecuidar.com\/loja\/"},{"@type":"ListItem","position":2,"name":"Loja Online de Ortopedia e Geriatria em Portugal","item":"https:\/\/www.maisquecuidar.com\/loja\/loja"},{"@type":"ListItem","position":3,"name":"Transfer\u00eancias","item":"https:\/\/www.maisquecuidar.com\/loja\/transferencias"},{"@type":"ListItem","position":4,"name":"Elevadores de Transfer\u00eancia","item":"https:\/\/www.maisquecuidar.com\/loja\/transferencias\/elevadores-de-transferencia"},{"@type":"ListItem","position":5,"name":"Elevador de Transfer\u00eancia Vertical ISA"}]},{"@type":"WebSite","@id":"https:\/\/www.maisquecuidar.com\/loja\/#website","url":"https:\/\/www.maisquecuidar.com\/loja\/","name":"Mais que Cuidar","description":"Sa\u00fade, Ortopedia e Geriatria","publisher":{"@id":"https:\/\/www.maisquecuidar.com\/loja\/#organization"},"potentialAction":[{"@type":"SearchAction","target":{"@type":"EntryPoint","urlTemplate":"https:\/\/www.maisquecuidar.com\/loja\/?s={search_term_string}"},"query-input":{"@type":"PropertyValueSpecification","valueRequired":true,"valueName":"search_term_string"}}],"inLanguage":"pt-PT"},{"@type":"Organization","@id":"https:\/\/www.maisquecuidar.com\/loja\/#organization","name":"Mais Que Cuidar","url":"https:\/\/www.maisquecuidar.com\/loja\/","logo":{"@type":"ImageObject","inLanguage":"pt-PT","@id":"https:\/\/www.maisquecuidar.com\/loja\/#\/schema\/logo\/image\/","url":"https:\/\/img.maisquecuidar.com\/loja\/wp-content\/uploads\/2019\/08\/logo-mais-que-cuidar-retina.png","contentUrl":"https:\/\/img.maisquecuidar.com\/loja\/wp-content\/uploads\/2019\/08\/logo-mais-que-cuidar-retina.png","width":565,"height":75,"caption":"Mais Que Cuidar"},"image":{"@id":"https:\/\/www.maisquecuidar.com\/loja\/#\/schema\/logo\/image\/"},"sameAs":["https:\/\/www.facebook.com\/maisquecuidar.pt","https:\/\/www.instagram.com\/maisquecuidar"]}]}},"_links":{"self":[{"href":"https:\/\/www.maisquecuidar.com\/loja\/wp-json\/wp\/v2\/product\/12984","targetHints":{"allow":["GET"]}}],"collection":[{"href":"https:\/\/www.maisquecuidar.com\/loja\/wp-json\/wp\/v2\/product"}],"about":[{"href":"https:\/\/www.maisquecuidar.com\/loja\/wp-json\/wp\/v2\/types\/product"}],"wp:featuredmedia":[{"embeddable":true,"href":"https:\/\/www.maisquecuidar.com\/loja\/wp-json\/wp\/v2\/media\/17373"}],"wp:attachment":[{"href":"https:\/\/www.maisquecuidar.com\/loja\/wp-json\/wp\/v2\/media?parent=12984"}],"wp:term":[{"taxonomy":"product_brand","embeddable":true,"href":"https:\/\/www.maisquecuidar.com\/loja\/wp-json\/wp\/v2\/product_brand?post=12984"},{"taxonomy":"product_cat","embeddable":true,"href":"https:\/\/www.maisquecuidar.com\/loja\/wp-json\/wp\/v2\/product_cat?post=12984"},{"taxonomy":"product_tag","embeddable":true,"href":"https:\/\/www.maisquecuidar.com\/loja\/wp-json\/wp\/v2\/product_tag?post=12984"}],"curies":[{"name":"wp","href":"https:\/\/api.w.org\/{rel}","templated":true}]}}